-- https://www.phpmyadmin.net/
--

START TRANSACTION;



-- --------------------------------------------------------

--
-- Table structure for table `campaign`
--

CREATE TABLE `campaign` (
  `id` int NOT NULL,
  `list_id` int NOT NULL,
  `list_name` varchar(100) COLLATE utf8mb4_general_ci NOT NULL,
  `temp_subject` text COLLATE utf8mb4_general_ci NOT NULL,
  `temp_message` text COLLATE utf8mb4_general_ci NOT NULL,
  `time` varchar(100) COLLATE utf8mb4_general_ci NOT NULL
) ENGINE=InnoDB DEFAULT CHARSET=utf8mb4 COLLATE=utf8mb4_general_ci;

--
-- Dumping data for table `campaign`
--

INSERT INTO `campaign` (`id`, `list_id`, `list_name`, `temp_subject`, `temp_message`, `time`) VALUES
(1, 3, 'Admin', '<p>Hello New Offer Name - [NAME] collage - [COLLAGE]<br />\r\n&nbsp;</p>\r\n', '<p>ASDDDDDsadjqwuaisdjguiqwjgadjhsmnbxjhqwadsuyxgjasxzmnms</p>\r\n\r\n<p>Hello New Offer Name - [NAME] collage - [COLLAGE]</p>\r\n\r\n<p>company - [COMPANY]</p>\r\n\r\n<p>Email - [EMAIL]</p>\r\n', '12-07-2023 | 02:59:24 PM'),
(2, 6, 'New Test List', '<p>TEST EMAIL</p>\r\n', '<p>Dear Customer</p>\r\n\r\n<p>Renew Your Website Hosting</p>\r\n\r\n<p>Thanks &amp; Regards<br />\r\nVaibhav Rathee</p>\r\n', '12-07-2023 | 05:29:19 PM'),
(3, 6, 'New Test List', '<p>Hello New Offer Name - [NAME] collage - [COLLAGE]<br />\r\n&nbsp;</p>\r\n', '<p>ASDDDDDsadjqwuaisdjguiqwjgadjhsmnbxjhqwadsuyxgjasxzmnms</p>\r\n\r\n<p>Hello New Offer Name - [NAME] collage - [COLLAGE]</p>\r\n\r\n<p>company - [COMPANY]</p>\r\n\r\n<p>Email - [EMAIL]</p>\r\n', '12-07-2023 | 05:30:41 PM'),
(4, 6, 'New Test List', 'Dear [NAME], Your Account with HDFC has debited some amount!', '<table align=\"center\" border=\"0\" cellpadding=\"0\" cellspacing=\"0\" style=\"width:600px\">\r\n	<tbody>\r\n		<tr>\r\n			<td>\r\n			<table border=\"0\" cellpadding=\"0\" cellspacing=\"0\" style=\"width:100%\">\r\n				<tbody>\r\n					<tr>\r\n						<td style=\"vertical-align:top\"><a href=\"http://trackerc.osend.in/EmailClickTracker?query=ZXNtZX58KjcxMDU4ODAwMDAwMDAwfF58Y2FtcGFpZ25-fCp8XnxjYW1wYWlnbklkfnwqfF58bUlk%0DfnwqMzI5MDEyMTE1MjI5NjcwNTUwMHxefHRvfnwqSU5GT0BESUdJTlNQSVJFLkNPfF58ZnJvbX58%0DKmFsZXJ0c0BoZGZjYmFuay5uZXR8XnxyZXBseVRvfnwqYWxlcnRzQGhkZmNiYW5rLm5ldHxefHNl%0DbnRBdH58KjIwMjMtMDctMTJ8MTE6NTI6Mjl8Xnx0YWdzfnwqbnVsbH5udWxsfm51bGx-bnVsbH5u%0DdWxsfm51bGx-bnVsbH5udWxsfm51bGx-bnVsbHxefGZpbGVJZH58KnxefGZpbGVOYW1lfnwqfF58%0DdGVtcGxhdGVJZH58KmJlZDdhYmVhYzU2ZTU2MGE5NmI3ZmVmNGM4NDZhNjkxZmUzZGViMmU0ZDFl%0DNWJiZjEwODViOGQ5ZTJjNmU5MzR8XnxjcmVmfnwqTlNUQUxSVEZDfF58dmVyc2lvbn58KlZFUlNJ%0DT05fMXxefGFjdGlvblR5cGV-fCpjbGlja3xefGFjb2Rlfnwqc19oZGZjZW1haWx8XnxwY29kZX58%0DKnNfaGRmY2VtYWlsfF58YWlkfnwqNzEwNTg4MDAwMDAwMDB8XnxwaWR-fCo3MTA1ODgwMDAwMDAw%0DMHxefG9yaWd-fCpodHRwczovL2hkZmNiay5pby9rL0RVdmZFaDlXcnFmP3V0bV9zb3VyY2U9ZW1h%0DaWwmdXRtX21lZGl1bT1pbnN0YV9hbGVydCZ1dG1fY2FtcGFpZ249aGRmY2FwcF9LYXJpeF9KdWx5\" target=\"_blank\"><img alt=\"\" src=\"https://ci3.googleusercontent.com/proxy/QDBRm9gwR7ocnpBwZgvzkRGMEt0Hv6Cvt4gSqv7NomPTD38AYofKJHrMvO5bssimC8wDiAV-FZE0__6Nj_lCT_qijt4GO4U18cmkEhga9RpkLyJCsK_AvtPaKR8S1muIMddiWlnsbJX9vdteULHihVv6etKUA1KI8cHl3bcnr37yBE1Ka8USRo4iCbaNTYebwzKT-HrivY5x6sWdX0MQHzyHHtMYLG6K75vtg47kFFDZ8AYat33FICKOPoAPuWMbR50RMzNTTqE-Vc4sHi0FKkpwUwJtLxeoKUaeSlERR10oT_XXGYM=s0-d-e1-ft#https://www.hdfcbank.com/content/api/contentstream-id/723fb80a-2dde-42a3-9793-7ae1be57c87f/15e7bbdc-1432-47b9-8827-f7a1fce65485/Common/Campaign/Images/2023/june/30/Insta-alert-Mobile-Banking-Banners-600x130.jpg\" style=\"width:100%\" /></a></td>\r\n					</tr>\r\n				</tbody>\r\n			</table>\r\n			</td>\r\n		</tr>\r\n		<tr>\r\n			<td>&nbsp;</td>\r\n		</tr>\r\n		<tr>\r\n			<td style=\"vertical-align:top\"><img alt=\"\" src=\"https://ci5.googleusercontent.com/proxy/DpYWtz00bbdRYGXe6c2oiFhmDz_dImzCzVTFycvHdSxj3kiBCmbpkzSgzDvExou1cepHOMIWidVj6heFtY95MTmk4uQkCqYIv43ZSC1M1CCaoP-q4NyTC84b4_YTO9lYNqiaqQAOWx2Ii8eTiInZ5GxGK0HMGoWR5Nw0eW69p2cwVKtDY0VGmTrQHfwc4OYIZ4FS4v5hoq7ExC-6Ld8=s0-d-e1-ft#https://wgjpss.stripocdn.email/content/guids/CABINET_d17330eb5cbe5af68cf444e0d9b181ad116d88b22fb8b3fd1c93e1846c59af76/images/nmbandnew.jpg\" style=\"width:100%\" /></td>\r\n		</tr>\r\n		<tr>\r\n			<td>\r\n			<table border=\"0\" cellpadding=\"0\" cellspacing=\"0\" style=\"width:100%\">\r\n				<tbody>\r\n					<tr>\r\n						<td style=\"vertical-align:top\">\r\n						<table align=\"center\" border=\"0\" cellpadding=\"0\" cellspacing=\"0\" style=\"width:550px\">\r\n							<tbody>\r\n								<tr>\r\n									<td style=\"vertical-align:top\">\r\n									<table align=\"center\" border=\"0\" cellpadding=\"0\" cellspacing=\"0\" style=\"width:100%\">\r\n										<tbody>\r\n											<tr>\r\n												<td>&nbsp;</td>\r\n											</tr>\r\n										</tbody>\r\n									</table>\r\n									</td>\r\n								</tr>\r\n							</tbody>\r\n						</table>\r\n						</td>\r\n					</tr>\r\n				</tbody>\r\n			</table>\r\n			</td>\r\n		</tr>\r\n		<tr>\r\n			<td>\r\n			<table border=\"0\" cellpadding=\"0\" cellspacing=\"0\" style=\"width:100%\">\r\n				<tbody>\r\n					<tr>\r\n						<td style=\"vertical-align:top\">\r\n						<table align=\"center\" border=\"0\" cellpadding=\"0\" cellspacing=\"0\" style=\"width:550px\">\r\n							<tbody>\r\n								<tr>\r\n									<td style=\"vertical-align:top\">\r\n									<table align=\"center\" border=\"0\" cellpadding=\"0\" cellspacing=\"0\" style=\"width:100%\">\r\n										<tbody>\r\n											<tr>\r\n												<td>&nbsp;</td>\r\n											</tr>\r\n											<tr>\r\n												<td style=\"vertical-align:middle\">Dear [NAME],<br />\r\n												<br />\r\n												Here is the update on your account balance:<br />\r\n												<br />\r\n												As of yesterday, 11-JUL-23 available balance is INR 2,603.67 in your A/c XX2692<br />\r\n												<br />\r\n												Your A/c is at HDFC Bank branch ROHTAK - MODEL TOWN<br />\r\n												<br />\r\n												If you have deposited a cheque, please wait for it to clear before the money appears in your bank account.<br />\r\n												<br />\r\n												Thanks for choosing HDFC Bank!<br />\r\n												<br />\r\n												Warm Regards,<br />\r\n												HDFC Bank<br />\r\n												<br />\r\n												<br />\r\n												P.S. Suppose you wish to modify or unsubscribe from these alerts, log in to NetBanking&gt;InstaAlerts or visit the nearest branch.</td>\r\n											</tr>\r\n											<tr>\r\n												<td>&nbsp;</td>\r\n											</tr>\r\n											<tr>\r\n												<td style=\"vertical-align:middle\">&nbsp;</td>\r\n											</tr>\r\n											<tr>\r\n												<td>&nbsp;</td>\r\n											</tr>\r\n											<tr>\r\n												<td style=\"vertical-align:middle\">&nbsp;</td>\r\n											</tr>\r\n											<tr>\r\n												<td>&nbsp;</td>\r\n											</tr>\r\n										</tbody>\r\n									</table>\r\n									</td>\r\n								</tr>\r\n							</tbody>\r\n						</table>\r\n						</td>\r\n					</tr>\r\n				</tbody>\r\n			</table>\r\n			</td>\r\n		</tr>\r\n		<tr>\r\n			<td style=\"vertical-align:top\"><img alt=\"\" src=\"https://ci4.googleusercontent.com/proxy/EWqfQwX_FHynY5aeBGVYx4l4GOD7BU3e3pnwG6LTyzfaSdvyueGC-jPj8nEVyCFqD0Ra8VFO0iLf9j1So3y0d47cxdVy6sI1HWxfXzGGNs1I_9hf5YGdLYfnBS1I_7ES1ODzLBABG4BTHN2EPvWgZaDa9RrMahTUzUoDrB3kTYhuHjPQI7M4H9CxqH6GFfKeP8gJ5P-rwaopVDWw_6hcXBB72BzywTIFwY1mSzh0O-PcYfjCaSErFLF1LQfiKy_vB2KHK2NHEBy8DS10-N8GleCFqSvXFGmLbXMCMXb2d5rt6_TFKltkcbpCaNcDwjUcU6rQKEieoyyuOWp-JoMlNfqGknJWKGd-PX7b8cMFWqk8d-bwB37IxChkd-2DSW8KE4UuuzHzw9MRbmKBdy5dgq6H8uLT7ffBjxMuoXJ5ABJhDrkL8t21Ct9nmBWPs5R0nRRGtWcJZqToukATOo0dedci5uj24gJF9IGv_Iqsfw-dcc00uW1te0cO-AVnWwUXhezqVZmGthYYkjRmu9L661gNKdDn-u0RFLE4H3MwymapYSjM7iFeU_5sSHxZFJTUr3VIErZfYv212GzqZffmV6WRQSEQsrgRxQF9SyMDEUY-DhvbZS38HrUX3h97ou-IDs3jb7RyxIuq6WMTMB3s-JJ1RIWWDi_RcfIcE2q8cKsUbG9AUPpzod0QtqBBSllrTXBOkzgORp1j_IynT7Un2UHu_x5VsaeNVPQnK4x0M5rMsQArFJlR_NGv43oYfvML1R1pWqPFvfsaUiPddPu3sNOdnt1yqISiuMShpbcAQXwZX5phTvPN_eAoSPYM=s0-d-e1-ft#https://ind01.safelinks.protection.outlook.com/?url=https%3A%2F%2Fwww.hdfcbank.com%2Fcontent%2Fapi%2Fcontentstream-id%2F723fb80a-2dde-42a3-9793-7ae1be57c87f%2F223952b6-00aa-4c0e-a85f-50f4d37e24ca%2FCommon%2FCampaign%2FImages%2F2023%2F28%2FNever-Share-Insta-Alert_600X60-1-28thApril.png&amp;data=05%7C01%7Canees.rahmann%40hdfcbank.com%7C19f5af16698b4fe0d16708db47db683d%7C827fd02205a64e57be9ccc069b6ae62d%7C0%7C0%7C638182779887313606%7CUnknown%7CTWFpbGZsb3d8eyJWIjoiMC4wLjAwMDAiLCJQIjoiV2luMzIiLCJBTiI6Ik1haWwiLCJXVCI6Mn0%3D%7C3000%7C%7C%7C&amp;sdata=mFa7mMejbUM%2Fq6ofYS3wQD7qqmr3rZgNtuEuZiABp50%3D&amp;reserved=0\" style=\"width:100%\" /></td>\r\n		</tr>\r\n		<tr>\r\n			<td>For more details on Service charges and Fees,&nbsp;<a href=\"http://trackerc.osend.in/EmailClickTracker?query=ZXNtZX58KjcxMDU4ODAwMDAwMDAwfF58Y2FtcGFpZ25-fCp8XnxjYW1wYWlnbklkfnwqfF58bUlk%0DfnwqMzI5MDEyMTE1MjI5NjcwNTUwMHxefHRvfnwqSU5GT0BESUdJTlNQSVJFLkNPfF58ZnJvbX58%0DKmFsZXJ0c0BoZGZjYmFuay5uZXR8XnxyZXBseVRvfnwqYWxlcnRzQGhkZmNiYW5rLm5ldHxefHNl%0DbnRBdH58KjIwMjMtMDctMTJ8MTE6NTI6Mjl8Xnx0YWdzfnwqbnVsbH5udWxsfm51bGx-bnVsbH5u%0DdWxsfm51bGx-bnVsbH5udWxsfm51bGx-bnVsbHxefGZpbGVJZH58KnxefGZpbGVOYW1lfnwqfF58%0DdGVtcGxhdGVJZH58KmJlZDdhYmVhYzU2ZTU2MGE5NmI3ZmVmNGM4NDZhNjkxZmUzZGViMmU0ZDFl%0DNWJiZjEwODViOGQ5ZTJjNmU5MzR8XnxjcmVmfnwqTlNUQUxSVEZDfF58dmVyc2lvbn58KlZFUlNJ%0DT05fMXxefGFjdGlvblR5cGV-fCpjbGlja3xefGFjb2Rlfnwqc19oZGZjZW1haWx8XnxwY29kZX58%0DKnNfaGRmY2VtYWlsfF58YWlkfnwqNzEwNTg4MDAwMDAwMDB8XnxwaWR-fCo3MTA1ODgwMDAwMDAw%0DMHxefG9yaWd-fCpodHRwczovL3d3dy5oZGZjYmFuay5jb20vcGVyc29uYWwvcmVzb3VyY2VzL2Zl%0DZXMtYW5kLWNoYXJnZXM\" target=\"_blank\"><strong>click here.</strong></a></td>\r\n		</tr>\r\n		<tr>\r\n			<td>&copy; HDFC Bank&nbsp;@krx</td>\r\n		</tr>\r\n	</tbody>\r\n</table>\r\n', '12-07-2023 | 06:26:51 PM'),
(5, 8, '21 July List', '<p>Hello New Offer Name - [NAME] collage - Shree T.R.Tanti M.Sc(IT and CA) Mahila College<br />\r\n&nbsp;</p>\r\n', '<p>ASDDDDDsadjqwuaisdjguiqwjgadjhsmnbxjhqwadsuyxgjasxzmnms</p>\r\n\r\n<p>Hello New Offer Name - [NAME] collage - Shree T.R.Tanti M.Sc(IT and CA) Mahila College</p>\r\n\r\n<p>company - 5g infotech</p>\r\n\r\n<p>Email - [EMAIL]</p>\r\n', '06-07-2024 | 01:18:12 PM'),
(6, 8, '21 July List', '<p>Hello New Offer Name - [NAME] collage - Shree T.R.Tanti M.Sc(IT and CA) Mahila College<br />\r\n&nbsp;</p>\r\n', '<p>ASDDDDDsadjqwuaisdjguiqwjgadjhsmnbxjhqwadsuyxgjasxzmnms</p>\r\n\r\n<p>Hello New Offer Name - [NAME] collage - Shree T.R.Tanti M.Sc(IT and CA) Mahila College</p>\r\n\r\n<p>company - 5g infotech</p>\r\n\r\n<p>Email - [EMAIL]</p>\r\n', '06-07-2024 | 01:21:57 PM'),
(7, 8, '21 July List', '<p>TEST EMAIL</p>\r\n', '<p>Dear Customer</p>\r\n\r\n<p>Renew Your Website Hosting</p>\r\n\r\n<p>Thanks &amp; Regards<br />\r\nVaibhav Rathee</p>\r\n', '06-07-2024 | 01:43:49 PM');

-- --------------------------------------------------------

--
-- Table structure for table `govariable`
--

CREATE TABLE `govariable` (
  `id` int NOT NULL,
  `name` varchar(50) COLLATE utf8mb4_general_ci NOT NULL,
  `value` text COLLATE utf8mb4_general_ci NOT NULL
) ENGINE=InnoDB DEFAULT CHARSET=utf8mb4 COLLATE=utf8mb4_general_ci;

--
-- Dumping data for table `govariable`
--

INSERT INTO `govariable` (`id`, `name`, `value`) VALUES
(3, 'COMPANY', '5g infotech'),
(6, 'SCHOOL', 'Jivantirth Vidyalay'),
(7, 'HOSPITAL', 'Kalarav Hospital'),
(8, 'COLLAGE', 'Shree T.R.Tanti M.Sc(IT and CA) Mahila College');

-- --------------------------------------------------------

--
-- Table structure for table `industry`
--

CREATE TABLE `industry` (
  `id` int NOT NULL,
  `name` varchar(100) COLLATE utf8mb4_general_ci NOT NULL
) ENGINE=InnoDB DEFAULT CHARSET=utf8mb4 COLLATE=utf8mb4_general_ci;

--
-- Dumping data for table `industry`
--

INSERT INTO `industry` (`id`, `name`) VALUES
(1, '5g ingo'),
(3, 'Google'),
(4, 'College & Univesity');

-- --------------------------------------------------------

--
-- Table structure for table `leads`
--

CREATE TABLE `leads` (
  `id` int NOT NULL,
  `name` varchar(100) COLLATE utf8mb4_general_ci NOT NULL,
  `email` varchar(100) COLLATE utf8mb4_general_ci NOT NULL,
  `phone` varchar(20) COLLATE utf8mb4_general_ci NOT NULL,
  `address` varchar(200) COLLATE utf8mb4_general_ci NOT NULL,
  `requirements` text COLLATE utf8mb4_general_ci NOT NULL,
  `industry` varchar(100) COLLATE utf8mb4_general_ci NOT NULL,
  `company` varchar(100) COLLATE utf8mb4_general_ci NOT NULL,
  `entry_time` varchar(100) COLLATE utf8mb4_general_ci NOT NULL
) ENGINE=InnoDB DEFAULT CHARSET=utf8mb4 COLLATE=utf8mb4_general_ci;

--
-- Dumping data for table `leads`
--

INSERT INTO `leads` (`id`, `name`, `email`, `phone`, `address`, `requirements`, `industry`, `company`, `entry_time`) VALUES
(151, 'na', 'vpkharb@gmail.com', 'na', '\"Khasra No. 32/116/16/2, 13/2, 25/2, 25/1, 25/2, 20/14/1, 33/122, 11/2, 20, 21,\r\n86/118/2, 19/1, 19/2, VPO- Kasni, Distt- Jhajjar, Haryana', 'na', 'College & Univesity', 'A. S. Kharb Memorial College of Education					', '21-07-2023 | 01:38:45 PM'),
(152, 'na', 'na@gmail.com', 'na', '\"VPO- Majra Sheoraj, Tehsil- Rewari, District- Rewari, Haryana\r\n	\r\n', 'na', 'College & Univesity', 'A.M College of Education					', '21-07-2023 | 01:42:20 PM'),
(153, 'na', 'amcollegeofeducation@gmail.com', 'na', '\"Khewat No. 15, Khatoni No. 17, Mustil No. 21, Killa No. 14/19/2, 17 Village Majra\r\nSheoraj, District Rewari, Haryana\r\n	\r\n', 'na', 'College & Univesity', 'A.M. College of Education					', '21-07-2023 | 01:44:17 PM'),
(154, 'na', 'aakashcollegechanderkalan@rediffmail.com', '9215092151', '\"Vill. -Chanderkalan,Tehsil -Tohana\r\n\r\n\r\n', 'na', 'College & Univesity', 'Aakash College Of Education					', '21-07-2023 | 01:45:48 PM'),
(155, 'na', 'aakash_college@rediffmail.com', 'na', '\"Vill –Kalirawan, Tehsil –Adampur, Distt – Hissar -125001, Haryana\r\n\r\n	\r\n', 'na', 'College & Univesity', 'Aakash College of Education,					', '21-07-2023 | 01:48:23 PM'),
(156, 'na', 'theaaryancollege@gmail.com', '9812094000', '\"Lakhan Majra, VPO Lakhan Majra, Tehsil Mehan, District Rohtak, aHaHaryana  ', 'na', 'College & Univesity', 'Aaryan College of Education,					', '21-07-2023 | 01:50:26 PM'),
(157, 'Bharat Vidya Peeth College of Education', 'bvpkasandi@gmail.com', '9996219470', 'VPO-Kasandi,Tehsil-Gohana', 'NA', 'College & Univesity', 'NA', '21-07-2023 | 02:01:22 PM'),
(159, 'Bhartiya College of Education', 'bhartiyabed@gmail.com', 'NA', 'Vill. & P.o- Chamdhera Road, Mohindergarh, Distt. – Mohindergarh-123029, Haryana', 'NA', 'College & Univesity', 'NA', '21-07-2023 | 02:05:06 PM'),
(160, 'Bhartiya Collegeof Education', 'bhartiyamcollegeofeducation@gmail.com', '9818260606', 'Chamdhera Road,VPO-Mohindergarh', 'NA', 'College & Univesity', 'NA', '21-07-2023 | 02:06:27 PM'),
(161, 'na', 'info@aectbhagwanpur.com', 'na', '\"Damla, Jagadhri, Yamuna Nagar-135001, Haryana\r\n\r\n	\r\n', 'na', 'College & Univesity', 'Aastha College of Education					', '21-07-2023 | 02:07:02 PM'),
(162, 'BPR College of Education', 'bprcollegeofeducationdhand@gmail.com', 'NA', 'Village & PO Dhand, Distt. Kaithal, Haryana', 'NA', 'College & Univesity', 'NA', '21-07-2023 | 02:07:08 PM'),
(164, 'Bright College of Education', 'brightcollege1@gmail.com', 'NA', 'Plot No. 21, Khasra No. 373, VPO Kitlana, Tehsil Bhiwani, District Bhiwani, Haryana', 'NA', 'College & Univesity', 'NA', '21-07-2023 | 02:12:31 PM'),
(165, 'Bright Land College of Education', 'brightlandinstitution@gmail.com', 'NA', 'Village & Post Jant Sayarwas, Distt. Rewari, Haryana', 'NA', 'College & Univesity', 'NA', '21-07-2023 | 02:13:11 PM'),
(166, 'Budha College Of Education', 'budhacollegeofeducation@gmail.com', 'NA', 'Vpo- Rambha, Tehsil- Karnal, Distt.- Karnal Haryana', 'NA', '5g ingo', 'NA', '21-07-2023 | 02:13:39 PM'),
(167, 'na', 'principalras@gmail.com', '9896084901', 'Saharanwas\r\n\r\n	\r\n', 'na', 'College & Univesity', 'Abhay Singh College of Education					', '21-07-2023 | 02:14:02 PM'),
(168, 'C. L. College of Education', 'CLCE_NNL@GMAIL.COM', 'NA', 'Singhania Road, Near Canal Colony, Narnaul, Tehsil Narnaul, Distt. Mohindergarh, Haryana', 'NA', 'College & Univesity', 'NA', '21-07-2023 | 02:14:06 PM'),
(169, 'na', 'aravalikarota@gmail.com', '9416938650', 'Vill.-Niwaz Nagar,Post-Dharsoon,Tehsil- Narnaul\r\n', '\r\n		\r\n', 'College & Univesity', 'Adarsh College Of Education					', '21-07-2023 | 02:14:59 PM'),
(170, 'Ch. Matu Ram College of Education', 'cmrcoe2009@gmail.com', 'NA', 'Village Jainpur Jattan, Ladwa, Kurukshetra, Haryana', 'NA', 'College & Univesity', 'NA', '21-07-2023 | 02:15:25 PM'),
(171, 'na', 'adarshschoolmadina@gmail.com', '9416125922 ', 'VPO-Madina,Tehsil- Maham\r\n', 'na', 'College & Univesity', 'Adarsh College Of Education					', '21-07-2023 | 02:16:38 PM'),
(173, 'C.R.College Of Education', 'principalcrcoehisar@gmail.com', '9416401315', 'VPO - Chandharywas,Tehsil - Hisar\r\n', 'NA', 'College & Univesity', 'NA', '21-07-2023 | 02:17:34 PM'),
(174, 'na', 'info@acollege-edu.com', '9050005401  	', '\"Vpo - Bargat, Tehsil - Babain\r\n', 'na', 'College & Univesity', 'Adarsh College of Education					', '21-07-2023 | 02:17:59 PM'),
(175, 'na', 'info@adarshcoe.com', '9416439447', '\"Dhani Ramjas Road,Siwani Mandi, Distt. - Bhiwani\r\n\r\n	\r\n', 'na', 'College & Univesity', 'Adarsh College Of Education					', '21-07-2023 | 02:18:54 PM'),
(176, 'na', 'info@adarsheducation.com', 'na', '\"VPO Dadanpur, Distt. Jhajjar, Haryana', 'na', 'College & Univesity', 'Adarsh College of Education,					', '21-07-2023 | 02:19:39 PM'),
(177, 'na', 'adarshcollegeedu@rediffmail.com', 'na', '\"Khewat No. 10-6, Khata No. 128, Khasra No. 53, VPO Shadipur-Julana, Distt. Jind,\r\nHaryana\r\n', 'na', 'College & Univesity', 'Adarsh College of Education,					', '21-07-2023 | 02:20:37 PM'),
(178, 'C.R.D.A.V. Girls College of Education', 'crdavenb@gmail.com', 'NA', 'Plot No. 726, Near Dabwali Road, Udham Singh Chowk, Vill-Ellanabad, Distt-Sirsa, Haryana', 'NA', 'College & Univesity', 'NA', '21-07-2023 | 02:21:19 PM'),
(179, 'na', 'asssbasana@gmail.com', '9466403419', '\"Khewat No. 10-6, Khata No. 128, Khasra No. 53, VPO Shadipur-Julana, Distt. Jind,\r\nHaryana\r\n', 'na', 'College & Univesity', 'Adarsh D.Ed. College					', '21-07-2023 | 02:21:45 PM'),
(180, 'Cambridge college of edu', 'cambridge.birar@gmail.com', '9999648059', 'V.P,O.-Birar', 'NA', 'College & Univesity', 'NA', '21-07-2023 | 02:22:04 PM'),
(181, 'na', 'astcollege@gmail.com', 'na', '\"Vill.- Jind Road, Near jind Chungi,\r\nHansi,Post- Hansi, Tehsil- Hansi, Distt.- Hissar, Haryana\r\n		\r\n', 'na', 'College & Univesity', 'Adarsh Subhash Tayal College of Education,					', '21-07-2023 | 02:22:30 PM'),
(183, 'na', 'info@advancedinstitutions.com', 'na', '\"VPO - Aurangabad, Tehsil-Hodal, Distt. - Faridabad, Haryana\r\n\r\n	\r\n', 'na', 'College & Univesity', 'Advanced Institute of Education					', '21-07-2023 | 02:23:10 PM'),
(190, 'Capt. Haandev Singh College of Education', 'capthardevsinghcollege2008@rediffmail.com', '9416050086', 'Madina, Rohtak', 'NA', 'College & Univesity', 'NA', '21-07-2023 | 02:25:52 PM'),
(191, 'Ch. Devi Lal College of Education', 'cdlcoe_jag@yahoo.co.in', '9315134658', 'Bhagwan Parshuram Eduacation Centre,Bhagwan Garh,Bhuriaroad', 'NA', 'College & Univesity', 'NA', '21-07-2023 | 02:26:30 PM'),
(193, 'Ch. Kapoori Ram College of Education', 'krcollegeofeducation@gmail.com', 'NA', 'VPO- Mahawati, Tehsil- Samalkha, Distt.- Panipat, Haryana', 'NA', 'College & Univesity', 'NA', '21-07-2023 | 02:27:35 PM'),
(198, 'Ch. P.R.M College of Education', 'prcollegejind@gmail.com', 'NA', 'Khasra No. 49, Killa No. 12, 13, 19 and 20, Village Sindhvi Khera, Distt- Jind, Haryana', 'NA', 'College & Univesity', 'NA', '21-07-2023 | 02:30:22 PM'),
(199, 'Ch. R. R. Memorial College of Education', 'rrcollegeenb@gmail.com', 'NA', 'Khewat No. 283 Min, Sq.NO. 179, Killa No. 10/2, 11, 20, 21 , Village Dhani Bachan Singh, Tehsil Ellanbad, District, Sirsa, Haryana', 'NA', 'College & Univesity', 'NA', '21-07-2023 | 02:31:00 PM'),
(202, 'Ch.Partap Singh Memorial College of Education', 'cpsmcoe2004@gmail.com', '9212219832', 'Sector No.-4,Gurgoan', 'NA', 'College & Univesity', 'NA', '21-07-2023 | 02:44:15 PM'),
(204, 'na', 'aggarwalcollegehodal@yahoo.in', 'na', 'Adarsh Colony, Garhi Road, Hodal, Faridabad – 121106', 'na', 'College & Univesity', 'Agarwal Shiksha Samiti', '21-07-2023 | 03:46:04 PM'),
(205, 'na', 'akashollegejind@yahoo.in', '9868707379', 'VPO-Gataull,Tehsil-Julana', 'na', 'College & Univesity', 'Akash College of Education', '21-07-2023 | 03:47:14 PM'),
(208, 'nan', 'info@alfalahuniversity.edu.in', 'na', 'Vill.-dhauj,Distt - faridabad', 'na', 'College & Univesity', 'Al-Falah School of Education & Training', '21-07-2023 | 03:53:24 PM'),
(211, 'na', 'ambikacoe@gmail.com', '9416800043', '3rd KM Stone, Tohana Road, Barwala Road, Hisar, Haryana', 'na', 'College & Univesity', 'Ambika College of Education', '21-07-2023 | 04:00:33 PM'),
(212, 'na', 'ackcoe@gmail.com', '9896020407', 'G.T Road,VPO-Shahabad Markanda,Tehsil-Shahabad', 'na', 'College & Univesity', 'Amir Chand Kakkar', '21-07-2023 | 04:01:44 PM'),
(214, 'na', 'apexedu72@gmail.com', '9416046248', 'Tohana - Dangra-Saniana Road,Near-Barala farm,Bidhal Khera', 'na', 'College & Univesity', 'Apex College of Education', '21-07-2023 | 04:05:03 PM'),
(215, 'na', 'apexcollegeenb@gmail.com', '9813805420', 'Khewat No. 283 Min, Sq. No. 179 Killa No. 10/2, 11, 20, 21, Village Dhani Bachan Singh, Tehsil Ellenabad, District Sirsa, Haryana', 'na', 'College & Univesity', 'Apex College of Education,', '21-07-2023 | 04:07:33 PM'),
(217, 'na', 'principalacase.edu@gmail.com', '9810066601', 'Ballabgarh Sohna Road,Vill.-Pali', 'na', 'College & Univesity', 'Aravali College of Advaanced Studies in Education', '21-07-2023 | 04:10:36 PM'),
(219, 'na', 'aravalicollege327@gmail.com', '9416478288', 'Vill.+Post - Khod Tehsil - Ateli, Distt. - Mohindergarh', 'na', 'College & Univesity', '	 Aravali College Of Education', '21-07-2023 | 04:13:16 PM'),
(222, 'na', 'aryacollegeharyana@gmail.com', '9354323752', 'Vill.- Bherian, Post- Muklan, Tehsil- Hissar, Distt.- Hissar- 125007, Haryana', 'na', 'College & Univesity', 'Arya College of Education', '21-07-2023 | 04:22:06 PM'),
(224, 'na', 'aryacedujind@kuk.ac.in', 'na', 'VPO Bhambhewa, Tehsil Safidon, Distt. Jind, Haryana', 'na', 'College & Univesity', 'Arya College of Education,', '21-07-2023 | 04:24:46 PM'),
(225, 'na', 'aryasssjhojhu@yahoo.co.in', 'na', 'Plot / Khasra No. 129/8/2 (2-2) 13 Min (4-18), Village / Town Baliali, Bawani Khera, Post Office Baliali, Tehsil / Taluka Bawani Khera, Town / City Bhiwani, Haryana', 'na', 'College & Univesity', 'Arya College of Education,', '21-07-2023 | 04:25:49 PM'),
(226, 'na', 'bsaesfarmana@gmail.com', 'na', 'Plot No. 739, Khasra No. 148/12/2, 18, 19, 22, Village Farmana Khas, Distt –Rohtak -124520, Haryana', 'na', 'College & Univesity', 'Arya College of Education,', '21-07-2023 | 04:26:41 PM'),
(227, 'na', 'aryacollegeofedu@gmail.com', ' 9466120200', 'Village Pali, PO Barawas, Mohindergarh, Haryana', 'na', 'College & Univesity', 'Arya College of Education,', '21-07-2023 | 04:27:58 PM'),
(230, 'na', 'vpmalik13@gmail.com', '9466076899', 'Vill.-Lalit Khera,Post-Nidana', 'na', 'College & Univesity', 'Arya D.Ed. Training School', '21-07-2023 | 04:30:42 PM'),
(232, 'na', 'akgurukul@yahoo.in', 'na', 'Plot NO. 529, Khasra No. 60/3, 60/1, Mor Majra, VPO Mor Majra, Tehsil & Distt. Karnal, Haryana', 'na', 'College & Univesity', 'Arya Kanya Gurukul College of Education,', '21-07-2023 | 04:50:51 PM'),
(233, 'na', 'aryavartcollege@gmail.com', 'na', 'Village & Post Muwana, Tehsil Safidon, Distt. Jind – 132 405', 'na', 'College & Univesity', 'Aryavart College of Education,', '21-07-2023 | 04:51:30 PM'),
(234, 'na', 'collegearyavart@gmail.com', 'na', 'Killa No. 71/22, 94/2, Vill- Khanda, Sonepat, Sonepat, Distt- Sonepat, Haryana', 'na', 'College & Univesity', 'Aryawart of College of Education,', '21-07-2023 | 04:52:21 PM'),
(235, 'na', 'amarjeetphogatbdm@gmail.com', '9991163594', 'Vill. & Po- Chhuchhakwas', 'na', 'College & Univesity', 'B.D.M. College of Education', '21-07-2023 | 04:53:01 PM'),
(236, 'na', 'bkcoedu@gmail.com', 'na', 'Bawani Khera, VPO_ Bawani Khera, Tehsil- Bawani Khera, district- Bhiwani, Haryana', 'na', 'College & Univesity', '	 B.K. College of Education,', '21-07-2023 | 04:53:50 PM'),
(237, 'na', 'bl.collegeofeducation@yahoo.in', ' 8860201603', 'Vill-Wazipur,Post-Gurgaon,Distt-Gurgaon', 'na', 'College & Univesity', 'B.L. College of education', '21-07-2023 | 04:54:38 PM'),
(239, 'na', 'bmce2006@gmail.com', '8505876633', 'Vill.-Hari Nagar,Tehsil- Farrukhnagar', 'na', 'College & Univesity', 'B.M. College of Education', '21-07-2023 | 04:57:23 PM'),
(241, 'na', 'bmcesonepat@gmail.com', '9416736538', 'Sarai Gohna Sonepat,Haryana', 'na', 'College & Univesity', 'B.M. College Of Education Gardi', '21-07-2023 | 04:58:42 PM'),
(243, 'na', 'bpscollegeofeducation@rediffmail.com', 'na', 'Khewat No. 235, Khatoni No. 395, Behror Road, Near Govt. College, Nangal Choudhary, Tehsil- Narnaul, Distt- Mohindergarh, Haryana', 'na', 'College & Univesity', 'B.P.S. College of Education,', '21-07-2023 | 05:00:15 PM'),
(244, 'na', 'brcollegeofeducation07@gmail.com', '9254320859', 'Salarpur Road,Near New Grain Market', 'na', 'College & Univesity', 'B.R. College Of Education', '21-07-2023 | 05:01:04 PM'),
(246, 'na', 'brcoeducation@gmail.com', '9416344514', 'VPO-sahlang,District-Mohindergarh', 'na', 'College & Univesity', 'B.R.College of Education', '21-07-2023 | 05:02:31 PM'),
(247, 'na', 'brmcoe@rediffmail.com', ' 9416176934', 'W.No. -15,H.NO.136,Sharma Type College,Bhisham Marg,Gharaunda', 'na', 'College & Univesity', 'B.R.M. College Of Education', '21-07-2023 | 05:03:31 PM'),
(250, 'na', 'bsce2007@gmail.com', '8950202514', 'Kultajpur Road,Khsra No -2922/2,Narnaul', 'na', 'College & Univesity', 'B.S. College Of Education', '21-07-2023 | 05:10:14 PM'),
(251, 'na', 'bjrd007@gmail.com', ' 9416184184', 'Mohiendragarh', 'na', 'College & Univesity', 'Baba Jai Ram Das College of Education', '21-07-2023 | 05:11:36 PM'),
(254, 'na', 'bkncollege@gmail.com', 'na', 'Khewat No. 443, Khatoni No. 497, V.P.O- Sihma, Tehsil- Narnaul, Distt- Mohindergarh, Haryana', 'na', 'College & Univesity', 'Baba Kheta Nath College of Education,', '21-07-2023 | 05:14:38 PM'),
(256, 'na', 'bmdkartik@gmail.com', 'na', 'Vill- Motla Kalan , Distt.- Rewari, Haryana-123411', 'na', 'College & Univesity', 'Baba mohan das Colege of Education', '21-07-2023 | 05:17:02 PM'),
(258, 'na', 'BMVPEDUCOLLEGE@GMAIL.COM', 'na', 'College, Village & Post Bushan, Tehsil Tosham, Distt. Bhiwani, Haryana – 127 021', 'na', 'College & Univesity', 'Baba MungipaVidyapeeth Education', '21-07-2023 | 05:18:44 PM'),
(259, 'na', 'bscollege2007@gmail.com', 'na', 'Vill- Bhandwa, P.o- badhra, Distt.- Bhiwani, Haryana', 'na', 'College & Univesity', 'Baba Siddhnath College of Education,', '21-07-2023 | 05:19:24 PM'),
(261, 'na', 'jagdeesh999@rediffmail.com', 'na', 'Adarsh Nagar, Ballabgarh, Haryana – 121 004', 'na', 'College & Univesity', 'Balaji College of Education', '21-07-2023 | 05:21:00 PM'),
(262, 'na', 'rajeshbalaji53@yahoo.com', 'na', 'Plot No. 191, Khasra No. 38/8, 9, 10/1, 1/1, Vill- Kurali, Post- Fatehgarh Tumbi, Tehsil- Bilaspur, Distt- Yamuna Nagar, Haryana', 'na', 'College & Univesity', 'Balaji College of Education,', '21-07-2023 | 05:25:45 PM'),
(268, 'na', 'mail@bhagatsinghcollege.org', 'na', 'Khasra No. 1421, 1446, 1447/1, 1441, 1442, Vill & Post- Radaur, Tehsil- Jagadhri, Distt- Yamuna Nagar-135133, Haryana', 'na', 'College & Univesity', 'Bhagat Singh College of Education for Woman,', '21-07-2023 | 05:48:29 PM'),
(271, 'na', 'info@bmjeducation.org.in', 'na', 'Khasra no. 276, Opposite Telephone Exchange, Near Market, Sector-1, Rohtak-124001, Haryana', 'na', 'College & Univesity', 'Bhagwan Mahaveer Jain College of Education,', '21-07-2023 | 05:51:08 PM'),
(272, 'na', 'bpce@rediffmail.com', '9416614612', 'VPO-Nara Sub.,Tehsil-Maslaunda', 'na', 'College & Univesity', '	 Bhagwan Parshuram College of Education', '21-07-2023 | 05:51:51 PM'),
(273, 'na', 'bpreducationcollege@gmail.com', 'na', 'Vill & Post- Bali Brahamanan, Tehsil-Gohana, Distt-Sonepat, Haryana', 'na', 'College & Univesity', 'Bhagwan Parshuram College of Education,', '21-07-2023 | 05:52:19 PM'),
(276, 'na', 'rmudgil80@gmail.com', '9466815001', 'Rohtak Road, Jind, Haryana', 'na', 'College & Univesity', 'Bhai Surender Kumar Memorial College of Education,', '21-07-2023 | 05:54:09 PM'),
(277, 'na', 'bharatcollege99913@gmail.com', '9991370620', 'Village- Kandroli,Distt.Yamuna Nagar', 'na', 'College & Univesity', '	 Bharat College Of Education', '21-07-2023 | 05:54:41 PM'),
(280, 'na', 'sunilbaliyan1987@gmail.com', '9812212402', 'Village / Post Tauru, Distt. Mewat, Haryana- 122105', 'na', 'College & Univesity', 'Chandravati College of Education', '21-07-2023 | 06:55:29 PM');

-- --------------------------------------------------------

--
-- Table structure for table `lists`
--

CREATE TABLE `lists` (
  `id` int NOT NULL,
  `u_id` varchar(50) COLLATE utf8mb4_general_ci NOT NULL,
  `name` varchar(50) COLLATE utf8mb4_general_ci NOT NULL,
  `time` varchar(50) COLLATE utf8mb4_general_ci NOT NULL
) ENGINE=InnoDB DEFAULT CHARSET=utf8mb4 COLLATE=utf8mb4_general_ci;

--
-- Dumping data for table `lists`
--

INSERT INTO `lists` (`id`, `u_id`, `name`, `time`) VALUES
(8, '21072023103934', '21 July List', '21-07-2023 | 10:39:46 PM');

-- --------------------------------------------------------

--
-- Table structure for table `list_item`
--

CREATE TABLE `list_item` (
  `id` int NOT NULL,
  `u_id` varchar(100) COLLATE utf8mb4_general_ci NOT NULL,
  `lead_id` int NOT NULL
) ENGINE=InnoDB DEFAULT CHARSET=utf8mb4 COLLATE=utf8mb4_general_ci;

--
-- Dumping data for table `list_item`
--

INSERT INTO `list_item` (`id`, `u_id`, `lead_id`) VALUES
(62, '21072023103934', 280),
(63, '21072023103934', 277),
(64, '21072023103934', 276),
(65, '21072023103934', 273),
(66, '21072023103934', 272),
(67, '21072023103934', 271),
(68, '21072023103934', 268),
(69, '21072023103934', 262),
(70, '21072023103934', 261),
(71, '21072023103934', 259),
(72, '21072023103934', 258),
(73, '21072023103934', 256),
(74, '21072023103934', 254),
(75, '21072023103934', 251),
(76, '21072023103934', 250),
(77, '21072023103934', 247),
(78, '21072023103934', 246),
(79, '21072023103934', 244),
(80, '21072023103934', 243),
(81, '21072023103934', 241),
(82, '21072023103934', 239),
(83, '21072023103934', 237),
(84, '21072023103934', 236),
(85, '21072023103934', 235),
(86, '21072023103934', 234),
(87, '21072023103934', 233),
(88, '21072023103934', 232),
(89, '21072023103934', 230),
(90, '21072023103934', 227),
(91, '21072023103934', 226),
(92, '21072023103934', 225),
(93, '21072023103934', 224),
(94, '21072023103934', 222),
(95, '21072023103934', 219),
(96, '21072023103934', 217),
(97, '21072023103934', 215),
(98, '21072023103934', 214),
(99, '21072023103934', 212),
(100, '21072023103934', 211),
(101, '21072023103934', 208),
(102, '21072023103934', 205),
(103, '21072023103934', 204),
(104, '21072023103934', 202),
(105, '21072023103934', 199),
(106, '21072023103934', 198),
(107, '21072023103934', 193),
(108, '21072023103934', 191),
(109, '21072023103934', 190),
(110, '21072023103934', 183),
(111, '21072023103934', 181),
(112, '21072023103934', 180),
(113, '21072023103934', 179),
(114, '21072023103934', 178),
(115, '21072023103934', 177),
(116, '21072023103934', 176),
(117, '21072023103934', 175),
(118, '21072023103934', 174),
(119, '21072023103934', 173),
(120, '21072023103934', 171),
(121, '21072023103934', 170),
(122, '21072023103934', 169),
(123, '21072023103934', 168),
(124, '21072023103934', 167),
(125, '21072023103934', 166),
(126, '21072023103934', 165),
(127, '21072023103934', 164),
(128, '21072023103934', 162),
(129, '21072023103934', 161),
(130, '21072023103934', 160),
(131, '21072023103934', 159),
(132, '21072023103934', 157),
(133, '21072023103934', 156),
(134, '21072023103934', 155),
(135, '21072023103934', 154),
(136, '21072023103934', 153),
(137, '21072023103934', 152),
(138, '21072023103934', 151);

-- --------------------------------------------------------

--
-- Table structure for table `payment_link`
--

CREATE TABLE `payment_link` (
  `id` int NOT NULL,
  `amount` varchar(50) COLLATE utf8mb4_general_ci NOT NULL,
  `link` varchar(200) COLLATE utf8mb4_general_ci NOT NULL,
  `time` varchar(100) COLLATE utf8mb4_general_ci NOT NULL,
  `remarks` text COLLATE utf8mb4_general_ci NOT NULL
) ENGINE=InnoDB DEFAULT CHARSET=utf8mb4 COLLATE=utf8mb4_general_ci;

--
-- Dumping data for table `payment_link`
--

INSERT INTO `payment_link` (`id`, `amount`, `link`, `time`, `remarks`) VALUES
(1, '800', 'https://rzp.io/i/Xs1ru7q', '12-07-2023 | 04:03:12 PM', 'nobita'),
(2, '300', 'https://rzp.io/i/vchUQa6P', '12-07-2023 | 04:05:40 PM', 'ddddddddddddddddddw and a half hour is fine for the first thing to do so so '),
(3, '300', 'https://rzp.io/i/3g8Bt3iYUs', '12-07-2023 | 05:29:33 PM', 'Test'),
(4, '20', 'https://rzp.io/i/SAI44fVv', '12-07-2023 | 06:11:28 PM', 'dddddddddd'),
(5, '800', 'https://rzp.io/i/8sGI5tWmL', '18-07-2023 | 05:49:37 PM', 'pritam'),
(6, '1000', 'https://rzp.io/i/aWrI32y', '18-07-2023 | 05:50:55 PM', 'vaibhav ');

-- --------------------------------------------------------

--
-- Table structure for table `template`
--

CREATE TABLE `template` (
  `id` int NOT NULL,
  `subject` text COLLATE utf8mb4_general_ci NOT NULL,
  `message` text COLLATE utf8mb4_general_ci NOT NULL
) ENGINE=InnoDB DEFAULT CHARSET=utf8mb4 COLLATE=utf8mb4_general_ci;

--
-- Dumping data for table `template`
--

INSERT INTO `template` (`id`, `subject`, `message`) VALUES
(5, '<p>Hello New Offer Name - [NAME] collage - [COLLAGE]<br />\r\n&nbsp;</p>\r\n', '<p>ASDDDDDsadjqwuaisdjguiqwjgadjhsmnbxjhqwadsuyxgjasxzmnms</p>\r\n\r\n<p>Hello New Offer Name - [NAME] collage - [COLLAGE]</p>\r\n\r\n<p>company - [COMPANY]</p>\r\n\r\n<p>Email - [EMAIL]</p>\r\n'),
(6, '<p>Thnaks Name - [NAME] collage - [COLLAGE]<br />\r\n&nbsp;</p>\r\n', '<p>Thnaks Thnaks Thnaks Thnaks Thnaks Thnaks Thnaks Thnaks Thnaks Thnaks Thnaks Thnaks Thnaks Thnaks Thnaks Thnaks</p>\r\n\r\n<p>&nbsp;</p>\r\n\r\n<p>ASDDDDDsadjqwuaisdjguiqwjgadjhsmnbxjhqwadsuyxgjasxzmnms</p>\r\n\r\n<p>Hello New Offer Name - [NAME] collage - [COLLAGE]</p>\r\n\r\n<p>Hello New Offer Name - [EMAIL]&nbsp;HOSPITAL - [HOSPITAL]</p>\r\n\r\n<p>SCHOOL- [SCHOOL]</p>\r\n\r\n<p>COMPANY- [COMPANY]</p>\r\n\r\n<p>&nbsp;</p>\r\n'),
(7, '<p>TEST EMAIL</p>\r\n', '<p>Dear Customer</p>\r\n\r\n<p>Renew Your Website Hosting</p>\r\n\r\n<p>Thanks &amp; Regards<br />\r\nVaibhav Rathee</p>\r\n'),
(8, 'Dear [NAME], Your Account with HDFC has debited some amount!', '<table align=\"center\" border=\"0\" cellpadding=\"0\" cellspacing=\"0\" style=\"width:600px\">\r\n	<tbody>\r\n		<tr>\r\n			<td>\r\n			<table border=\"0\" cellpadding=\"0\" cellspacing=\"0\" style=\"width:100%\">\r\n				<tbody>\r\n					<tr>\r\n						<td style=\"vertical-align:top\"><a href=\"http://trackerc.osend.in/EmailClickTracker?query=ZXNtZX58KjcxMDU4ODAwMDAwMDAwfF58Y2FtcGFpZ25-fCp8XnxjYW1wYWlnbklkfnwqfF58bUlk%0DfnwqMzI5MDEyMTE1MjI5NjcwNTUwMHxefHRvfnwqSU5GT0BESUdJTlNQSVJFLkNPfF58ZnJvbX58%0DKmFsZXJ0c0BoZGZjYmFuay5uZXR8XnxyZXBseVRvfnwqYWxlcnRzQGhkZmNiYW5rLm5ldHxefHNl%0DbnRBdH58KjIwMjMtMDctMTJ8MTE6NTI6Mjl8Xnx0YWdzfnwqbnVsbH5udWxsfm51bGx-bnVsbH5u%0DdWxsfm51bGx-bnVsbH5udWxsfm51bGx-bnVsbHxefGZpbGVJZH58KnxefGZpbGVOYW1lfnwqfF58%0DdGVtcGxhdGVJZH58KmJlZDdhYmVhYzU2ZTU2MGE5NmI3ZmVmNGM4NDZhNjkxZmUzZGViMmU0ZDFl%0DNWJiZjEwODViOGQ5ZTJjNmU5MzR8XnxjcmVmfnwqTlNUQUxSVEZDfF58dmVyc2lvbn58KlZFUlNJ%0DT05fMXxefGFjdGlvblR5cGV-fCpjbGlja3xefGFjb2Rlfnwqc19oZGZjZW1haWx8XnxwY29kZX58%0DKnNfaGRmY2VtYWlsfF58YWlkfnwqNzEwNTg4MDAwMDAwMDB8XnxwaWR-fCo3MTA1ODgwMDAwMDAw%0DMHxefG9yaWd-fCpodHRwczovL2hkZmNiay5pby9rL0RVdmZFaDlXcnFmP3V0bV9zb3VyY2U9ZW1h%0DaWwmdXRtX21lZGl1bT1pbnN0YV9hbGVydCZ1dG1fY2FtcGFpZ249aGRmY2FwcF9LYXJpeF9KdWx5\" target=\"_blank\"><img alt=\"\" src=\"https://ci3.googleusercontent.com/proxy/QDBRm9gwR7ocnpBwZgvzkRGMEt0Hv6Cvt4gSqv7NomPTD38AYofKJHrMvO5bssimC8wDiAV-FZE0__6Nj_lCT_qijt4GO4U18cmkEhga9RpkLyJCsK_AvtPaKR8S1muIMddiWlnsbJX9vdteULHihVv6etKUA1KI8cHl3bcnr37yBE1Ka8USRo4iCbaNTYebwzKT-HrivY5x6sWdX0MQHzyHHtMYLG6K75vtg47kFFDZ8AYat33FICKOPoAPuWMbR50RMzNTTqE-Vc4sHi0FKkpwUwJtLxeoKUaeSlERR10oT_XXGYM=s0-d-e1-ft#https://www.hdfcbank.com/content/api/contentstream-id/723fb80a-2dde-42a3-9793-7ae1be57c87f/15e7bbdc-1432-47b9-8827-f7a1fce65485/Common/Campaign/Images/2023/june/30/Insta-alert-Mobile-Banking-Banners-600x130.jpg\" style=\"width:100%\" /></a></td>\r\n					</tr>\r\n				</tbody>\r\n			</table>\r\n			</td>\r\n		</tr>\r\n		<tr>\r\n			<td>&nbsp;</td>\r\n		</tr>\r\n		<tr>\r\n			<td style=\"vertical-align:top\"><img alt=\"\" src=\"https://ci5.googleusercontent.com/proxy/DpYWtz00bbdRYGXe6c2oiFhmDz_dImzCzVTFycvHdSxj3kiBCmbpkzSgzDvExou1cepHOMIWidVj6heFtY95MTmk4uQkCqYIv43ZSC1M1CCaoP-q4NyTC84b4_YTO9lYNqiaqQAOWx2Ii8eTiInZ5GxGK0HMGoWR5Nw0eW69p2cwVKtDY0VGmTrQHfwc4OYIZ4FS4v5hoq7ExC-6Ld8=s0-d-e1-ft#https://wgjpss.stripocdn.email/content/guids/CABINET_d17330eb5cbe5af68cf444e0d9b181ad116d88b22fb8b3fd1c93e1846c59af76/images/nmbandnew.jpg\" style=\"width:100%\" /></td>\r\n		</tr>\r\n		<tr>\r\n			<td>\r\n			<table border=\"0\" cellpadding=\"0\" cellspacing=\"0\" style=\"width:100%\">\r\n				<tbody>\r\n					<tr>\r\n						<td style=\"vertical-align:top\">\r\n						<table align=\"center\" border=\"0\" cellpadding=\"0\" cellspacing=\"0\" style=\"width:550px\">\r\n							<tbody>\r\n								<tr>\r\n									<td style=\"vertical-align:top\">\r\n									<table align=\"center\" border=\"0\" cellpadding=\"0\" cellspacing=\"0\" style=\"width:100%\">\r\n										<tbody>\r\n											<tr>\r\n												<td>&nbsp;</td>\r\n											</tr>\r\n										</tbody>\r\n									</table>\r\n									</td>\r\n								</tr>\r\n							</tbody>\r\n						</table>\r\n						</td>\r\n					</tr>\r\n				</tbody>\r\n			</table>\r\n			</td>\r\n		</tr>\r\n		<tr>\r\n			<td>\r\n			<table border=\"0\" cellpadding=\"0\" cellspacing=\"0\" style=\"width:100%\">\r\n				<tbody>\r\n					<tr>\r\n						<td style=\"vertical-align:top\">\r\n						<table align=\"center\" border=\"0\" cellpadding=\"0\" cellspacing=\"0\" style=\"width:550px\">\r\n							<tbody>\r\n								<tr>\r\n									<td style=\"vertical-align:top\">\r\n									<table align=\"center\" border=\"0\" cellpadding=\"0\" cellspacing=\"0\" style=\"width:100%\">\r\n										<tbody>\r\n											<tr>\r\n												<td>&nbsp;</td>\r\n											</tr>\r\n											<tr>\r\n												<td style=\"vertical-align:middle\">Dear [NAME],<br />\r\n												<br />\r\n												Here is the update on your account balance:<br />\r\n												<br />\r\n												As of yesterday, 11-JUL-23 available balance is INR 2,603.67 in your A/c XX2692<br />\r\n												<br />\r\n												Your A/c is at HDFC Bank branch ROHTAK - MODEL TOWN<br />\r\n												<br />\r\n												If you have deposited a cheque, please wait for it to clear before the money appears in your bank account.<br />\r\n												<br />\r\n												Thanks for choosing HDFC Bank!<br />\r\n												<br />\r\n												Warm Regards,<br />\r\n												HDFC Bank<br />\r\n												<br />\r\n												<br />\r\n												P.S. Suppose you wish to modify or unsubscribe from these alerts, log in to NetBanking&gt;InstaAlerts or visit the nearest branch.</td>\r\n											</tr>\r\n											<tr>\r\n												<td>&nbsp;</td>\r\n											</tr>\r\n											<tr>\r\n												<td style=\"vertical-align:middle\">&nbsp;</td>\r\n											</tr>\r\n											<tr>\r\n												<td>&nbsp;</td>\r\n											</tr>\r\n											<tr>\r\n												<td style=\"vertical-align:middle\">&nbsp;</td>\r\n											</tr>\r\n											<tr>\r\n												<td>&nbsp;</td>\r\n											</tr>\r\n										</tbody>\r\n									</table>\r\n									</td>\r\n								</tr>\r\n							</tbody>\r\n						</table>\r\n						</td>\r\n					</tr>\r\n				</tbody>\r\n			</table>\r\n			</td>\r\n		</tr>\r\n		<tr>\r\n			<td style=\"vertical-align:top\"><img alt=\"\" src=\"https://ci4.googleusercontent.com/proxy/EWqfQwX_FHynY5aeBGVYx4l4GOD7BU3e3pnwG6LTyzfaSdvyueGC-jPj8nEVyCFqD0Ra8VFO0iLf9j1So3y0d47cxdVy6sI1HWxfXzGGNs1I_9hf5YGdLYfnBS1I_7ES1ODzLBABG4BTHN2EPvWgZaDa9RrMahTUzUoDrB3kTYhuHjPQI7M4H9CxqH6GFfKeP8gJ5P-rwaopVDWw_6hcXBB72BzywTIFwY1mSzh0O-PcYfjCaSErFLF1LQfiKy_vB2KHK2NHEBy8DS10-N8GleCFqSvXFGmLbXMCMXb2d5rt6_TFKltkcbpCaNcDwjUcU6rQKEieoyyuOWp-JoMlNfqGknJWKGd-PX7b8cMFWqk8d-bwB37IxChkd-2DSW8KE4UuuzHzw9MRbmKBdy5dgq6H8uLT7ffBjxMuoXJ5ABJhDrkL8t21Ct9nmBWPs5R0nRRGtWcJZqToukATOo0dedci5uj24gJF9IGv_Iqsfw-dcc00uW1te0cO-AVnWwUXhezqVZmGthYYkjRmu9L661gNKdDn-u0RFLE4H3MwymapYSjM7iFeU_5sSHxZFJTUr3VIErZfYv212GzqZffmV6WRQSEQsrgRxQF9SyMDEUY-DhvbZS38HrUX3h97ou-IDs3jb7RyxIuq6WMTMB3s-JJ1RIWWDi_RcfIcE2q8cKsUbG9AUPpzod0QtqBBSllrTXBOkzgORp1j_IynT7Un2UHu_x5VsaeNVPQnK4x0M5rMsQArFJlR_NGv43oYfvML1R1pWqPFvfsaUiPddPu3sNOdnt1yqISiuMShpbcAQXwZX5phTvPN_eAoSPYM=s0-d-e1-ft#https://ind01.safelinks.protection.outlook.com/?url=https%3A%2F%2Fwww.hdfcbank.com%2Fcontent%2Fapi%2Fcontentstream-id%2F723fb80a-2dde-42a3-9793-7ae1be57c87f%2F223952b6-00aa-4c0e-a85f-50f4d37e24ca%2FCommon%2FCampaign%2FImages%2F2023%2F28%2FNever-Share-Insta-Alert_600X60-1-28thApril.png&amp;data=05%7C01%7Canees.rahmann%40hdfcbank.com%7C19f5af16698b4fe0d16708db47db683d%7C827fd02205a64e57be9ccc069b6ae62d%7C0%7C0%7C638182779887313606%7CUnknown%7CTWFpbGZsb3d8eyJWIjoiMC4wLjAwMDAiLCJQIjoiV2luMzIiLCJBTiI6Ik1haWwiLCJXVCI6Mn0%3D%7C3000%7C%7C%7C&amp;sdata=mFa7mMejbUM%2Fq6ofYS3wQD7qqmr3rZgNtuEuZiABp50%3D&amp;reserved=0\" style=\"width:100%\" /></td>\r\n		</tr>\r\n		<tr>\r\n			<td>For more details on Service charges and Fees,&nbsp;<a href=\"http://trackerc.osend.in/EmailClickTracker?query=ZXNtZX58KjcxMDU4ODAwMDAwMDAwfF58Y2FtcGFpZ25-fCp8XnxjYW1wYWlnbklkfnwqfF58bUlk%0DfnwqMzI5MDEyMTE1MjI5NjcwNTUwMHxefHRvfnwqSU5GT0BESUdJTlNQSVJFLkNPfF58ZnJvbX58%0DKmFsZXJ0c0BoZGZjYmFuay5uZXR8XnxyZXBseVRvfnwqYWxlcnRzQGhkZmNiYW5rLm5ldHxefHNl%0DbnRBdH58KjIwMjMtMDctMTJ8MTE6NTI6Mjl8Xnx0YWdzfnwqbnVsbH5udWxsfm51bGx-bnVsbH5u%0DdWxsfm51bGx-bnVsbH5udWxsfm51bGx-bnVsbHxefGZpbGVJZH58KnxefGZpbGVOYW1lfnwqfF58%0DdGVtcGxhdGVJZH58KmJlZDdhYmVhYzU2ZTU2MGE5NmI3ZmVmNGM4NDZhNjkxZmUzZGViMmU0ZDFl%0DNWJiZjEwODViOGQ5ZTJjNmU5MzR8XnxjcmVmfnwqTlNUQUxSVEZDfF58dmVyc2lvbn58KlZFUlNJ%0DT05fMXxefGFjdGlvblR5cGV-fCpjbGlja3xefGFjb2Rlfnwqc19oZGZjZW1haWx8XnxwY29kZX58%0DKnNfaGRmY2VtYWlsfF58YWlkfnwqNzEwNTg4MDAwMDAwMDB8XnxwaWR-fCo3MTA1ODgwMDAwMDAw%0DMHxefG9yaWd-fCpodHRwczovL3d3dy5oZGZjYmFuay5jb20vcGVyc29uYWwvcmVzb3VyY2VzL2Zl%0DZXMtYW5kLWNoYXJnZXM\" target=\"_blank\"><strong>click here.</strong></a></td>\r\n		</tr>\r\n		<tr>\r\n			<td>&copy; HDFC Bank&nbsp;@krx</td>\r\n		</tr>\r\n	</tbody>\r\n</table>\r\n');

--
-- Indexes for table `campaign`
--
ALTER TABLE `campaign`
  ADD PRIMARY KEY (`id`);

--
-- Indexes for table `govariable`
--
ALTER TABLE `govariable`
  ADD PRIMARY KEY (`id`);

--
-- Indexes for table `industry`
--
ALTER TABLE `industry`
  ADD PRIMARY KEY (`id`);

--
-- Indexes for table `leads`
--
ALTER TABLE `leads`
  ADD PRIMARY KEY (`id`);

--
-- Indexes for table `lists`
--
ALTER TABLE `lists`
  ADD PRIMARY KEY (`id`);

--
-- Indexes for table `list_item`
--
ALTER TABLE `list_item`
  ADD PRIMARY KEY (`id`);

--
-- Indexes for table `payment_link`
--
ALTER TABLE `payment_link`
  ADD PRIMARY KEY (`id`);

--
-- Indexes for table `template`
--
ALTER TABLE `template`
  ADD PRIMARY KEY (`id`);

--
-- AUTO_INCREMENT for table `campaign`
--
ALTER TABLE `campaign`
  MODIFY `id` int NOT NULL AUTO_INCREMENT, AUTO_INCREMENT=8;

--
-- AUTO_INCREMENT for table `govariable`
--
ALTER TABLE `govariable`
  MODIFY `id` int NOT NULL AUTO_INCREMENT, AUTO_INCREMENT=9;

--
-- AUTO_INCREMENT for table `industry`
--
ALTER TABLE `industry`
  MODIFY `id` int NOT NULL AUTO_INCREMENT, AUTO_INCREMENT=5;

--
-- AUTO_INCREMENT for table `leads`
--
ALTER TABLE `leads`
  MODIFY `id` int NOT NULL AUTO_INCREMENT, AUTO_INCREMENT=281;

--
-- AUTO_INCREMENT for table `lists`
--
ALTER TABLE `lists`
  MODIFY `id` int NOT NULL AUTO_INCREMENT, AUTO_INCREMENT=9;

--
-- AUTO_INCREMENT for table `list_item`
--
ALTER TABLE `list_item`
  MODIFY `id` int NOT NULL AUTO_INCREMENT, AUTO_INCREMENT=139;

--
-- AUTO_INCREMENT for table `payment_link`
--
ALTER TABLE `payment_link`
  MODIFY `id` int NOT NULL AUTO_INCREMENT, AUTO_INCREMENT=7;

--
-- AUTO_INCREMENT for table `template`
--
ALTER TABLE `template`
  MODIFY `id` int NOT NULL AUTO_INCREMENT, AUTO_INCREMENT=9;
COMMIT;

