-- https://www.phpmyadmin.net/
--

START TRANSACTION;



-- --------------------------------------------------------

--
-- Table structure for table `ads`
--

CREATE TABLE `ads` (
  `id` int NOT NULL,
  `post_id` varchar(255) CHARACTER SET utf8mb4 COLLATE utf8mb4_general_ci DEFAULT NULL,
  `title` varchar(255) CHARACTER SET utf8mb4 COLLATE utf8mb4_general_ci DEFAULT NULL,
  `category_id` int DEFAULT NULL,
  `city_id` int DEFAULT NULL,
  `locality_id` int NOT NULL,
  `state_id` int DEFAULT NULL,
  `whatsapp_number` varchar(15) CHARACTER SET utf8mb4 COLLATE utf8mb4_general_ci DEFAULT NULL,
  `contact_number` varchar(15) CHARACTER SET utf8mb4 COLLATE utf8mb4_general_ci DEFAULT NULL,
  `main_image` varchar(255) CHARACTER SET utf8mb4 COLLATE utf8mb4_general_ci DEFAULT NULL,
  `image1` varchar(255) CHARACTER SET utf8mb4 COLLATE utf8mb4_general_ci DEFAULT NULL,
  `image2` varchar(255) CHARACTER SET utf8mb4 COLLATE utf8mb4_general_ci DEFAULT NULL,
  `image3` varchar(255) CHARACTER SET utf8mb4 COLLATE utf8mb4_general_ci DEFAULT NULL,
  `image4` varchar(255) CHARACTER SET utf8mb4 COLLATE utf8mb4_general_ci DEFAULT NULL,
  `meta_title` varchar(255) CHARACTER SET utf8mb4 COLLATE utf8mb4_general_ci DEFAULT NULL,
  `meta_description` text CHARACTER SET utf8mb4 COLLATE utf8mb4_general_ci,
  `meta_keywords` text CHARACTER SET utf8mb4 COLLATE utf8mb4_general_ci,
  `url` varchar(255) CHARACTER SET utf8mb4 COLLATE utf8mb4_general_ci DEFAULT NULL,
  `status` enum('published','draft','pending','rejected','expired') CHARACTER SET utf8mb4 COLLATE utf8mb4_general_ci DEFAULT NULL,
  `services` varchar(255) CHARACTER SET utf8mb4 COLLATE utf8mb4_general_ci DEFAULT NULL,
  `age` varchar(300) CHARACTER SET utf8mb4 COLLATE utf8mb4_general_ci DEFAULT NULL,
  `gender` varchar(255) CHARACTER SET utf8mb4 COLLATE utf8mb4_general_ci DEFAULT NULL,
  `is_verified` int DEFAULT '0',
  `date` datetime NOT NULL DEFAULT CURRENT_TIMESTAMP,
  `loaded` int DEFAULT '0',
  `ads_promoted` tinyint(1) DEFAULT '0',
  `date_till_promoted` date DEFAULT NULL
) ENGINE=InnoDB DEFAULT CHARSET=utf8mb4 COLLATE=utf8mb4_general_ci;

--
-- Dumping data for table `ads`
--

INSERT INTO `ads` (`id`, `post_id`, `title`, `category_id`, `city_id`, `locality_id`, `state_id`, `whatsapp_number`, `contact_number`, `main_image`, `image1`, `image2`, `image3`, `image4`, `meta_title`, `meta_description`, `meta_keywords`, `url`, `status`, `services`, `age`, `gender`, `is_verified`, `date`, `loaded`, `ads_promoted`, `date_till_promoted`) VALUES
(3, '1', ' Sahil Ambulance Servicse', 7, 198, 165, 22, '913333333333', '+91333333333', '1729919364_main_image.jpg', '1729749872_image1.png', '1729919364_image2.jpg', '', '', 'Ecomsite  - Return and Refund Policy', 'At Sahil Ambulance Service, we pride ourselves on delivering fast, reliable, and professional emergency medical transportation. With a dedicated team of highly trained staff, we ensure that every patient receives the utmost care and attention, no matter the situation. Our prompt response time and commitment to excellence have made us a trusted name in the community.\r\n\r\nWhether you need urgent medical transport or specialized services like ventilator support, oxygen systems, or trauma care, our fleet of well-equipped ambulances is ready to respond 24/7. We understand that every second counts in an emergency, and we strive to provide safe and efficient services when you need them most.\r\n\r\nAt Sahil Ambulance Service, your health and safety are our top priorities. Count on us for compassionate, professional care during critical moments. We are here for you—always ready, always reliable.', 'ewd', 'https://www.youtube.com/watch?v=vlCiPP5jzl0&list=PLRB0wzP8AS_EQ6oXAjzH1qdpV4eVPd7Tp&index=5&pp=iAQB', 'draft', 'Ambulance Services, 24 Hours Ambulance Services, Pet Ambulance Services, Domestic Ambulance Services, Ventilator Ambulance Services, AC Ambulance Services, Trauma Ambulance Services, Oxygen System Ambulance Services', '0', 'None', 1, '2024-10-24 11:34:34', 0, 1, NULL);

-- --------------------------------------------------------

--
-- Table structure for table `category`
--

CREATE TABLE `category` (
  `id` int NOT NULL,
  `category_name` varchar(255) CHARACTER SET utf8mb4 COLLATE utf8mb4_general_ci DEFAULT NULL,
  `category_banner` varchar(255) CHARACTER SET utf8mb4 COLLATE utf8mb4_general_ci DEFAULT NULL,
  `slug` varchar(255) CHARACTER SET utf8mb4 COLLATE utf8mb4_general_ci NOT NULL
) ENGINE=InnoDB DEFAULT CHARSET=utf8mb4 COLLATE=utf8mb4_general_ci;

--
-- Dumping data for table `category`
--

INSERT INTO `category` (`id`, `category_name`, `category_banner`, `slug`) VALUES
(7, 'Ambulance Service', '', 'ambulance-service');

-- --------------------------------------------------------

--
-- Table structure for table `city`
--

CREATE TABLE `city` (
  `id` int NOT NULL,
  `city_name` varchar(255) CHARACTER SET utf8mb4 COLLATE utf8mb4_general_ci DEFAULT NULL,
  `state_id` int DEFAULT NULL,
  `slug` varchar(255) CHARACTER SET utf8mb4 COLLATE utf8mb4_general_ci NOT NULL,
  `meta_title` varchar(255) CHARACTER SET utf8mb4 COLLATE utf8mb4_general_ci NOT NULL,
  `meta_keywords` varchar(255) CHARACTER SET utf8mb4 COLLATE utf8mb4_general_ci NOT NULL,
  `meta_description` text CHARACTER SET utf8mb4 COLLATE utf8mb4_general_ci NOT NULL,
  `ad_post` varchar(255) CHARACTER SET utf8mb4 COLLATE utf8mb4_general_ci DEFAULT 'yes'
) ENGINE=InnoDB DEFAULT CHARSET=utf8mb4 COLLATE=utf8mb4_general_ci;

--
-- Dumping data for table `city`
--

INSERT INTO `city` (`id`, `city_name`, `state_id`, `slug`, `meta_title`, `meta_keywords`, `meta_description`, `ad_post`) VALUES
(90, 'Visakhapatnam', 7, 'visakhapatnam', '', '', '', 'yes'),
(106, 'Guwahati', 12, 'guwahati', '', '', '', 'yes'),
(114, 'Patna', 11, 'patna', '', '', '', 'yes'),
(122, 'Raipur', 27, 'raipur', '', '', '', 'yes'),
(134, 'Gurgaon', 3, 'gurgaon', '', '', '', 'yes'),
(135, 'Ambala', 3, 'ambala', '', '', '', 'yes'),
(136, 'Panipat', 3, 'panipat', '', '', '', 'yes'),
(139, 'Rohtak', 3, 'rohtak', '', '', '', 'yes'),
(140, 'Bhopal', 26, 'bhopal', '', '', '', 'yes'),
(141, 'Indore', 26, 'indore', '', '', '', 'yes'),
(148, 'Mumbai', 2, 'mumbai', ' Call Girls {city} Lorem Imspium - Clukko', '{city} Call Girls', ' Call Girls {city} Lorem Imspium - Clukko', 'yes'),
(149, 'Pune', 2, 'pune', '', '', '', 'yes'),
(150, 'Nagpur', 2, 'nagpur', '', '', '', 'yes'),
(152, 'Nashik', 2, 'nashik', '', '', '', 'yes'),
(157, 'Amritsar', 6, 'amritsar', '', '', '', 'yes'),
(158, 'Ludhiana', 6, 'ludhiana', '', '', '', 'yes'),
(159, 'Jalandhar', 6, 'jalandhar', '', '', '', 'yes'),
(160, 'Patiala', 6, 'patiala', '', '', '', 'yes'),
(161, 'Bathinda', 6, 'bathinda', '', '', '', 'yes'),
(163, 'Mohali', 6, 'mohali', '', '', '', 'yes'),
(164, 'Jaipur', 1, 'jaipur', '', '', '', 'yes'),
(165, 'Jodhpur', 1, 'jodhpur', '', '', '', 'yes'),
(167, 'Kota', 1, 'kota', '', '', '', 'yes'),
(168, 'Ajmer', 1, 'ajmer', '', '', '', 'yes'),
(172, 'Lucknow', 10, 'lucknow', '', '', '', 'yes'),
(173, 'Kanpur', 10, 'kanpur', '', '', '', 'yes'),
(174, 'Agra', 10, 'agra', '', '', '', 'yes'),
(175, 'Varanasi', 10, 'varanasi', '', '', '', 'yes'),
(176, 'Allahabad', 10, 'allahabad', '', '', '', 'yes'),
(177, 'Ghaziabad', 10, 'ghaziabad', '', '', '', 'yes'),
(179, 'Bareilly', 10, 'bareilly', '', '', '', 'yes'),
(180, 'Bangalore', 13, 'bangalore', '', '', '', 'yes'),
(182, 'Delhi', 4, 'delhi', '', '', '', 'no'),
(183, 'Hyderabad', 31, 'hyderabad', '', '', '', 'yes'),
(184, 'Kolkata', 15, 'kolkata', '', '', '', 'yes'),
(185, 'Chennai', 24, 'chennai', '', '', '', 'yes'),
(187, 'Goa', 21, 'goa', '', '', '', 'yes'),
(188, 'Zirakpur', 6, 'zirakpur', '', '', '', 'yes'),
(189, 'Ahmedabad', 9, 'ahmedabad', '', '', '', 'yes'),
(190, 'Surat', 9, 'surat', '', '', '', 'yes'),
(191, 'Rajkot', 9, 'rajkot', '', '', '', 'yes'),
(192, 'Bhubaneswar', 30, 'bhubaneswar', '', '', '', 'yes'),
(193, 'Dehradun', 32, 'dehradun', '', '', '', 'yes'),
(194, 'Cuttack', 30, 'cuttack', '', '', '', 'yes'),
(198, 'Kochi', 22, 'kochi', '', '', '', 'yes'),
(200, 'Noida', 10, 'noida', '', '', '', 'yes'),
(201, 'Ranchi', 17, 'ranchi', '', '', '', 'yes'),
(202, 'Udaipur', 1, 'udaipur', '', '', '', 'yes'),
(203, 'Mangalore', 13, 'mangalore', '', '', '', 'yes'),
(204, 'Mysore', 13, 'mysore', '', '', '', 'yes'),
(210, 'Chandigarh', 6, 'chandigarh', '', '', '', 'yes'),
(211, 'Manali', 23, 'manali', '', '', '', 'yes'),
(212, 'Meerut', 10, 'meerut', '', '', '', 'yes'),
(213, 'Aligarh', 10, 'aligarh', '', '', '', 'yes'),
(214, 'Jhansi', 10, 'jhansi', '', '', '', 'yes'),
(215, 'Haridwar', 32, 'haridwar', '', '', '', 'yes'),
(216, 'Mussoorie', 32, 'mussoorie', '', '', '', 'yes'),
(218, 'Vijayawada', 7, 'vijayawada', '', '', '', 'yes'),
(219, 'Nainital', 32, 'nainital', '', '', '', 'yes'),
(220, 'Vadodara', 9, 'vadodara', '', '', '', 'yes'),
(222, 'Faridabad', 3, 'faridabad', '', '', '', 'yes'),
(223, 'Gwalior', 26, 'gwalior', '', '', '', 'yes'),
(224, 'Shimla', 23, 'shimla', '', '', '', 'yes'),
(226, 'Mathura', 10, 'mathura', '', '', '', 'yes'),
(227, 'Bijnor', 10, 'bijnor', '', '', '', 'yes'),
(228, 'Rishikesh', 32, 'rishikesh', '', '', '', 'yes');

-- --------------------------------------------------------

--
-- Table structure for table `contectus`
--

CREATE TABLE `contectus` (
  `id` int NOT NULL,
  `name` varchar(255) CHARACTER SET utf8mb4 COLLATE utf8mb4_general_ci NOT NULL,
  `email` varchar(255) CHARACTER SET utf8mb4 COLLATE utf8mb4_general_ci NOT NULL,
  `subject` varchar(255) CHARACTER SET utf8mb4 COLLATE utf8mb4_general_ci NOT NULL,
  `message` longtext CHARACTER SET utf8mb4 COLLATE utf8mb4_general_ci NOT NULL,
  `created_at` datetime NOT NULL DEFAULT CURRENT_TIMESTAMP
) ENGINE=InnoDB DEFAULT CHARSET=utf8mb4 COLLATE=utf8mb4_general_ci;

-- --------------------------------------------------------

--
-- Table structure for table `content`
--

CREATE TABLE `content` (
  `id` int NOT NULL,
  `location_content` text CHARACTER SET utf8mb4 COLLATE utf8mb4_general_ci NOT NULL,
  `city_content` text CHARACTER SET utf8mb4 COLLATE utf8mb4_general_ci NOT NULL,
  `home_content` text CHARACTER SET utf8mb4 COLLATE utf8mb4_general_ci NOT NULL
) ENGINE=InnoDB DEFAULT CHARSET=utf8mb4 COLLATE=utf8mb4_general_ci;

--
-- Dumping data for table `content`
--

INSERT INTO `content` (`id`, `location_content`, `city_content`, `home_content`) VALUES
(1, '<h2>What is Lorem Ipsum?</h2>\r\n\r\n<p><strong>Lorem Ipsum</strong>&nbsp;is simply dummy text of the printing and typesetting industry. Lorem Ipsum has been the industry&#39;s standard dummy text ever since the 1500s, when an unknown printer took a galley of type and scrambled it to make a type specimen book. It has survived not only five centuries, but also the leap into electronic typesetting, remaining essentially unchanged. It was popularised in the 1960s with the release of Letraset sheets containing Lorem Ipsum passages, and more recently with desktop publishing software like Aldus PageMaker including versions of Lorem Ipsum.</p>\r\n\r\n<h2>Why do we use it?</h2>\r\n\r\n<p>It is a long established fact that a reader will be distracted by the readable content of a page when looking at its layout. The point of using Lorem Ipsum is that it has a more-or-less normal distribution of letters, as opposed to using &#39;Content here, content here&#39;, making it look like readable English. Many desktop publishing packages and web page editors now use Lorem Ipsum as their default model text, and a search for &#39;lorem ipsum&#39; will uncover many web sites still in their infancy. Various versions have evolved over the years, sometimes by accident, sometimes on purpose (injected humour and the like).</p>\r\n', '<h2>What is Lorem Ipsum?</h2>\r\n\r\n<p><strong>Lorem Ipsum</strong>&nbsp;is simply dummy text of the printing and typesetting industry. Lorem Ipsum has been the industry&#39;s standard dummy text ever since the 1500s, when an unknown printer took a galley of type and scrambled it to make a type specimen book. It has survived not only five centuries, but also the leap into electronic typesetting, remaining essentially unchanged. It was popularised in the 1960s with the release of Letraset sheets containing Lorem Ipsum passages, and more recently with desktop publishing software like Aldus PageMaker including versions of Lorem Ipsum.</p>\r\n\r\n<h2>Why do we use it?</h2>\r\n\r\n<p>It is a long established fact that a reader will be distracted by the readable content of a page when looking at its layout. The point of using Lorem Ipsum is that it has a more-or-less normal distribution of letters, as opposed to using &#39;Content here, content here&#39;, making it look like readable English. Many desktop publishing packages and web page editors now use Lorem Ipsum as their default model text, and a search for &#39;lorem ipsum&#39; will uncover many web sites still in their infancy. Various versions have evolved over the years, sometimes by accident, sometimes on purpose (injected humour and the like).</p>\r\n', '<h3>Sample Content Section123</h3>\r\n\r\n<p>This is a sample content area within a card with a top border. You can use this section to display any kind of information, such as announcements, news, or important updates.</p>\r\n\r\n<p>Lorem ipsum dolor sit amet, consectetur adipiscing elit. Nullam quis lacus vel arcu fermentum commodo. Cras vulputate, sapien id ultricies laoreet, odio magna tincidunt nunc, sed consectetur velit sapien vel lectus.</p>\r\n\r\n<ul>\r\n	<li>Item 1</li>\r\n	<li>Item 2</li>\r\n	<li>Item 3</li>\r\n</ul>\r\n\r\n<p>This section is styled similarly to the rest of the page, ensuring visual consistency.</p>\r\n\r\n<h3>Sample Content Section</h3>\r\n\r\n<p>This is a sample content area within a card with a top border. You can use this section to display any kind of information, such as announcements, news, or important updates.</p>\r\n\r\n<p>Lorem ipsum dolor sit amet, consectetur adipiscing elit. Nullam quis lacus vel arcu fermentum commodo. Cras vulputate, sapien id ultricies laoreet, odio magna tincidunt nunc, sed consectetur velit sapien vel lectus.</p>\r\n\r\n<ul>\r\n	<li>Item 1</li>\r\n	<li>Item 2</li>\r\n	<li>Item 3</li>\r\n</ul>\r\n\r\n<p>This section is styled similarly to the rest of the page, ensuring visual consistency.</p>\r\n');

-- --------------------------------------------------------

--
-- Table structure for table `india_top_location`
--

CREATE TABLE `india_top_location` (
  `id` int NOT NULL,
  `state_id` int NOT NULL,
  `city_id` int NOT NULL
) ENGINE=InnoDB DEFAULT CHARSET=utf8mb4 COLLATE=utf8mb4_general_ci;

--
-- Dumping data for table `india_top_location`
--

INSERT INTO `india_top_location` (`id`, `state_id`, `city_id`) VALUES
(14, 11, 114),
(15, 27, 122),
(16, 4, 182),
(17, 21, 187),
(19, 9, 190),
(20, 9, 189),
(21, 3, 134),
(27, 13, 180),
(32, 26, 140),
(33, 26, 141),
(34, 2, 148),
(35, 2, 149),
(36, 2, 150),
(38, 30, 192),
(41, 6, 158),
(42, 6, 159),
(45, 6, 163),
(46, 6, 188),
(47, 6, 210),
(48, 1, 164),
(49, 1, 165),
(52, 1, 202),
(53, 24, 185),
(54, 31, 183),
(55, 10, 172),
(56, 10, 173),
(57, 10, 174),
(58, 10, 175),
(60, 10, 177),
(62, 10, 200),
(65, 7, 90),
(66, 12, 106),
(67, 9, 220);

-- --------------------------------------------------------

--
-- Table structure for table `locality`
--

CREATE TABLE `locality` (
  `id` int NOT NULL,
  `location_name` varchar(255) CHARACTER SET utf8mb4 COLLATE utf8mb4_general_ci NOT NULL,
  `city_id` int NOT NULL,
  `state_id` int NOT NULL,
  `slug` varchar(255) CHARACTER SET utf8mb4 COLLATE utf8mb4_general_ci NOT NULL,
  `meta_title` varchar(255) CHARACTER SET utf8mb4 COLLATE utf8mb4_general_ci NOT NULL,
  `meta_keywords` varchar(255) CHARACTER SET utf8mb4 COLLATE utf8mb4_general_ci NOT NULL,
  `meta_description` text CHARACTER SET utf8mb4 COLLATE utf8mb4_general_ci NOT NULL
) ENGINE=InnoDB DEFAULT CHARSET=utf8mb4 COLLATE=utf8mb4_general_ci;

--
-- Dumping data for table `locality`
--

INSERT INTO `locality` (`id`, `location_name`, `city_id`, `state_id`, `slug`, `meta_title`, `meta_keywords`, `meta_description`) VALUES
(10, 'Bommanahalli', 180, 13, 'bommanahalli', '', '', ''),
(14, 'Gajuwaka', 90, 7, 'gajuwaka', '', '', ''),
(15, 'Madhurawada', 90, 7, 'madhurawada', '', '', ''),
(16, 'Sujatha Nagar', 90, 7, 'sujatha-nagar', '', '', ''),
(17, 'Maharani Peta', 90, 7, 'maharani-peta', '', '', ''),
(18, 'Dharapur', 106, 12, 'dharapur', '', '', ''),
(19, 'Paltan bazar', 106, 12, 'paltan-bazar', '', '', ''),
(20, 'Gs Road', 106, 12, 'gs-road', '', '', ''),
(21, 'Dispur', 106, 12, 'dispur', '', '', ''),
(22, 'Kidwaipuri', 114, 11, 'kidwaipuri', '', '', ''),
(23, 'Lodipur', 114, 11, 'lodipur', '', '', ''),
(24, 'Shastri nagar', 114, 11, 'shastri-nagar', '', '', ''),
(25, 'Kankarbagh', 114, 11, 'kankarbagh', '', '', ''),
(26, 'Gudhiyari', 122, 27, 'gudhiyari', '', '', ''),
(27, 'Moudhapara', 122, 27, 'moudhapara', '', '', ''),
(28, 'Vishal nagar', 122, 27, 'vishal-nagar', '', '', ''),
(29, 'Aerocity', 182, 4, 'aerocity', '', '', ''),
(30, 'Karol bagh', 182, 4, 'karol-bagh', '', '', ''),
(31, 'Saket', 182, 4, 'saket', '', '', ''),
(32, 'Mahipalpur', 182, 4, 'mahipalpur', '', '', ''),
(33, 'Malviya nagar delhi', 182, 4, 'malviya-nagar-delhi', '', '', ''),
(34, 'Chanakyapuri', 182, 4, 'chanakyapuri', '', '', ''),
(35, 'Shahdara', 182, 4, 'shahdara', '', '', ''),
(36, 'Faridabad', 182, 4, 'faridabad', '', '', ''),
(37, 'Rohini', 182, 4, 'rohini', '', '', ''),
(38, 'Candolim', 187, 21, 'candolim', '', '', ''),
(39, 'Panaji', 187, 21, 'panaji', '', '', ''),
(40, 'Canacona', 187, 21, 'canacona', '', '', ''),
(41, 'Colva beach', 187, 21, 'colva-beach', '', '', ''),
(42, 'Calangute', 187, 21, 'calangute', '', '', ''),
(43, 'Baga beach', 187, 21, 'baga-beach', '', '', ''),
(44, 'North goa', 187, 21, 'north-goa', '', '', ''),
(45, 'Ambawadi', 189, 9, 'ambawadi', '', '', ''),
(46, 'Vastrapur', 189, 9, 'vastrapur', '', '', ''),
(47, 'Amraiwadi', 189, 9, 'amraiwadi', '', '', ''),
(48, 'Chandkheda', 189, 9, 'chandkheda', '', '', ''),
(49, 'Navrangpura', 189, 9, 'navrangpura', '', '', ''),
(50, 'Vesu', 190, 9, 'vesu', '', '', ''),
(51, 'Varachha', 190, 9, 'varachha', '', '', ''),
(52, 'Parle Point', 190, 9, 'parle-point', '', '', ''),
(53, 'Athwa', 190, 9, 'athwa', '', '', ''),
(54, 'Kadodara', 190, 9, 'kadodara', '', '', ''),
(55, 'Piplod', 190, 9, 'piplod', '', '', ''),
(56, 'Madhapar', 191, 9, 'madhapar', '', '', ''),
(57, 'Nana mava', 191, 9, 'nana-mava', '', '', ''),
(58, 'Kalawad Road', 191, 9, 'kalawad-road', '', '', ''),
(59, 'Bhakti nagar', 191, 9, 'bhakti-nagar', '', '', ''),
(60, 'Karanpara', 191, 9, 'karanpara', '', '', ''),
(61, 'DLF City', 134, 3, 'dlf-city', '', '', ''),
(62, 'Sohna Road', 134, 3, 'sohna-road', '', '', ''),
(63, 'Palam Vihar', 134, 3, 'palam-vihar', '', '', ''),
(64, 'Nirvana Country', 134, 3, 'nirvana-country', '', '', ''),
(65, 'Sector 9', 135, 3, 'sector-9', '', '', ''),
(66, 'Baldev nagar', 135, 3, 'baldev-nagar', '', '', ''),
(67, 'Sector 10', 135, 3, 'sector-10', '', '', ''),
(68, 'Sector 8', 135, 3, 'sector-8', '', '', ''),
(69, 'Sector 34', 135, 3, 'sector-34', '', '', ''),
(70, 'Jalbera road', 135, 3, 'jalbera-road', '', '', ''),
(71, 'Sector 18', 136, 3, 'sector-18', '', '', ''),
(72, 'Huda', 136, 3, 'huda', '', '', ''),
(73, 'Faridpur', 136, 3, 'faridpur', '', '', ''),
(74, 'Model Town', 136, 3, 'model-town', '', '', ''),
(75, 'Sector 40', 136, 3, 'sector-40', '', '', ''),
(76, 'Ashok Vihar Colony', 136, 3, 'ashok-vihar-colony', '', '', ''),
(77, 'Kirpal Nagar', 139, 3, 'kirpal-nagar', '', '', ''),
(78, 'Sunaria Chowk', 139, 3, 'sunaria-chowk', '', '', ''),
(79, 'Sampla', 139, 3, 'sampla', '', '', ''),
(80, 'Jhajjar Road', 139, 3, 'jhajjar-road', '', '', ''),
(81, 'Sector 34', 139, 3, 'sector-34', '', '', ''),
(82, 'Sector 4', 139, 3, 'sector-4', '', '', ''),
(83, 'Sonepat Road', 139, 3, 'sonepat-road', '', '', ''),
(84, 'Aleo', 211, 23, 'aleo', '', '', ''),
(85, 'Old Manali', 211, 23, 'old-manali', '', '', ''),
(86, 'Morabadi', 201, 17, 'morabadi', '', '', ''),
(87, 'Kanke', 201, 17, 'kanke', '', '', ''),
(88, 'Ashok nagar', 201, 17, 'ashok-nagar', '', '', ''),
(89, 'Lalpur chowk', 201, 17, 'lalpur-chowk', '', '', ''),
(90, 'Resaldar nagar', 201, 17, 'resaldar-nagar', '', '', ''),
(91, 'Station road', 201, 17, 'station-road', '', '', ''),
(92, 'Indiranagar', 180, 13, 'indiranagar', '', '', ''),
(93, 'Mg road', 180, 13, 'mg-road', '', '', ''),
(94, 'Adugodi', 180, 13, 'adugodi', '', '', ''),
(95, 'Banashankari', 180, 13, 'banashankari', '', '', ''),
(96, 'Brookefield', 180, 13, 'brookefield', '', '', ''),
(97, 'Btm layout', 180, 13, 'btm-layout', '', '', ''),
(98, 'Domlur', 180, 13, 'domlur', '', '', ''),
(99, 'Electronic city', 180, 13, 'electronic-city', '', '', ''),
(100, 'Hebbal', 180, 13, 'hebbal', '', '', ''),
(101, 'Hsr layout', 180, 13, 'hsr-layout', '', '', ''),
(102, 'Jayanagar', 180, 13, 'jayanagar', '', '', ''),
(103, 'Jp nagar', 180, 13, 'jp-nagar', '', '', ''),
(104, 'Koramangala', 180, 13, 'koramangala', '', '', ''),
(105, 'Kr puram', 180, 13, 'kr-puram', '', '', ''),
(106, 'Madiwala', 180, 13, 'madiwala', '', '', ''),
(107, 'Majestic', 180, 13, 'majestic', '', '', ''),
(108, 'Marathahalli', 180, 13, 'marathahalli', '', '', ''),
(109, 'Richmond road', 180, 13, 'richmond-road', '', '', ''),
(110, 'Rt nagar', 180, 13, 'rt-nagar', '', '', ''),
(111, 'Ub city', 180, 13, 'ub-city', '', '', ''),
(112, 'Vijayanagar', 180, 13, 'vijayanagar', '', '', ''),
(113, 'Whitefield', 180, 13, 'whitefield', '', '', ''),
(114, 'Yelahanka', 180, 13, 'yelahanka', '', '', ''),
(115, 'Yeshwanthpur', 180, 13, 'yeshwanthpur', '', '', ''),
(116, 'Silk board', 180, 13, 'silk-board', '', '', ''),
(117, 'Banaswadi', 180, 13, 'banaswadi', '', '', ''),
(118, 'Kadri', 203, 13, 'kadri', '', '', ''),
(119, 'Bejai', 203, 13, 'bejai', '', '', ''),
(120, 'Surathkal', 203, 13, 'surathkal', '', '', ''),
(121, 'Urwa', 203, 13, 'urwa', '', '', ''),
(122, 'Moodabidri', 203, 13, 'moodabidri', '', '', ''),
(123, 'Derebail', 203, 13, 'derebail', '', '', ''),
(124, 'Bannimantap', 204, 13, 'bannimantap', '', '', ''),
(125, 'Agrahara', 204, 13, 'agrahara', '', '', ''),
(126, 'Bogadi', 204, 13, 'bogadi', '', '', ''),
(127, 'Gokulam', 204, 13, 'gokulam', '', '', ''),
(128, 'Kesare', 204, 13, 'kesare', '', '', ''),
(129, 'Putligarh', 157, 6, 'putligarh', '', '', ''),
(130, 'Mirankot Road', 157, 6, 'mirankot-road', '', '', ''),
(131, 'Chheharat', 157, 6, 'chheharat', '', '', ''),
(132, 'Bhawani Nagar', 157, 6, 'bhawani-nagar', '', '', ''),
(133, 'Amritsar Cantt', 157, 6, 'amritsar-cantt', '', '', ''),
(134, 'Kartar Nagar', 157, 6, 'kartar-nagar', '', '', ''),
(135, 'Model Town', 158, 6, 'model-town', '', '', ''),
(136, 'Civil Lines', 158, 6, 'civil-lines', '', '', ''),
(137, 'Model Town', 159, 6, 'model-town', '', '', ''),
(138, 'Basti Nau', 159, 6, 'basti-nau', '', '', ''),
(139, 'Golden Avenue', 159, 6, 'golden-avenue', '', '', ''),
(140, 'Urban Estate', 159, 6, 'urban-estate', '', '', ''),
(141, 'Charan Bagh', 160, 6, 'charan-bagh', '', '', ''),
(142, 'Ghuman Nagar', 160, 6, 'ghuman-nagar', '', '', ''),
(143, 'Tripuri', 160, 6, 'tripuri', '', '', ''),
(144, 'Goniana', 161, 6, 'goniana', '', '', ''),
(145, 'Multania Road', 161, 6, 'multania-road', '', '', ''),
(146, 'Ganpati Enclave', 161, 6, 'ganpati-enclave', '', '', ''),
(147, 'Model Town', 161, 6, 'model-town', '', '', ''),
(148, 'Kharar', 163, 6, 'kharar', '', '', ''),
(149, 'Sas Nagar', 163, 6, 'sas-nagar', '', '', ''),
(150, 'Banur', 163, 6, 'banur', '', '', ''),
(151, 'Sector 88', 163, 6, 'sector-88', '', '', ''),
(152, 'Dhakoli', 188, 6, 'dhakoli', '', '', ''),
(153, 'VIP Road', 188, 6, 'vip-road', '', '', ''),
(154, 'Ghazipur', 188, 6, 'ghazipur', '', '', ''),
(155, 'Kishanpura', 188, 6, 'kishanpura', '', '', ''),
(156, 'Lohgarh', 188, 6, 'lohgarh', '', '', ''),
(157, 'Preet Colony', 188, 6, 'preet-colony', '', '', ''),
(158, 'Sector 17', 210, 6, 'sector-17', '', '', ''),
(159, 'Sector 35', 210, 6, 'sector-35', '', '', ''),
(160, 'Sector 24', 210, 6, 'sector-24', '', '', ''),
(161, 'Attawa', 210, 6, 'attawa', '', '', ''),
(162, 'Khajheri', 210, 6, 'khajheri', '', '', ''),
(163, 'Sector 45', 210, 6, 'sector-45', '', '', ''),
(164, 'Sector 42', 210, 6, 'sector-42', '', '', ''),
(165, 'Kakkanad', 198, 22, 'kakkanad', '', '', ''),
(166, 'Ernakulam', 198, 22, 'ernakulam', '', '', ''),
(167, 'Edappally', 198, 22, 'edappally', '', '', ''),
(168, 'Tripunithura', 198, 22, 'tripunithura', '', '', ''),
(169, 'MP Nagar', 140, 26, 'mp-nagar', '', '', ''),
(170, 'New Market', 140, 26, 'new-market', '', '', ''),
(171, 'Arera Colony', 140, 26, 'arera-colony', '', '', ''),
(172, 'Katara Hills', 140, 26, 'katara-hills', '', '', ''),
(173, 'Kolar Road', 140, 26, 'kolar-road', '', '', ''),
(174, 'Old palasia', 141, 26, 'old-palasia', '', '', ''),
(175, 'Vijay nagar', 141, 26, 'vijay-nagar', '', '', ''),
(176, 'Sudama nagar', 141, 26, 'sudama-nagar', '', '', ''),
(177, 'Bengali square', 141, 26, 'bengali-square', '', '', ''),
(178, 'Rajendra nagar', 141, 26, 'rajendra-nagar', '', '', ''),
(179, 'Tukoganj', 141, 26, 'tukoganj', '', '', ''),
(180, 'Bandra', 148, 2, 'bandra', ' Call Girls {locality} ({city}) Lorem Imspium - Clukko', ' Call Girls  {locality} ({city})', ' Call Girls {locality} ({city})  Lorem Imspium - Clukko'),
(181, 'Vile parle', 148, 2, 'vile-parle', '', '', ''),
(182, 'Andheri', 148, 2, 'andheri', '', '', ''),
(183, 'Chembur', 148, 2, 'chembur', '', '', ''),
(184, 'Goregaon', 148, 2, 'goregaon', '', '', ''),
(185, 'Juhu', 148, 2, 'juhu', '', '', ''),
(186, 'Navi mumbai', 148, 2, 'navi-mumbai', '', '', ''),
(187, 'Ghatkopar', 148, 2, 'ghatkopar', '', '', ''),
(188, 'Bhiwandi', 148, 2, 'bhiwandi', '', '', ''),
(189, 'Nerul', 148, 2, 'nerul', '', '', ''),
(190, 'Lower parel', 148, 2, 'lower-parel', '', '', ''),
(191, 'Worli', 148, 2, 'worli', '', '', ''),
(192, 'Borivali', 148, 2, 'borivali', '', '', ''),
(193, 'Kurla', 148, 2, 'kurla', '', '', ''),
(194, 'Wadala', 148, 2, 'wadala', '', '', ''),
(195, 'Dadar', 148, 2, 'dadar', '', '', ''),
(196, 'Mira road', 148, 2, 'mira-road', '', '', ''),
(197, 'Panvel', 148, 2, 'panvel', '', '', ''),
(198, 'Santacruz', 148, 2, 'santacruz', '', '', ''),
(199, 'Koregaon park', 149, 2, 'koregaon-park', '', '', ''),
(200, 'Aundh', 149, 2, 'aundh', '', '', ''),
(201, 'Kothrud', 149, 2, 'kothrud', '', '', ''),
(202, 'Viman nagar', 149, 2, 'viman-nagar', '', '', ''),
(203, 'Kharadi', 149, 2, 'kharadi', '', '', ''),
(204, 'Hinjewadi', 149, 2, 'hinjewadi', '', '', ''),
(205, 'Hadapsar', 149, 2, 'hadapsar', '', '', ''),
(206, 'Baner', 149, 2, 'baner', '', '', ''),
(207, 'Wakad', 149, 2, 'wakad', '', '', ''),
(208, 'Pimpri chinchwad', 149, 2, 'pimpri-chinchwad', '', '', ''),
(209, 'Wagholi', 149, 2, 'wagholi', '', '', ''),
(210, 'Deccan', 149, 2, 'deccan', '', '', ''),
(211, 'Vishrantwadi', 149, 2, 'vishrantwadi', '', '', ''),
(212, 'Manish nagar', 150, 2, 'manish-nagar', '', '', ''),
(213, 'Dighori', 150, 2, 'dighori', '', '', ''),
(214, 'Dhantoli', 150, 2, 'dhantoli', '', '', ''),
(215, 'Shambhu nagar', 150, 2, 'shambhu-nagar', '', '', ''),
(216, 'Sitabuldi', 150, 2, 'sitabuldi', '', '', ''),
(217, 'Nashik road', 152, 2, 'nashik-road', '', '', ''),
(218, 'College road', 152, 2, 'college-road', '', '', ''),
(219, 'Canada corner', 152, 2, 'canada-corner', '', '', ''),
(220, 'Panchavati', 152, 2, 'panchavati', '', '', ''),
(221, 'Chandrasekharpur', 192, 30, 'chandrasekharpur', '', '', ''),
(222, 'Patia', 192, 30, 'patia', '', '', ''),
(223, 'Nayapalli', 192, 30, 'nayapalli', '', '', ''),
(224, 'Saheed nagar', 192, 30, 'saheed-nagar', '', '', ''),
(225, 'Trisulia', 194, 30, 'trisulia', '', '', ''),
(226, 'Angul', 194, 30, 'angul', '', '', ''),
(227, 'Balangir', 194, 30, 'balangir', '', '', ''),
(228, 'Bargarh', 194, 30, 'bargarh', '', '', ''),
(229, 'Balasore', 194, 30, 'balasore', '', '', ''),
(230, 'Bani Park', 164, 1, 'bani-park', '', '', ''),
(231, 'Pratap Nagar', 164, 1, 'pratap-nagar', '', '', ''),
(232, 'Vidhyadhar Nagar', 164, 1, 'vidhyadhar-nagar', '', '', ''),
(233, 'Civil Lines', 164, 1, 'civil-lines', '', '', ''),
(234, 'Malviya Nagar', 164, 1, 'malviya-nagar', '', '', ''),
(235, 'Mansarovar', 164, 1, 'mansarovar', '', '', ''),
(236, 'Sindhi Camp', 164, 1, 'sindhi-camp', '', '', ''),
(237, 'Banar Road', 165, 1, 'banar-road', '', '', ''),
(238, 'Gayatri Nagar', 165, 1, 'gayatri-nagar', '', '', ''),
(239, 'Cantt Area', 165, 1, 'cantt-area', '', '', ''),
(240, 'Dadabari', 167, 1, 'dadabari', '', '', ''),
(241, 'Vigyan Nagar', 167, 1, 'vigyan-nagar', '', '', ''),
(242, 'Talwandi', 167, 1, 'talwandi', '', '', ''),
(243, 'Gumanpura', 167, 1, 'gumanpura', '', '', ''),
(244, 'ishali Nagar', 168, 1, 'ishali-nagar', '', '', ''),
(245, 'Panchsheel Nagar', 168, 1, 'panchsheel-nagar', '', '', ''),
(246, 'Kotra', 168, 1, 'kotra', '', '', ''),
(247, 'Shobhagpura', 202, 1, 'shobhagpura', '', '', ''),
(248, 'Panchwati', 202, 1, 'panchwati', '', '', ''),
(249, 'Ambamata', 202, 1, 'ambamata', '', '', ''),
(250, 'Adyar', 185, 24, 'adyar', '', '', ''),
(251, 'Ambattur', 185, 24, 'ambattur', '', '', ''),
(252, 'Anna Nagar', 185, 24, 'anna-nagar', '', '', ''),
(253, 'Egmore', 185, 24, 'egmore', '', '', ''),
(254, 'Guindy', 185, 24, 'guindy', '', '', ''),
(255, 'Kilpaukkam', 185, 24, 'kilpaukkam', '', '', ''),
(256, 'Nungambakkam', 185, 24, 'nungambakkam', '', '', ''),
(257, 'T. Nagar', 185, 24, 't-nagar', '', '', ''),
(258, 'Amberpet', 183, 31, 'amberpet', '', '', ''),
(259, 'Kukatpally', 183, 31, 'kukatpally', '', '', ''),
(260, 'Banjara Hills', 183, 31, 'banjara-hills', '', '', ''),
(261, 'Gachibowli', 183, 31, 'gachibowli', '', '', ''),
(262, 'HITEC City', 183, 31, 'hitec-city', '', '', ''),
(263, 'Jubilee Hills', 183, 31, 'jubilee-hills', '', '', ''),
(264, 'Madhapur', 183, 31, 'madhapur', '', '', ''),
(265, 'Nallagandla', 183, 31, 'nallagandla', '', '', ''),
(266, 'Aliganj', 172, 10, 'aliganj', '', '', ''),
(267, 'Gomti Nagar', 172, 10, 'gomti-nagar', '', '', ''),
(268, 'Alambagh', 172, 10, 'alambagh', '', '', ''),
(269, 'Indira Nagar', 172, 10, 'indira-nagar', '', '', ''),
(270, 'Hazratganj', 172, 10, 'hazratganj', '', '', ''),
(271, 'Ashiyana', 172, 10, 'ashiyana', '', '', ''),
(272, 'Keshavpuram', 173, 10, 'keshavpuram', '', '', ''),
(273, 'Tilak Nagar', 173, 10, 'tilak-nagar', '', '', ''),
(274, 'Swaroop Nagar', 173, 10, 'swaroop-nagar', '', '', ''),
(275, 'Naubasta', 173, 10, 'naubasta', '', '', ''),
(276, 'Kidwai Nagar', 173, 10, 'kidwai-nagar', '', '', ''),
(277, 'Awas Vikas Colony', 174, 10, 'awas-vikas-colony', '', '', ''),
(278, 'Taj Nagri', 174, 10, 'taj-nagri', '', '', ''),
(279, 'Shastri Puram', 174, 10, 'shastri-puram', '', '', ''),
(280, 'Fatehabad Road', 174, 10, 'fatehabad-road', '', '', ''),
(281, 'Kamla Nagar', 174, 10, 'kamla-nagar', '', '', ''),
(282, 'Shivpur', 175, 10, 'shivpur', '', '', ''),
(283, 'Sarnath', 175, 10, 'sarnath', '', '', ''),
(284, 'Ramnagar', 175, 10, 'ramnagar', '', '', ''),
(285, 'Jhusi', 176, 10, 'jhusi', '', '', ''),
(286, 'Naini', 176, 10, 'naini', '', '', ''),
(287, 'Jhalwa', 176, 10, 'jhalwa', '', '', ''),
(288, 'Ballygunge', 184, 15, 'ballygunge', '', '', ''),
(289, 'Behala', 184, 15, 'behala', '', '', ''),
(290, 'Dum Dum', 184, 15, 'dum-dum', '', '', ''),
(291, 'New Town', 184, 15, 'new-town', '', '', ''),
(292, 'Bidhannagar', 184, 15, 'bidhannagar', '', '', ''),
(293, 'Gariahat', 184, 15, 'gariahat', '', '', ''),
(294, 'Howrah', 184, 15, 'howrah', '', '', ''),
(295, 'Jadavpur', 184, 15, 'jadavpur', '', '', ''),
(297, 'Chander Nagar', 177, 10, 'chander-nagar', '', '', ''),
(298, 'Indirapuram', 177, 10, 'indirapuram', '', '', ''),
(299, 'Vasundhara', 177, 10, 'vasundhara', '', '', ''),
(300, 'Lal Kuan', 177, 10, 'lal-kuan', '', '', ''),
(301, 'Vaishali', 177, 10, 'vaishali', '', '', ''),
(302, 'Raj Nagar Extension', 177, 10, 'raj-nagar-extension', '', '', ''),
(303, 'Dohra Road', 179, 10, 'dohra-road', '', '', ''),
(304, 'Rampur Garden', 179, 10, 'rampur-garden', '', '', ''),
(305, 'Izatnagar', 179, 10, 'izatnagar', '', '', ''),
(306, 'Bhartaul', 179, 10, 'bhartaul', '', '', ''),
(307, 'Siddharth Nagar', 179, 10, 'siddharth-nagar', '', '', ''),
(308, 'Kareli', 179, 10, 'kareli', '', '', ''),
(309, 'Sector 52', 200, 10, 'sector-52', '', '', ''),
(310, 'Sector 15', 200, 10, 'sector-15', '', '', ''),
(311, 'Atta Market', 200, 10, 'atta-market', '', '', ''),
(312, 'Golf Course', 200, 10, 'golf-course', '', '', ''),
(313, 'Dalanwala', 193, 32, 'dalanwala', '', '', ''),
(314, 'Rajpur Road', 193, 32, 'rajpur-road', '', '', ''),
(315, 'Clement Town', 193, 32, 'clement-town', '', '', ''),
(316, 'Prem Nagar', 193, 32, 'prem-nagar', '', '', ''),
(317, 'Ganga Nagar', 212, 10, 'ganga-nagar', '', '', ''),
(318, 'Ansal', 212, 10, 'ansal', '', '', ''),
(319, 'Shastri Nagar', 212, 10, 'shastri-nagar', '', '', ''),
(320, 'Jagrati Vihar', 212, 10, 'jagrati-vihar', '', '', ''),
(321, 'Begambagh', 212, 10, 'begambagh', '', '', ''),
(322, 'Modipuram', 212, 10, 'modipuram', '', '', ''),
(323, 'Shatabdi nagar', 200, 10, 'shatabdi-nagar', '', '', ''),
(324, 'Tappal', 213, 10, 'tappal', '', '', ''),
(325, 'Ramghat Road', 213, 10, 'ramghat-road', '', '', ''),
(326, 'Jamalpur', 213, 10, 'jamalpur', '', '', ''),
(327, 'Masoodabad', 213, 10, 'masoodabad', '', '', ''),
(328, 'Tala Nagri', 213, 10, 'tala-nagri', '', '', ''),
(329, 'Bellandur', 180, 13, 'bellandur', '', '', ''),
(330, 'Malleswaram', 180, 13, 'malleswaram', '', '', ''),
(331, 'Rr Nagar', 180, 13, 'rr-nagar', '', '', ''),
(332, 'Kammanahalli', 180, 13, 'kammanahalli', '', '', ''),
(334, 'Rajajinagar', 180, 13, 'rajajinagar', '', '', ''),
(335, 'Sipri Bazar', 214, 10, 'sipri-bazar', '', '', ''),
(336, 'Nandanpura', 214, 10, 'nandanpura', '', '', ''),
(337, 'Hansari', 214, 10, 'hansari', '', '', ''),
(338, 'Shivalik nagar', 215, 32, 'shivalik-nagar', '', '', ''),
(339, 'Jwalapur', 215, 32, 'jwalapur', '', '', ''),
(340, 'Suman nagar', 215, 32, 'suman-nagar', '', '', ''),
(341, 'Roshanabad', 215, 32, 'roshanabad', '', '', ''),
(342, 'Mall Road', 216, 32, 'mall-road', '', '', ''),
(343, 'Luxmanpuri', 216, 32, 'luxmanpuri', '', '', ''),
(344, 'Jayalaxmi Nagar', 218, 7, 'jayalaxmi-nagar', '', '', ''),
(345, 'Kanuru', 218, 7, 'kanuru', '', '', ''),
(346, 'Tallital', 219, 32, 'tallital', '', '', ''),
(348, 'Navin New Sama', 220, 9, 'navin-new-sama', '', '', ''),
(349, 'Gorwa', 220, 9, 'gorwa', '', '', ''),
(350, 'Ashoka Enclave', 222, 3, 'ashoka-enclave', '', '', ''),
(351, 'Surajkund', 222, 3, 'surajkund', '', '', ''),
(352, 'Vinay Nagar', 223, 26, 'vinay-nagar', '', '', ''),
(353, 'Dongarpur', 223, 26, 'dongarpur', '', '', ''),
(354, 'Laxmi Ganj', 223, 26, 'laxmi-ganj', '', '', ''),
(355, 'Sirol Road', 223, 26, 'sirol-road', '', '', ''),
(356, 'Tansen Nagar', 223, 26, 'tansen-nagar', '', '', ''),
(357, 'Shankarpur', 223, 26, 'shankarpur', '', '', ''),
(358, 'Maharajpur', 223, 26, 'maharajpur', '', '', ''),
(359, 'Tutikandi', 224, 23, 'tutikandi', '', '', ''),
(360, 'Mahavan', 226, 10, 'mahavan', '', '', ''),
(361, 'Colaba', 148, 2, 'colaba', '', '', ''),
(362, 'Powai', 148, 2, 'powai', '', '', ''),
(363, 'Malad', 148, 2, 'malad', '', '', ''),
(364, 'Jogeshwari', 148, 2, 'jogeshwari', '', '', ''),
(365, 'Dharavi', 148, 2, 'dharavi', '', '', ''),
(366, 'Sakinaka', 148, 2, 'sakinaka', '', '', ''),
(367, 'Nariman Point', 148, 2, 'nariman-point', '', '', ''),
(368, 'Grant Road', 148, 2, 'grant-road', '', '', ''),
(369, 'Churchgate', 148, 2, 'churchgate', '', '', ''),
(370, 'Marine Lines', 148, 2, 'marine-lines', '', '', ''),
(371, 'Khar Road', 148, 2, 'khar-road', '', '', ''),
(372, 'Lokhandwala', 148, 2, 'lokhandwala', '', '', ''),
(373, 'Versova', 148, 2, 'versova', '', '', ''),
(374, 'Kandivali', 148, 2, 'kandivali', '', '', ''),
(375, 'Dahisar', 148, 2, 'dahisar', '', '', ''),
(376, 'Sion', 148, 2, 'sion', '', '', ''),
(377, 'Vasai', 148, 2, 'vasai', '', '', ''),
(378, 'Thane', 148, 2, 'thane', '', '', ''),
(379, 'Vashi', 148, 2, 'vashi', '', '', ''),
(380, 'Belapur', 148, 2, 'belapur', '', '', ''),
(381, 'Mulund', 148, 2, 'mulund', '', '', ''),
(382, 'Kharghar', 148, 2, 'kharghar', '', '', ''),
(383, 'Airoli', 148, 2, 'airoli', '', '', ''),
(384, 'Naigaon', 148, 2, 'naigaon', '', '', ''),
(385, 'Nalasopara', 148, 2, 'nalasopara', '', '', ''),
(386, 'Virar', 148, 2, 'virar', '', '', ''),
(387, 'Marol', 148, 2, 'marol', '', '', ''),
(388, 'Gorai', 148, 2, 'gorai', '', '', ''),
(389, 'Mahim', 148, 2, 'mahim', '', '', ''),
(390, 'Kalyan', 148, 2, 'kalyan', '', '', ''),
(391, 'Vikhroli', 148, 2, 'vikhroli', '', '', ''),
(392, 'Bhandup', 148, 2, 'bhandup', '', '', ''),
(393, 'Dombivli', 148, 2, 'dombivli', '', '', ''),
(394, 'Mumbai Airport', 148, 2, 'mumbai-airport', '', '', ''),
(395, 'Kalamboli', 148, 2, 'kalamboli', '', '', ''),
(396, 'Kamothe', 148, 2, 'kamothe', '', '', ''),
(397, 'Bhayandar', 148, 2, 'bhayandar', '', '', ''),
(398, 'Kopar Khairane', 148, 2, 'kopar-khairane', '', '', ''),
(399, 'Dighe', 148, 2, 'dighe', '', '', ''),
(400, 'Sanpada', 148, 2, 'sanpada', '', '', ''),
(401, 'Byculla', 148, 2, 'byculla', '', '', ''),
(402, 'Kopargaon', 148, 2, 'kopargaon', '', '', ''),
(403, 'Chinchpokli', 148, 2, 'chinchpokli', '', '', ''),
(404, 'Basavanagudi', 180, 13, 'basavanagudi', '', '', ''),
(405, 'Brigade Road', 180, 13, 'brigade-road', '', '', ''),
(406, 'Cooke Town', 180, 13, 'cooke-town', '', '', ''),
(407, 'Cunningham road', 180, 13, 'cunningham-road', '', '', ''),
(408, 'Dasarahalli', 180, 13, 'dasarahalli', '', '', ''),
(409, 'Devanahalli', 180, 13, 'devanahalli', '', '', ''),
(410, 'Frazer town', 180, 13, 'frazer-town', '', '', ''),
(411, 'Hbr layout', 180, 13, 'hbr-layout', '', '', ''),
(412, 'Hmt layout', 180, 13, 'hmt-layout', '', '', ''),
(413, 'Itpl', 180, 13, 'itpl', '', '', ''),
(414, 'Jalahalli', 180, 13, 'jalahalli', '', '', ''),
(415, 'Jigani', 180, 13, 'jigani', '', '', ''),
(416, 'Kanakapura road', 180, 13, 'kanakapura-road', '', '', ''),
(417, 'Kengeri', 180, 13, 'kengeri', '', '', ''),
(418, 'Mahadevapura', 180, 13, 'mahadevapura', '', '', ''),
(419, 'Nagavara', 180, 13, 'nagavara', '', '', ''),
(420, 'Old airport road', 180, 13, 'old-airport-road', '', '', ''),
(421, 'Ramamurthy Nagar', 180, 13, 'ramamurthy-nagar', '', '', ''),
(422, 'Sadashiva nagar', 180, 13, 'sadashiva-nagar', '', '', ''),
(423, 'Sanjay Nagar', 180, 13, 'sanjay-nagar', '', '', ''),
(424, 'Sarjapur road', 180, 13, 'sarjapur-road', '', '', ''),
(425, 'Halasuru', 180, 13, 'halasuru', '', '', ''),
(426, 'Vasanth nagar', 180, 13, 'vasanth-nagar', '', '', ''),
(427, 'Hongasandra', 180, 13, 'hongasandra', '', '', ''),
(428, 'Kalkaji', 182, 4, 'kalkaji', '', '', ''),
(429, 'Laxmi Nagar', 182, 4, 'laxmi-nagar', '', '', ''),
(430, 'Katwaria Sarai', 182, 4, 'katwaria-sarai', '', '', ''),
(431, 'Chattarpur', 182, 4, 'chattarpur', '', '', ''),
(432, 'Majnu Ka Tilla', 182, 4, 'majnu-ka-tilla', '', '', ''),
(433, 'Hauz khas', 182, 4, 'hauz-khas', '', '', ''),
(434, 'Vasant kunj', 182, 4, 'vasant-kunj', '', '', ''),
(435, 'Paharganj', 182, 4, 'paharganj', '', '', ''),
(436, 'Munirka', 182, 4, 'munirka', '', '', ''),
(437, 'Dwarka', 182, 4, 'dwarka', '', '', ''),
(438, 'Vasant vihar', 182, 4, 'vasant-vihar', '', '', ''),
(439, 'Daryaganj', 182, 4, 'daryaganj', '', '', ''),
(440, 'Faridabad', 182, 4, 'faridabad', '', '', ''),
(441, 'Pitampura', 182, 4, 'pitampura', '', '', ''),
(442, 'Lajpat nagar', 182, 4, 'lajpat-nagar', '', '', ''),
(443, 'Greater kailash', 182, 4, 'greater-kailash', '', '', ''),
(445, 'Rajouri garden', 182, 4, 'rajouri-garden', '', '', ''),
(446, 'Uttam nagar', 182, 4, 'uttam-nagar', '', '', ''),
(447, 'Patel nagar', 182, 4, 'patel-nagar', '', '', ''),
(448, 'Kashmiri gate', 182, 4, 'kashmiri-gate', '', '', ''),
(449, 'Janakpuri', 182, 4, 'janakpuri', '', '', ''),
(450, 'Moti bagh', 182, 4, 'moti-bagh', '', '', ''),
(451, 'Ansari Nagar', 182, 4, 'ansari-nagar', '', '', ''),
(452, 'Aradhna Enclave', 182, 4, 'aradhna-enclave', '', '', ''),
(453, 'Govindpuri', 182, 4, 'govindpuri', '', '', ''),
(454, 'Okhla', 182, 4, 'okhla', '', '', ''),
(455, 'Badarpur', 182, 4, 'badarpur', '', '', ''),
(456, 'Nehru Place', 182, 4, 'nehru-place', '', '', ''),
(457, 'Jasola', 182, 4, 'jasola', '', '', ''),
(458, 'Tilak Nagar', 182, 4, 'tilak-nagar', '', '', ''),
(459, 'Delhi Airport', 182, 4, 'delhi-airport', '', '', ''),
(460, 'Nizamuddin', 182, 4, 'nizamuddin', '', '', ''),
(461, 'Anand Vihar', 182, 4, 'anand-vihar', '', '', ''),
(462, 'Adarsh Nagar', 182, 4, 'adarsh-nagar', '', '', ''),
(463, 'Ashok Vihar', 182, 4, 'ashok-vihar', '', '', ''),
(464, 'Shalimar Bagh', 182, 4, 'shalimar-bagh', '', '', ''),
(465, 'Kotwali', 182, 4, 'kotwali', '', '', ''),
(466, 'Mori Gate', 182, 4, 'mori-gate', '', '', ''),
(467, 'Mayur Vihar', 182, 4, 'mayur-vihar', '', '', ''),
(468, 'Netaji Nagar', 182, 4, 'netaji-nagar', '', '', ''),
(469, 'Magarpatta', 149, 2, 'magarpatta', '', '', ''),
(470, 'Lonavala', 149, 2, 'lonavala', '', '', ''),
(471, 'Shivajinagar', 149, 2, 'shivajinagar', '', '', ''),
(472, 'Khopoli', 149, 2, 'khopoli', '', '', ''),
(473, 'Kalyani nagar', 149, 2, 'kalyani-nagar', '', '', ''),
(474, 'Dhole patil road', 149, 2, 'dhole-patil-road', '', '', ''),
(475, 'Chakan', 149, 2, 'chakan', '', '', ''),
(476, 'Bhosari', 149, 2, 'bhosari', '', '', ''),
(477, 'Akurdi', 149, 2, 'akurdi', '', '', ''),
(478, 'Yerwada', 149, 2, 'yerwada', '', '', ''),
(479, 'Park street', 184, 15, 'park-street', '', '', ''),
(480, 'Park circus', 184, 15, 'park-circus', '', '', ''),
(481, 'Rajarhat', 184, 15, 'rajarhat', '', '', ''),
(482, 'Sonarpur', 184, 15, 'sonarpur', '', '', ''),
(483, 'Sealdah', 184, 15, 'sealdah', '', '', ''),
(484, 'Bara bazar', 184, 15, 'bara-bazar', '', '', ''),
(485, 'Durgapur', 184, 15, 'durgapur', '', '', ''),
(486, 'Jagatpura', 164, 1, 'jagatpura', '', '', ''),
(487, 'Durgapura', 164, 1, 'durgapura', '', '', ''),
(488, 'Gopalpura', 164, 1, 'gopalpura', '', '', ''),
(489, 'Ambabari', 164, 1, 'ambabari', '', '', ''),
(490, 'Gangori bazar', 164, 1, 'gangori-bazar', '', '', ''),
(491, 'Barkat nagar', 164, 1, 'barkat-nagar', '', '', ''),
(492, 'Vaishali nagar', 164, 1, 'vaishali-nagar', '', '', ''),
(493, 'Sanganer', 164, 1, 'sanganer', '', '', ''),
(494, 'Jawahar nagar', 164, 1, 'jawahar-nagar', '', '', ''),
(495, 'Chandpole', 164, 1, 'chandpole', '', '', ''),
(496, 'Raja park', 164, 1, 'raja-park', '', '', ''),
(497, 'Kondapur', 183, 31, 'kondapur', '', '', ''),
(498, 'Somajiguda', 183, 31, 'somajiguda', '', '', ''),
(499, 'Manikonda', 183, 31, 'manikonda', '', '', ''),
(500, 'Moosapet', 183, 31, 'moosapet', '', '', ''),
(501, 'Begumpet', 183, 31, 'begumpet', '', '', ''),
(502, 'Vagator', 187, 21, 'vagator', '', '', ''),
(503, 'Margao', 187, 21, 'margao', '', '', ''),
(504, 'Marina beach', 185, 24, 'marina-beach', '', '', ''),
(505, 'Besant nagar', 185, 24, 'besant-nagar', '', '', ''),
(506, 'Mambakkam', 185, 24, 'mambakkam', '', '', ''),
(507, 'Valarpuram', 185, 24, 'valarpuram', '', '', ''),
(508, 'Vellore', 185, 24, 'vellore', '', '', ''),
(509, 'Alwarpet', 185, 24, 'alwarpet', '', '', ''),
(510, 'Saidapet', 185, 24, 'saidapet', '', '', ''),
(511, 'Pudupet', 185, 24, 'pudupet', '', '', ''),
(512, 'Teynampet', 185, 24, 'teynampet', '', '', ''),
(513, 'Poes Garden', 185, 24, 'poes-garden', '', '', ''),
(514, 'Omr Road', 185, 24, 'omr-road', '', '', ''),
(515, 'Koyambedu', 185, 24, 'koyambedu', '', '', ''),
(516, 'Mylapore', 185, 24, 'mylapore', '', '', ''),
(517, 'Velachery', 185, 24, 'velachery', '', '', ''),
(518, 'Taramani', 185, 24, 'taramani', '', '', ''),
(519, 'Dhampur', 227, 10, 'dhampur', '', '', ''),
(520, 'Bairaj Road', 227, 10, 'bairaj-road', '', '', ''),
(521, 'Zaitra', 227, 10, 'zaitra', '', '', ''),
(522, 'Afzalgarh', 227, 10, 'afzalgarh', '', '', ''),
(523, 'Minal Residency', 140, 26, 'minal-residency', '', '', ''),
(524, 'Awadhpuri', 140, 26, 'awadhpuri', '', '', ''),
(525, 'Ayodhya Nagar', 140, 26, 'ayodhya-nagar', '', '', ''),
(526, 'Bawadia Kalan', 140, 26, 'bawadia-kalan', '', '', ''),
(527, 'Lalghati', 140, 26, 'lalghati', '', '', ''),
(528, 'Gulmohar Colony', 140, 26, 'gulmohar-colony', '', '', ''),
(529, 'Bagmugaliya', 140, 26, 'bagmugaliya', '', '', ''),
(530, 'Karond', 140, 26, 'karond', '', '', ''),
(531, 'Habib Ganj', 140, 26, 'habib-ganj', '', '', ''),
(532, 'Chuna Bhatti', 140, 26, 'chuna-bhatti', '', '', ''),
(533, 'Bairagarh', 140, 26, 'bairagarh', '', '', ''),
(534, 'Misrod', 140, 26, 'misrod', '', '', ''),
(535, 'TT Nagar', 140, 26, 'tt-nagar', '', '', ''),
(536, '10 Number Market', 140, 26, '10-number-market', '', '', ''),
(537, 'Bittan Market', 140, 26, 'bittan-market', '', '', ''),
(538, 'Airport Road', 140, 26, 'airport-road', '', '', ''),
(539, 'VIP Road Bhopal', 140, 26, 'vip-road-bhopal', '', '', ''),
(540, 'Ashima Mall', 140, 26, 'ashima-mall', '', '', ''),
(541, 'Mandideep', 140, 26, 'mandideep', '', '', ''),
(542, 'Hoshangabad Road', 140, 26, 'hoshangabad-road', '', '', ''),
(543, 'Ayodhya Bypass', 140, 26, 'ayodhya-bypass', '', '', ''),
(544, 'Danish Nagar', 140, 26, 'danish-nagar', '', '', ''),
(545, 'Rau', 141, 26, 'rau', '', '', ''),
(546, 'Silicon City', 141, 26, 'silicon-city', '', '', ''),
(547, 'Nipania', 141, 26, 'nipania', '', '', ''),
(548, 'Nagar Nigam', 141, 26, 'nagar-nigam', '', '', ''),
(549, 'Navlakha', 141, 26, 'navlakha', '', '', ''),
(550, 'AB Road', 141, 26, 'ab-road', '', '', ''),
(551, 'Mahalakshmi Nagar', 141, 26, 'mahalakshmi-nagar', '', '', ''),
(552, 'Pithampur', 141, 26, 'pithampur', '', '', ''),
(553, 'Geeta Bhavan', 141, 26, 'geeta-bhavan', '', '', ''),
(554, 'Sukhliya', 141, 26, 'sukhliya', '', '', ''),
(555, 'Thaltej', 189, 9, 'thaltej', '', '', ''),
(556, 'SG Highway', 189, 9, 'sg-highway', '', '', ''),
(557, 'Sindhu Bhavan Marg', 189, 9, 'sindhu-bhavan-marg', '', '', ''),
(558, 'Science City Road', 189, 9, 'science-city-road', '', '', ''),
(559, 'Ambli', 189, 9, 'ambli', '', '', ''),
(560, 'Prahlad Nagar', 189, 9, 'prahlad-nagar', '', '', ''),
(561, 'Gift City', 189, 9, 'gift-city', '', '', ''),
(562, 'Maninagar', 189, 9, 'maninagar', '', '', ''),
(563, 'Isanpur', 189, 9, 'isanpur', '', '', ''),
(564, 'Gurukul', 189, 9, 'gurukul', '', '', ''),
(565, 'Gota', 189, 9, 'gota', '', '', ''),
(566, 'Shyampur', 228, 32, 'shyampur', '', '', ''),
(567, 'Gumaniwala', 228, 32, 'gumaniwala', '', '', '');

-- --------------------------------------------------------

--
-- Table structure for table `pages`
--

CREATE TABLE `pages` (
  `id` int NOT NULL,
  `page_title` varchar(255) CHARACTER SET utf8mb4 COLLATE utf8mb4_general_ci DEFAULT NULL,
  `page_content` text CHARACTER SET utf8mb4 COLLATE utf8mb4_general_ci,
  `meta_title` varchar(255) CHARACTER SET utf8mb4 COLLATE utf8mb4_general_ci DEFAULT NULL,
  `meta_description` text CHARACTER SET utf8mb4 COLLATE utf8mb4_general_ci,
  `meta_keywords` text CHARACTER SET utf8mb4 COLLATE utf8mb4_general_ci
) ENGINE=InnoDB DEFAULT CHARSET=utf8mb4 COLLATE=utf8mb4_general_ci;

-- --------------------------------------------------------

--
-- Table structure for table `promoted_ads_history`
--

CREATE TABLE `promoted_ads_history` (
  `id` int NOT NULL,
  `ad_id` int NOT NULL,
  `user_id` int NOT NULL,
  `promotion_type` varchar(50) DEFAULT NULL,
  `count` int DEFAULT '1',
  `num_of_days` int DEFAULT NULL,
  `promotion_date` datetime DEFAULT CURRENT_TIMESTAMP
) ENGINE=InnoDB DEFAULT CHARSET=utf8mb4 COLLATE=utf8mb4_0900_ai_ci;

--
-- Dumping data for table `promoted_ads_history`
--

INSERT INTO `promoted_ads_history` (`id`, `ad_id`, `user_id`, `promotion_type`, `count`, `num_of_days`, `promotion_date`) VALUES
(1, 1545, 1, 'promoted_ad', 3, 3, '2024-10-22 10:13:32'),
(2, 1538, 1, 'promoted_ad', 2, 7, '2024-10-21 17:33:08'),
(3, 1546, 1, 'promoted_ad', 1, 7, '2024-10-19 16:46:11'),
(4, 1547, 1, 'promoted_ad', 1, 5, '2024-10-19 21:01:31');

-- --------------------------------------------------------

--
-- Table structure for table `services`
--

CREATE TABLE `services` (
  `id` int NOT NULL,
  `service_name` varchar(300) CHARACTER SET utf8mb4 COLLATE utf8mb4_general_ci NOT NULL
) ENGINE=InnoDB DEFAULT CHARSET=utf8mb4 COLLATE=utf8mb4_general_ci;

--
-- Dumping data for table `services`
--

INSERT INTO `services` (`id`, `service_name`) VALUES
(16, 'Ambulance Services'),
(17, '24 Hours Ambulance Services'),
(18, 'Pet Ambulance Services'),
(19, 'Domestic Ambulance Services'),
(20, 'Ventilator Ambulance Services'),
(21, 'AC Ambulance Services'),
(22, 'Trauma Ambulance Services'),
(23, 'Oxygen System Ambulance Services'),
(24, 'Accident Case Ambulance Services');

-- --------------------------------------------------------

--
-- Table structure for table `states`
--

CREATE TABLE `states` (
  `id` int NOT NULL,
  `state_name` varchar(255) CHARACTER SET utf8mb4 COLLATE utf8mb4_general_ci DEFAULT NULL,
  `slug` varchar(255) CHARACTER SET utf8mb4 COLLATE utf8mb4_general_ci NOT NULL
) ENGINE=InnoDB DEFAULT CHARSET=utf8mb4 COLLATE=utf8mb4_general_ci;

--
-- Dumping data for table `states`
--

INSERT INTO `states` (`id`, `state_name`, `slug`) VALUES
(1, 'Rajasthan', 'rajasthan'),
(2, 'Maharashtra', 'maharashtra'),
(3, 'Haryana', 'haryana'),
(4, 'Delhi', 'delhi'),
(6, 'Punjab', 'punjab'),
(7, 'Andhra Pradesh', 'andhra-pradesh'),
(9, 'Gujarat', 'gujarat'),
(10, 'Uttar Pradesh', 'uttar-pradesh'),
(11, 'Bihar', 'bihar'),
(12, 'Assam', 'assam'),
(13, 'Karnataka', 'karnataka'),
(15, 'West Bengal', 'west-bengal'),
(17, 'Jharkhand', 'jharkhand'),
(19, 'Manipur', 'manipur'),
(20, 'Mizoram', 'mizoram'),
(21, 'Goa', 'goa'),
(22, 'Kerala', 'kerala'),
(23, 'Himachal Pradesh', 'himachal-pradesh'),
(24, 'Tamil Nadu', 'tamil-nadu'),
(26, 'Madhya Pradesh', 'madhya-pradesh'),
(27, 'Chhattisgarh', 'chhattisgarh'),
(30, 'Odisha', 'odisha'),
(31, 'Telangana', 'telangana'),
(32, 'Uttarakhand', 'uttarakhand');

-- --------------------------------------------------------

--
-- Table structure for table `title`
--

CREATE TABLE `title` (
  `id` int NOT NULL,
  `title_name` varchar(255) CHARACTER SET utf8mb4 COLLATE utf8mb4_general_ci NOT NULL,
  `city_name` text CHARACTER SET utf8mb4 COLLATE utf8mb4_general_ci NOT NULL,
  `locality_name` text CHARACTER SET utf8mb4 COLLATE utf8mb4_general_ci NOT NULL
) ENGINE=InnoDB DEFAULT CHARSET=utf8mb4 COLLATE=utf8mb4_general_ci;

--
-- Dumping data for table `title`
--

INSERT INTO `title` (`id`, `title_name`, `city_name`, `locality_name`) VALUES
(1, 'Indian Call Girls', ' {city} Call Girls', '{location} ({city}) Call Girls Service');

-- --------------------------------------------------------

--
-- Table structure for table `wallet`
--

CREATE TABLE `wallet` (
  `id` int UNSIGNED NOT NULL,
  `user_id` int NOT NULL,
  `balance` decimal(10,2) NOT NULL DEFAULT '0.00',
  `screenshot` varchar(255) DEFAULT NULL,
  `utr` varchar(255) DEFAULT NULL,
  `status` enum('pending','approved','rejected') DEFAULT 'pending',
  `created_at` timestamp NULL DEFAULT CURRENT_TIMESTAMP,
  `updated_at` timestamp NULL DEFAULT CURRENT_TIMESTAMP ON UPDATE CURRENT_TIMESTAMP
) ENGINE=InnoDB DEFAULT CHARSET=utf8mb4 COLLATE=utf8mb4_0900_ai_ci;

--
-- Dumping data for table `wallet`
--

INSERT INTO `wallet` (`id`, `user_id`, `balance`, `screenshot`, `utr`, `status`, `created_at`, `updated_at`) VALUES
(4, 1, 49102.00, 'gama 597 matka app.png', '5155', 'pending', '2024-10-21 11:54:59', '2024-10-22 07:50:19'),
(5, 2, 10000.00, 'Screenshot (870).png', 'asda2qweqwe', 'pending', '2024-10-21 12:21:50', '2024-10-21 12:23:22'),
(7, 4, 10000.00, 'Call of Duty - Ranked.jpg', 'sdads', 'approved', '2024-10-21 12:28:17', '2024-10-21 12:28:17');

-- --------------------------------------------------------

--
-- Table structure for table `website_info`
--

CREATE TABLE `website_info` (
  `id` int NOT NULL,
  `website_name` varchar(255) CHARACTER SET utf8mb4 COLLATE utf8mb4_general_ci NOT NULL,
  `email` varchar(255) CHARACTER SET utf8mb4 COLLATE utf8mb4_general_ci NOT NULL,
  `fb_link` varchar(255) CHARACTER SET utf8mb4 COLLATE utf8mb4_general_ci DEFAULT NULL,
  `insta_link` varchar(255) CHARACTER SET utf8mb4 COLLATE utf8mb4_general_ci DEFAULT NULL,
  `short_about_us` text CHARACTER SET utf8mb4 COLLATE utf8mb4_general_ci,
  `disclaimer` text CHARACTER SET utf8mb4 COLLATE utf8mb4_general_ci,
  `copyright_title` varchar(255) CHARACTER SET utf8mb4 COLLATE utf8mb4_general_ci DEFAULT NULL,
  `meta_description` text CHARACTER SET utf8mb4 COLLATE utf8mb4_general_ci,
  `keywords` varchar(255) CHARACTER SET utf8mb4 COLLATE utf8mb4_general_ci DEFAULT NULL
) ENGINE=InnoDB DEFAULT CHARSET=utf8mb4 COLLATE=utf8mb4_general_ci;

-- --------------------------------------------------------

--
-- Table structure for table `website_settings`
--

CREATE TABLE `website_settings` (
  `id` int NOT NULL,
  `website_name` varchar(255) CHARACTER SET utf8mb4 COLLATE utf8mb4_general_ci DEFAULT NULL,
  `title` varchar(255) CHARACTER SET utf8mb4 COLLATE utf8mb4_general_ci DEFAULT NULL,
  `meta_description` text CHARACTER SET utf8mb4 COLLATE utf8mb4_general_ci,
  `keywords` text CHARACTER SET utf8mb4 COLLATE utf8mb4_general_ci,
  `email` varchar(255) CHARACTER SET utf8mb4 COLLATE utf8mb4_general_ci DEFAULT NULL,
  `fb_link` varchar(255) CHARACTER SET utf8mb4 COLLATE utf8mb4_general_ci DEFAULT NULL,
  `insta_link` varchar(255) CHARACTER SET utf8mb4 COLLATE utf8mb4_general_ci DEFAULT NULL,
  `short_about_us` text CHARACTER SET utf8mb4 COLLATE utf8mb4_general_ci,
  `disclaimer` text CHARACTER SET utf8mb4 COLLATE utf8mb4_general_ci,
  `copyright` varchar(255) CHARACTER SET utf8mb4 COLLATE utf8mb4_general_ci DEFAULT NULL,
  `logo` varchar(255) CHARACTER SET utf8mb4 COLLATE utf8mb4_general_ci DEFAULT NULL
) ENGINE=InnoDB DEFAULT CHARSET=utf8mb4 COLLATE=utf8mb4_general_ci;

--
-- Indexes for table `ads`
--
ALTER TABLE `ads`
  ADD PRIMARY KEY (`id`),
  ADD KEY `city_id` (`city_id`),
  ADD KEY `state_id` (`state_id`);

--
-- Indexes for table `category`
--
ALTER TABLE `category`
  ADD PRIMARY KEY (`id`);

--
-- Indexes for table `city`
--
ALTER TABLE `city`
  ADD PRIMARY KEY (`id`),
  ADD UNIQUE KEY `city_name` (`city_name`),
  ADD KEY `state_id` (`state_id`);

--
-- Indexes for table `contectus`
--
ALTER TABLE `contectus`
  ADD PRIMARY KEY (`id`);

--
-- Indexes for table `content`
--
ALTER TABLE `content`
  ADD PRIMARY KEY (`id`);

--
-- Indexes for table `india_top_location`
--
ALTER TABLE `india_top_location`
  ADD PRIMARY KEY (`id`),
  ADD KEY `city_id` (`city_id`),
  ADD KEY `state_id` (`state_id`);

--
-- Indexes for table `locality`
--
ALTER TABLE `locality`
  ADD PRIMARY KEY (`id`),
  ADD KEY `city_id` (`city_id`),
  ADD KEY `state_id` (`state_id`);

--
-- Indexes for table `pages`
--
ALTER TABLE `pages`
  ADD PRIMARY KEY (`id`);

--
-- Indexes for table `promoted_ads_history`
--
ALTER TABLE `promoted_ads_history`
  ADD PRIMARY KEY (`id`),
  ADD KEY `ad_id` (`ad_id`),
  ADD KEY `user_id` (`user_id`);

--
-- Indexes for table `services`
--
ALTER TABLE `services`
  ADD PRIMARY KEY (`id`);

--
-- Indexes for table `states`
--
ALTER TABLE `states`
  ADD PRIMARY KEY (`id`),
  ADD UNIQUE KEY `state_name` (`state_name`);

--
-- Indexes for table `title`
--
ALTER TABLE `title`
  ADD PRIMARY KEY (`id`);

--
-- Indexes for table `wallet`
--
ALTER TABLE `wallet`
  ADD PRIMARY KEY (`id`);

--
-- Indexes for table `website_info`
--
ALTER TABLE `website_info`
  ADD PRIMARY KEY (`id`);

--
-- Indexes for table `website_settings`
--
ALTER TABLE `website_settings`
  ADD PRIMARY KEY (`id`);

--
-- AUTO_INCREMENT for table `ads`
--
ALTER TABLE `ads`
  MODIFY `id` int NOT NULL AUTO_INCREMENT, AUTO_INCREMENT=4;

--
-- AUTO_INCREMENT for table `category`
--
ALTER TABLE `category`
  MODIFY `id` int NOT NULL AUTO_INCREMENT, AUTO_INCREMENT=13;

--
-- AUTO_INCREMENT for table `city`
--
ALTER TABLE `city`
  MODIFY `id` int NOT NULL AUTO_INCREMENT, AUTO_INCREMENT=230;

--
-- AUTO_INCREMENT for table `contectus`
--
ALTER TABLE `contectus`
  MODIFY `id` int NOT NULL AUTO_INCREMENT, AUTO_INCREMENT=15;

--
-- AUTO_INCREMENT for table `content`
--
ALTER TABLE `content`
  MODIFY `id` int NOT NULL AUTO_INCREMENT, AUTO_INCREMENT=2;

--
-- AUTO_INCREMENT for table `india_top_location`
--
ALTER TABLE `india_top_location`
  MODIFY `id` int NOT NULL AUTO_INCREMENT, AUTO_INCREMENT=68;

--
-- AUTO_INCREMENT for table `locality`
--
ALTER TABLE `locality`
  MODIFY `id` int NOT NULL AUTO_INCREMENT, AUTO_INCREMENT=569;

--
-- AUTO_INCREMENT for table `pages`
--
ALTER TABLE `pages`
  MODIFY `id` int NOT NULL AUTO_INCREMENT, AUTO_INCREMENT=3;

--
-- AUTO_INCREMENT for table `promoted_ads_history`
--
ALTER TABLE `promoted_ads_history`
  MODIFY `id` int NOT NULL AUTO_INCREMENT, AUTO_INCREMENT=5;

--
-- AUTO_INCREMENT for table `services`
--
ALTER TABLE `services`
  MODIFY `id` int NOT NULL AUTO_INCREMENT, AUTO_INCREMENT=25;

--
-- AUTO_INCREMENT for table `states`
--
ALTER TABLE `states`
  MODIFY `id` int NOT NULL AUTO_INCREMENT, AUTO_INCREMENT=34;

--
-- AUTO_INCREMENT for table `title`
--
ALTER TABLE `title`
  MODIFY `id` int NOT NULL AUTO_INCREMENT, AUTO_INCREMENT=2;

--
-- AUTO_INCREMENT for table `wallet`
--
ALTER TABLE `wallet`
  MODIFY `id` int UNSIGNED NOT NULL AUTO_INCREMENT, AUTO_INCREMENT=8;

--
-- AUTO_INCREMENT for table `website_info`
--
ALTER TABLE `website_info`
  MODIFY `id` int NOT NULL AUTO_INCREMENT;

--
-- AUTO_INCREMENT for table `website_settings`
--
ALTER TABLE `website_settings`
  MODIFY `id` int NOT NULL AUTO_INCREMENT;

--
-- Constraints for dumped tables
--

--
-- Constraints for table `city`
--
ALTER TABLE `city`
  ADD CONSTRAINT `city_ibfk_1` FOREIGN KEY (`state_id`) REFERENCES `states` (`id`);

--
-- Constraints for table `india_top_location`
--
ALTER TABLE `india_top_location`
  ADD CONSTRAINT `india_top_location_ibfk_1` FOREIGN KEY (`city_id`) REFERENCES `city` (`id`),
  ADD CONSTRAINT `india_top_location_ibfk_2` FOREIGN KEY (`state_id`) REFERENCES `states` (`id`);

--
-- Constraints for table `locality`
--
ALTER TABLE `locality`
  ADD CONSTRAINT `locality_ibfk_1` FOREIGN KEY (`city_id`) REFERENCES `city` (`id`),
  ADD CONSTRAINT `locality_ibfk_2` FOREIGN KEY (`state_id`) REFERENCES `states` (`id`);

--
-- Constraints for table `promoted_ads_history`
--
ALTER TABLE `promoted_ads_history`
  ADD CONSTRAINT `promoted_ads_history_ibfk_1` FOREIGN KEY (`ad_id`) REFERENCES `ads` (`id`),
  ADD CONSTRAINT `promoted_ads_history_ibfk_2` FOREIGN KEY (`user_id`) REFERENCES `users` (`id`);
COMMIT;

