-- https://www.phpmyadmin.net/
--

START TRANSACTION;



-- --------------------------------------------------------

--
-- Table structure for table `ads`
--

CREATE TABLE `ads` (
  `id` int NOT NULL,
  `post_id` varchar(255) COLLATE utf8mb4_general_ci DEFAULT NULL,
  `title` varchar(255) COLLATE utf8mb4_general_ci DEFAULT NULL,
  `category_id` int NOT NULL,
  `city_id` int DEFAULT NULL,
  `locality_id` int NOT NULL,
  `state_id` int DEFAULT NULL,
  `whatsapp_number` varchar(15) COLLATE utf8mb4_general_ci DEFAULT NULL,
  `contact_number` varchar(15) COLLATE utf8mb4_general_ci DEFAULT NULL,
  `main_image` varchar(255) COLLATE utf8mb4_general_ci DEFAULT NULL,
  `image1` varchar(255) COLLATE utf8mb4_general_ci DEFAULT NULL,
  `image2` varchar(255) COLLATE utf8mb4_general_ci DEFAULT NULL,
  `image3` varchar(255) COLLATE utf8mb4_general_ci DEFAULT NULL,
  `image4` varchar(255) COLLATE utf8mb4_general_ci DEFAULT NULL,
  `meta_title` varchar(255) COLLATE utf8mb4_general_ci DEFAULT NULL,
  `meta_description` text COLLATE utf8mb4_general_ci,
  `meta_keywords` text COLLATE utf8mb4_general_ci,
  `url` varchar(255) COLLATE utf8mb4_general_ci DEFAULT NULL,
  `status` enum('published','draft','pending','rejected') COLLATE utf8mb4_general_ci DEFAULT NULL,
  `services` varchar(255) COLLATE utf8mb4_general_ci NOT NULL,
  `age` varchar(300) COLLATE utf8mb4_general_ci DEFAULT NULL,
  `gender` varchar(255) COLLATE utf8mb4_general_ci DEFAULT NULL,
  `is_featured` varchar(255) COLLATE utf8mb4_general_ci DEFAULT NULL,
  `date` datetime NOT NULL DEFAULT CURRENT_TIMESTAMP,
  `views` int NOT NULL DEFAULT '0'
) ENGINE=InnoDB DEFAULT CHARSET=utf8mb4 COLLATE=utf8mb4_general_ci;

--
-- Dumping data for table `ads`
--

INSERT INTO `ads` (`id`, `post_id`, `title`, `category_id`, `city_id`, `locality_id`, `state_id`, `whatsapp_number`, `contact_number`, `main_image`, `image1`, `image2`, `image3`, `image4`, `meta_title`, `meta_description`, `meta_keywords`, `url`, `status`, `services`, `age`, `gender`, `is_featured`, `date`, `views`) VALUES
(83, '5', 'BEST VIP BEAUTIFUL CALL GIRLS SERVICE IN CHANDIGARH ', 7, 210, 158, 6, '919041208570', '+919041208570', '1698948147.jpeg', '1698948147_image1.jpeg', '1698948147_image2.jpeg', NULL, NULL, NULL, 'Hello gentlemen We are provide best escort service in Chandigarh Zirakpur mohali on affordable prices call or WhatsApp me ', NULL, NULL, 'published', 'Blowjob, Handjob, Girlfriend Experience (GFE), Kissing, Role Play, Overnight Stays, Cum on Face, Cum in Mouth (CIM), 69 Position', '20', 'female', '0', '2023-11-02 18:02:27', 117),
(84, '5', 'VVIP BEAUTIFUL CALL GIRLS IN TRICITY', 7, 210, 158, 6, '919041208570', '+919041208570', '1698948337.jpeg', '1698948337_image1.jpeg', '1698948337_image2.jpeg', '1698948337_image3.jpeg', NULL, NULL, 'most beautiful call girls service available on cheap price for over night or single shot you can contact me ', NULL, NULL, 'published', 'Blowjob, Handjob, Girlfriend Experience (GFE), Kissing, Role Play, Overnight Stays, Cum on Face, Cum in Mouth (CIM), 69 Position', '20', 'female', '0', '2023-11-02 18:05:37', 128),
(85, 'admin', 'Best Call Girls Service in Bangalore', 7, 180, 112, 13, '917894561230', '+911234567890', '1699007305_main.jpg', '1699007305_image1.jpg', '1699007305_image2.jpg', '', '', 'Best Call Girls Service in Bangalore', 'Hey, Bangalore men. Have you ever experienced the outstanding pleasure provided by an exclusive fully vaccinated Call Girls in Bangalore with 100% satisfaction to all client, including companionship, passionate lovemaking, and lots of fun? If not, then it\'s time to call our escort agency and start enjoying your life in the best possible way!', 'call girls', 'call-girls-in-bangalore', 'published', 'Blowjob, Handjob, Girlfriend Experience (GFE), Kissing, Role Play, Overnight Stays', '25', 'female', '1', '2023-11-03 10:28:25', 181),
(86, '4', 'Get Professional Mumbai Call Girls Full Night Service for a Shot 2000', 7, 148, 180, 2, '910000000000', '+910000000000', '1699335931.jpg', '1699335931_image1.jpg', NULL, NULL, NULL, '', 'If you are looking for a professional independent call girl in Mumbai who can give you the ultimate pleasure and satisfaction, then you\'ve come to the right place. Priya is here to provide you with a full night service at a very affordable price. \r\nPriya is just one call away and can be at your doorsteps in no time. Her services include different kinds of sensual massage, kissing, role-plays, and much more. She is experienced and you can rely on her to give you the best experience. \r\nSo, don\'t wait any longer, make the call and get the best of independent call girl services.', '', '', 'published', 'Blowjob, Girlfriend Experience (GFE), Kissing, Overnight Stays, Cum on Face', '23', 'female', '0', '2023-11-07 05:45:31', 116),
(87, '4', 'Exploring Professional Hotel Service Through Mansi Mumbai Call Girl Cash Payment', 7, 148, 181, 2, '910000000000', '+910000000000', '1699337074.jpg', '1699337074_image1.jpg', NULL, NULL, NULL, NULL, 'Exploring Professional Hotel Service Through Mansi Mumbai Call Girl is an experience that many don\\\'t get to have. Mansi Mumbai Call Girl provides a luxurious hotel service with cash payment, ensuring that clients can pay for their services without worries. \\r\\n\\r\\nThey also offer hotel delivery service, so customers can stay in the comfort of their own room. The professionalism of their staff is unmatched, with a high level of customer service that ensures that clients are comfortable and satisfied. \\r\\n\\r\\nWith Mansi Mumbai Call Girl, clients can be sure that they are getting the best in hotel service, with the assurance that their payment is secure and their experience is of the highest quality.', NULL, NULL, 'published', 'Handjob, Girlfriend Experience (GFE), Kissing, Cum in Mouth (CIM), 69 Position', '23', 'female', '0', '2023-11-07 06:04:34', 116),
(88, '1', '24×7 HOUR\\\'S❤️𝐕𝐈𝐏 𝐂𝐀𝐋𝐋 𝐆𝐈𝐑𝐋𝐒 𝐈𝐍 .𝐂𝐇𝐄𝐀𝐏 𝐏𝐑𝐈𝐂𝐄✔︎100% GENUINELY__𝘍𝘜𝘓𝘓 𝘨𝘶𝘢𝘳𝘢𝘯𝘵𝘦𝘥', 7, 180, 114, 13, '911234567891', '+911234567890', '1699337638.jpg', '1699337638_image1.jpg', '1699337638_image2.jpg', '1699337638_image3.jpg', NULL, NULL, 'All-🆑 𝗥𝗘𝗔𝗟.𝗠𝗘𝗘𝗧 𝗢𝗡𝗟𝗬 𝗗𝗔𝗧𝗜𝗡𝗚 𝗖𝗔𝗟𝗟.𝗚𝗜𝗥𝗟𝗦 𝗛𝗜𝗚𝗛 𝗣𝗥𝗢𝗙𝗜𝗟𝗘 𝗩𝗜𝗣 𝗜𝗡𝗗𝗘𝗣𝗘𝗡𝗗𝗘𝗡𝗧 ] available ❷❹ hour near by Indore all area airport city centre rd railway station Rd All over vip star category Hotel outcall service and incalls with regular price guarantee satisfaction genuine service VIP Escorts Russian new model actress Airhostess sexy girls uncovered service with AC rooms 5 star category Hotels call n Whatsapp Local college girls cheap escorts VIP callgirl, hi-fi foreigners model best n genuine service call NORTH/SOUTH INDIANS HIGH CLASS MODELS/COLLEGE GIRLS/ HOUSEWIVES/BODY TO BODY MASSAGE, SANDWICH MASSAGE, SHOWER BATHING, BLOW JOB, LICKING, FRONT AND BACK SHOT, RUBBING, KISSING SMOOCHING ETC ETC... UNLIMITED FUN', NULL, NULL, 'published', 'Blowjob, Handjob, Girlfriend Experience (GFE), Kissing, Role Play, Overnight Stays', '25', 'female', '0', '2023-11-07 06:13:58', 189),
(89, '6', 'ANJU NO ADVANCE CASH ON DELIVERY CALL GIRLS SERVICE ZIRAKPUR', 7, 210, 158, 6, '918979797655', '+918979797655', '1699374162.jpg', '1699374162_image1.jpg', '1699374162_image2.jpg', '1699374162_image3.jpg', NULL, NULL, 'Call me ANJU 8979797655Low price 100% genuine sexy VIP call girls are provided .call ,,24 hours -- 100% genuine\r\nANJU SERVICE COMPANY ANJU 8979797655\r\n+ A-Level (5 star )\r\n+ Strip-tease\r\n+ BBBJ (Bareback Blowjob) Receive advanced sexual techniques in different mode make their life more pleasurable.\r\n+ Spending time in hotel rooms\r\n+ BJ (Blowjob Without a Condom)\r\n+ Completion (Oral to completion)\r\n+ Covered (Covered blowjob Without a Condom)\r\n+ DATING (Dinner At Night)\r\n+ DSL (Dick Sucking Lips)\r\n+ DT (Dining at the Toes English Spanking)\r\n+ Doggie (Sex style from behind)\r\n+ Duo (shot with two escorts; Threesome with the client)\r\n+ S-GFE (Special Girl Friend Experience)\r\n+ HJ (Hand Job)\r\n+ Special Massage\r\n+ O-Level (Oral sex)\r\n+ Tour (International)\r\n+ 69 (69 sex)\r\n+ BJ (Blowjob With Condom)\r\n+ GFE (Girl Friend Experience)\r\n+ CBJ (Covered Blow Job; Oral sex with a condom\r\nWebsite\r\nhttps://www. ANJU CALL GIRL SERVICE\r\n\r\nContact\r\nShare ad\r\n\r\n\r\nPrevious AdNext ad\r\n\r\nYou might also be interested in the following Locanto ads\r\n\r\n HIGH PROFILE MODEL CALL GIRL SERVICE\r\n\r\nREAL PICS PAY TO DIRECT GIRL NO ANY ADVANCE OUT CALL AVAILABLE REAL PICS PAY TO DIRECT GIRL NO ANY ADVANCE OUT CALL AVAILABLE CALANGUTE BEACH full night NORTH SOUTH CHANDIGARH …\r\nReady for a serious relationship\r\nLooking to meet someone. Find what you’re looking for now', NULL, NULL, 'published', 'Blowjob, Handjob, Girlfriend Experience (GFE), Kissing, Role Play, Overnight Stays, Cum on Face, Cum in Mouth (CIM), 69 Position', '24', 'female', '0', '2023-11-07 16:22:42', 162),
(90, '6', '№ Advance № Broker→Monika Chandigarh Call Girls Service', 7, 210, 158, 6, '918264406502', '+918264406502', '1699374317.jpg', '1699374317_image1.jpg', '1699374317_image2.jpg', NULL, NULL, NULL, 'I am Independent university student. I am studying in Chandigarh University. I am looking for a genuine partner with whom I can full fill all my desires and can share all my thoughts, I feel really alone after my College. Now I really need physical satisfaction from anyone who is safe and secure, So I am decided to make a Partner who understand me completely and I can share all of my feelings to him. Recently I\'m living in a flat alone. I\'m happy but want to feel something extra. So I don\'t mind if you ask for a date with me, but it must be extreme*secret, I need a guy who can speak Hindi to overcome my loneliness. He should be ready to be my partner and always has time for me. Those guys who are very romantic and keep the relation secret\r\n**Due to some personal issues am this work.Even am ready to provide out-call Also its a safe and secure place no need to worry guys l. U just come and enjoy your precious time. Am ready to provide all services without any restriction guys.....\r\nIf you are interested then ring me up and click for whats-app chat \r\n\r\nDo you want to lick, suck and fuck this horny Girl?... I want a man to come and do whatever he wants to me… If you want to eat me, push me down on bed and eat…. If you want me to suck you, put your cock in my mouth and tell me to suck…. If you want me doggy, I will be glad to bend down. But if you are not pervert don’t call me )Monika . I am a very open minded Girl, I don\'t have any brokers or agent Involved I will meet self and personally. I will give all round services without any restrictions. I love sex and enjoy it completely, you will love trying it with me. I am the perfect choice of an exclusive and adorable Girl, come and check it out. If you are interested to Booking me for an appointment then Call me  Monika', NULL, NULL, 'published', 'Blowjob, Handjob, Girlfriend Experience (GFE), Kissing, Role Play, Overnight Stays, Cum on Face, Cum in Mouth (CIM), 69 Position', '24', 'female', '1', '2023-11-07 16:25:17', 124),
(91, '6', 'HARPEET CHD CALL GIRLS SERVICE PANCHKULA ZIRAKPUR MOHALI KHARAR', 7, 210, 158, 6, '918264406502', '+918264406502', '1699374519.jfif', '1699374519_image1.jpg', '1699374519_image2.jpg', '1699374519_image3.jpg', NULL, NULL, 'ANU MOHALI CALL GIRLS IN ZIRAKPUR ESCORTS CHANDIGARH PANCHKULA\r\nVERY LOW RATE ONE SHOT 2K 2SHOT 3500 FULL NIGHT 6K Call or Whatsapp -  real SIMRAN call girl service in Zirakpur, Panchkula, Mohali and Chandigarh. These escort girls are well experienced and know how to impress or satisfy their clients. They are from high class families and available for both and Outcall services at reasonable charges.\r\n\r\nOur high profile escort are not only for sexual pleasure they also give a girl friend like experience. These experienced escort girls are from various cities of India and foreigner girls also available for your hungry needs. It’s all your choice to select the girl as per your desire and we make sure you will enjoy every moment with lots of fun and excitement.\r\nwomen seeking men zirakpur\r\nProfiles you can meet here\r\nHousewife\r\nRamp Models\r\nCollege Girls\r\nVIP Girls &\r\nForeigner Girls\r\n\r\nServices you can enjoy\r\nGirl Friend Experience\r\nHandjob\r\nBlowjob\r\n69 Position\r\nSex in Different Position\r\nErotic Dating\r\nBody Massage\r\nCum In Mouth', NULL, NULL, 'published', 'Blowjob, Handjob, Girlfriend Experience (GFE), Kissing, Role Play, Overnight Stays, Cum on Face, Cum in Mouth (CIM), 69 Position', '24', 'female', '1', '2023-11-07 16:28:39', 166),
(92, '6', 'LOW RATE  SHIFHA  HIGH PROFILE MODEL CALL GIRL SERVICE', 7, 188, 153, 6, '918264406502', '+918264406502', '1699374696.jfif', '1699374696_image1.jpg', NULL, NULL, NULL, NULL, 'REAL PICS PAY TO DIRECT GIRL NO ANY ADVANCE OUT CALL AVAILABLE\r\nREAL PICS PAY TO DIRECT GIRL NO ANY ADVANCE OUT CALL AVAILABLE CALANGUTE BEACH full night NORTH\r\nSOUTH CHANDIGARH\r\nMore Details Whatsap ful night CALL ME\r\nGENUINE INDIAN AND RUSS IAN GIRL AVL.\r\nNO ANY ADVANCE PAY TO DIRECT GIRLS\r\nSAME REAL PICS PROVIDED IN YOUR LOCATION\r\nProvide top class affordable genuine girls out call service all over north goa 24x7 )\r\nSafe and secure', NULL, NULL, 'published', 'Blowjob, Handjob, Girlfriend Experience (GFE), Kissing, Role Play, Overnight Stays, Cum on Face, Cum in Mouth (CIM), 69 Position', '24', 'female', '0', '2023-11-07 16:31:36', 118),
(93, '6', 'I AM  KOMAL  HIGH PROFILE MODEL CALL GIRL SERVICE', 7, 210, 159, 6, '917435815124', '+917435815124', '1699374836.jfif', '1699374836_image1.jpg', NULL, NULL, NULL, NULL, 'We provide high class educated independent girls, models, housewife, air hostesses, college girls, call center girls, who are not only good looking but also very mannered\r\n\r\n100% genuine service.\r\n\r\nOnly genuine customer invited. Time passer stay away. Customer safety and security is our\r\n\r\nfirst priority.\r\n\r\nCharges are including rooms. 100% same girl available otherwise full payment refund.\r\n\r\nFull service....\r\n\r\nService available... 1 Kissing (French kiss also)\r\n\r\n2 Liplock.\r\n\r\n3 Smooch.\r\n\r\n4 Blowjob. Without condom.\r\n\r\n5 Oral service.\r\n\r\n6 Anal service\r\n\r\n7 Sucking.\r\n\r\n8 Fucking. All Girl', NULL, NULL, 'published', 'Blowjob, Handjob, Girlfriend Experience (GFE), Kissing, Role Play, Overnight Stays, Cum on Face, Cum in Mouth (CIM), 69 Position', '24', 'female', '0', '2023-11-07 16:33:56', 119),
(94, '8', 'Experience Pure Bliss with Our Exclusive Bangalore girlfriend experience', 7, 180, 93, 13, '919000000000', '+919000000000', '1699378931.jpg', NULL, NULL, NULL, NULL, NULL, 'Welcome to the world of Bangalore Escorts, where pure bliss and ultimate pleasure await you. Our exclusive selection of stunning escorts in Bangalore is here to provide you with the ultimate girlfriend experience. Whether you are looking for a romantic evening, a night filled with excitement, or simply some fun, our escorts are ready to cater to your every need. Get ready to experience pure bliss and indulge in your deepest desires with our high-class Bangalore Escorts. Let us introduce you to a world of pleasure and leave you craving for more.\r\n\r\nBooking one of our escorts in Bangalore is simple and discreet. Simply browse through our exclusive selection, choose the escort who captures your attention, and contact us to arrange a meeting. We will handle all the details, ensuring that your experience is seamless and stress-free. So, if you are ready to experience pure bliss and indulge in your deepest desires, our exclusive selection of escorts in Bangalore is waiting to make your fantasies come true. Allow us to introduce you to a world of pleasure and leave you craving for more. Book one of our high-class Bangalore Call Girls today and embark on an unforgettable journey of passion, companionship, and pure ecstasy.\r\n', NULL, NULL, 'published', 'Girlfriend Experience (GFE)', '23', 'female', '0', '2023-11-07 17:42:11', 2330),
(95, '9', 'Embrace the Exquisite Culture and Unforgettable Experiences with Call Girls in Mumbai', 7, 148, 180, 2, '910000000000', '+910000000000', '1699379811.jpg', '1699379811_image1.jpg', '1699379811_image2.jpg', '1699379811_image3.jpg', '1699379811_image4.jpg', NULL, 'Our call girls in Mumbai are not only incredibly beautiful and seductive but also well-versed in the art of companionship. They possess a deep understanding of the city\'s culture and can guide you through its hidden gems and local delights. Whether you want to explore the bustling markets, indulge in mouthwatering street food, or dance the night away at a trendy club, these call girls in Mumbai will be your perfect partners in crime.', NULL, NULL, 'published', 'Blowjob, Girlfriend Experience (GFE), Kissing, 69 Position', '25', 'female', '0', '2023-11-07 17:56:51', 140),
(96, '10', 'Delhi Call Girl Ready to Spice Up Your Night', 7, 182, 29, 4, '917894561230', '+917894561230', '1699381039.jpg', '1699381039_image1.jpg', '1699381039_image2.jpg', NULL, NULL, NULL, 'Delhi call girl, ready to sprinkle a dash of spice into your already magical night. These enchanting beings possess an unparalleled allure, a magnetic charm that can make your heart skip a beat. With their stunning beauty, poise, and unmatched sensuality, they are the perfect companions to indulge in life\'s most extravagant pleasures. So, if you find yourself craving an unforgettable, exhilarating encounter in the vibrant heart of India, fear not, for Delhi call girl are here to ignite the fire within you and create memories that will forever be etched in the tapestry of your existence.', NULL, NULL, 'published', 'Blowjob, Handjob, Girlfriend Experience (GFE), Kissing, Role Play, Overnight Stays, Cum on Face, Cum in Mouth (CIM), 69 Position', '23', 'female', '0', '2023-11-07 18:17:20', 947),
(97, '11', 'Book Our High Profile Call Girls in Adyar', 7, 185, 250, 24, '919876543231', '+919876543231', '1699382348.jpg', '1699382348_image1.jpg', '1699382349_image2.jpg', '1699382349_image3.jpg', NULL, NULL, 'Hey there! Welcome to Adyar Call Girls, where we redefine the meaning of ultimate pleasure! We are the go-to agency for those seeking companionship with a sprinkle of adventure in the vibrant city of Adyar. We have carefully curated a collection of high-profile, drop-dead gorgeous call girls who are ready to take you on an unforgettable journey. These ladies are not just good-looking; they possess the charm, intellect, and fire that will keep you coming back for more, time and time again. So why should you choose us? Simple - we are all about versatility and exceeding your expectations.\r\n\r\nOur call girls in Adyar are professionals in their craft, ensuring that every encounter leaves you wanting more. We prioritize your satisfaction and privacy above all else. Our booking process is seamless, discreet, and reliable, providing you with the peace of mind you deserve. We understand that life can be unpredictable, so we\'ve got flexible packages to fit your schedule and preferences.\r\n\r\nYour desires are our command! So, what are you waiting for? Get ready to embark on a wild adventure with our high-profile call girls in Adyar. Let us inject excitement back into your life, leaving you with memories that will make you smile for years to come. Reserve your unforgettable experience today and let us cater to your deepest desires. Trust us, you won\'t be disappointed!\r\n\r\n', NULL, NULL, 'published', 'Blowjob, Handjob, Girlfriend Experience (GFE), Kissing, Role Play, Overnight Stays, Cum on Face, Cum in Mouth (CIM), 69 Position', '23', 'female', '0', '2023-11-07 18:39:09', 142),
(98, '10', 'I will give you first like service in Karol Bagh now I\\\'m independent girl', 7, 182, 30, 4, '917894561230', '+917894561230', '1699450130.jpg', '1699450130_image1.jpg', '1699450130_image2.jpg', NULL, NULL, NULL, 'Nice to meet you! I\'ve just been to Karol Bagh for a short while.  I will do service escort for a good man in Karol Bagh. A friend and I are currently occupying a single room. Hotel with comfortable rooms and kind staff. I appreciate you reaching out to me. I promise to provide excellent service and am looking forward to working with you in the future. Oil the body and massage it. Sucking. Kiss your girlfriend the same as me. Fucking and sucking without a condom. All of it', NULL, NULL, 'published', 'Blowjob, Handjob, Girlfriend Experience (GFE), Kissing, Role Play, Overnight Stays, Cum in Mouth (CIM), 69 Position', '22', 'female', '0', '2023-11-08 13:28:50', 115),
(99, '9', 'Enjoy with our 100% reliable independent call girls in Mumbai', 7, 148, 181, 2, '910000000000', '+910000000000', '1699451685.jpg', '1699451685_image1.jpg', '1699451685_image2.jpg', NULL, NULL, NULL, 'Hello Guys, I am Anjali Indian call girl and independent elite partner available for incall and outcall. I have frequently described it as a heat basic beauty providing the utmost sensuous moments experienced. I am informed that I’m genuine, enthusiastic, caring, and passionate.\r\n\r\nI am attracted by discerning gents with the aid of class kindness and sensuality. I agree with self-indulgence and making each and every escapade memorable.\r\n\r\nI am a 100% independent high-class call girl. I invite you to be a part of me for a romantic date and lustful girlfriend experiences.', NULL, NULL, 'published', '', '25', 'female', '0', '2023-11-08 13:54:45', 113),
(100, '12', 'Upscale Experiences Await: Benefits of Choosing Luxury Bangalore Escort Services', 7, 180, 99, 13, '919000000000', '+919000000000', '1699452598.jpg', '1699452599_image1.jpg', '1699452599_image2.jpg', NULL, NULL, NULL, 'Choosing a high-end escort in Bangalore means elevating your romance to new heights. They are well-versed in creating an atmosphere of intimacy and connection, making every moment together unforgettable. Whether you are looking for call girls for a special event or simply a private evening of pleasure, these escorts are the perfect choice. Savoring unmatched intimacy with high-end escorts in Bangalore is an experience that will leave you craving for more. So, indulge in the ultimate pleasure and make your fantasies come true with the most alluring and talented escorts in the city. Let their touch ignite your desires and their presence fill your heart with passion.\r\n', NULL, NULL, 'published', 'Blowjob, Handjob, Girlfriend Experience (GFE), Kissing, Role Play, Overnight Stays, Cum on Face, Cum in Mouth (CIM), 69 Position', '23', 'female', '0', '2023-11-08 14:09:59', 143),
(101, '11', 'Satisfying Your Deep Fantasies with Our Ambattur Call Girls', 7, 185, 251, 24, '919876543231', '+919876543231', '1699453212.jpg', '1699453212_image1.jpg', '1699453212_image2.jpg', '1699453212_image3.jpg', NULL, NULL, 'Hey guys. My name is Kajol, and I\'m from Ambattur, Chennai. I\'m 23 years old. I resemble the front cover of a sexy magazine. I\'m gorgeous, and my grin will win you over. My elegantly kept body will pleasantly surprise you. With my caresses, I will arouse you to the point of insanity and leave no one unsatisfied, not even the most discerning palate. Like a wild tigress, I can rip off your clothing and unleash my full potential in bed.\r\n\r\nI have a charming smile and am a nice, happy laugher at the same time. I will activate the dude. My sexuality and sensuality come naturally to me. You will have an amazing trip and experience an emotional storm with me! They claim it\'s impossible to forget a girl like me!🥰\r\n', NULL, NULL, 'published', 'Blowjob, Handjob, Girlfriend Experience (GFE), Kissing, Role Play, Overnight Stays, Cum on Face, Cum in Mouth (CIM), 69 Position', '24', 'female', '0', '2023-11-08 14:20:12', 2113),
(102, '14', 'Experienced in providing professional and discrete call girl services in Goa.', 7, 187, 38, 21, '910000000000', '+919100000000', '1699453871.png', '1699453871_image1.png', '1699453871_image2.png', '1699453871_image3.jpg', NULL, NULL, 'Hello, Guys I am Preeti Patel escort call girl service providing for all guys if you are 18+ you can call me and if you are not 18+ old year do not call me due to the fact I do not grant providers for 18 under boys. I am a stunning and scenic sports activities participant in Goa. I am a hi-fi family you can visit me :', NULL, NULL, 'published', 'Blowjob, Handjob, Girlfriend Experience (GFE), Kissing, 69 Position', '24', 'female', '0', '2023-11-08 14:31:11', 118),
(103, '10', 'Hi I\\\'m Sony Patel Full cash on delivery hand to hand payment 🤳', 7, 182, 31, 4, '917894561230', '+917894561230', '1699529235.jpg', '1699529235_image1.jpg', '1699529235_image2.jpg', '1699529235_image3.jpg', NULL, NULL, 'I\'m a lovely young lady from Saket with a sweet voice, velvety skin, and a radiant smile.\r\n\r\nI am a cultured, educated, polyglot. I\'m on the lookout for someone with whom I can share my thoughts and my bed.\r\n\r\nI can make your wildest dreams come true and make you laugh out loud. Let\'s go on a spontaneous date.\r\n\r\nI am patient and won\'t ever make you feel rushed.', NULL, NULL, 'published', 'Blowjob, Girlfriend Experience (GFE), Kissing, Role Play, Cum on Face, 69 Position', '22', 'female', '0', '2023-11-09 11:27:15', 119),
(104, '9', 'Experience a Night of Luxury and Passion with Mumbai\\\'s Elite Call Girls', 7, 148, 182, 2, '910000000000', '+910000000000', '1699533337.jpg', '1699533337_image1.jpg', '1699533337_image2.jpg', '1699533337_image3.jpg', NULL, NULL, 'Welcome to the glamorous world of Mumbai\'s elite call girls, where luxury and ardor collide for an unforgettable night! Indulge in a nighttime of pure decadence in the city\'s most opulent venues, accompanied by beautiful companions who will captivate you with their splendor and charm. From the second you step into their world, you will be embraced by an environment of sophistication and desire, as these enthralling girls carry your wildest fantasies to life. \r\n\r\nWhether you choose a sultry goddess with charming eyes or a seductive enchantress with a mysterious smile, our elite call girls are assured to take your breath away. Let them inform you about the bright nightlife of Mumbai, the place where nice dining, tantalizing cocktails, and exhilarating events await.', NULL, NULL, 'published', 'Blowjob, Handjob, Girlfriend Experience (GFE), Kissing, 69 Position', '25', 'female', '0', '2023-11-09 12:35:37', 113),
(105, 'admin', 'Meet The High-Class Call Girl in Anna Nagar, Chennai', 7, 185, 252, 24, '919876543231', '+919876543231', '1699620072.jpg', '1699620072_image1.jpg', '1699620072_image2.jpg', '1699620073_image3.jpg', '1699620073_image4.jpg', '', 'Hi there, I\'m Neha. I look amazing for my age (I\'m 22). I am available in Anna Nagar, I am extremely kind and easy to go, to my location to make your day or night wonderful. You\'ll have a fantastic time hanging out with me. I am your best option when it comes to physical attractiveness. I\'m an independent call girl with all the attributes you seek, and I\'m excited to share a wonderful time with you.\r\n\r\nI am of excellent quality; I am timeless and uncomplicated. I\'m the gal who showers you with affection and attention. In the post-apocalyptic future, when it\'s only the two of us and we\'re holding our ground, others will be envious of us. \r\n\r\nThe expression of joy and contentment in my beautiful eyes can captivate anyone who happens to be around us at this very moment. The customer asked me initially since I am a great girl who has had adventures that very few ladies have had. Let me go today as you make your goals a reality.\r\n', '', '', 'published', 'Blowjob, Handjob, Girlfriend Experience (GFE), Kissing, Role Play, Overnight Stays, Cum on Face, Cum in Mouth (CIM), 69 Position', '23', 'female', '0', '2023-11-10 12:41:13', 140),
(106, '12', 'Elevate your Romance with Luxurious Bangalore Call Girls', 7, 180, 101, 13, '919000000000', '+919000000000', '1699631009.jpg', '1699631009_image1.jpg', '1699631009_image2.jpg', NULL, NULL, NULL, 'Our elite Call Girls in HSR Layout are not only stunningly beautiful but also intelligent and sophisticated. They are well-versed in the art of seduction and can captivate you with their charm and grace. Whether you are looking for a romantic dinner date, a fun night out on the town, or an intimate encounter, our high-end escorts will provide you with an experience like no other.\r\n\r\n\r\nWith our luxurious services, you can indulge in the pleasure of companionship and enjoy moments of pure bliss. Our HSR Layout call girls are skilled in the art of seduction and will ensure that you are satisfied both mentally and physically. They will take you to new heights of pleasure and leave you craving for more. So why wait? Unlock a world of passionate romance with our deluxe services. Experience the ultimate in luxury and pleasure. Book your dream escort today and let the magic begin.\r\n', NULL, NULL, 'published', 'Blowjob, Handjob, Girlfriend Experience (GFE), Kissing, Overnight Stays, Cum on Face, Cum in Mouth (CIM), 69 Position', '23', 'female', '0', '2023-11-10 15:43:29', 337),
(107, '12', 'Savoring Unmatched Intimacy with High-end Escorts in Silk Board', 7, 180, 116, 13, '919000000000', '+919000000000', '1699631263.jpg', '1699631263_image1.jpg', '1699631263_image2.jpg', '1699631263_image3.jpg', '1699631263_image4.jpg', NULL, 'When it comes to savoring unmatched intimacy, there\'s no better way to elevate your romantic experience than with high-end Silk Board Call Girls. These stunning and alluring Call Girls are not just your typical companions, but they are also skilled in the art of pleasure and seduction. With their captivating beauty, intelligence, and sophistication, they can provide an unforgettable experience that will leave you craving for more.\r\n\r\n\r\nWhether you\'re looking for a sensual night out on the town or a private, intimate encounter behind closed doors, these high-end Silk Board escorts are well-equipped to cater to your desires. From their tantalizing touch to their deep understanding of your needs, they know how to make you feel like a king. They are not just mere providers of pleasure; they are expert listeners and companions who will make you feel heard and valued.\r\n\r\n\r\nWhat sets high-end escorts in Silk Board apart from the rest is their ability to create an ambiance of luxury and comfort. From the moment you meet them, you will be greeted with warmth and affection, instantly putting you at ease. They take pride in their appearance and are always impeccably dressed, making them the perfect arm candy for any occasion.\r\n', NULL, NULL, 'published', 'Blowjob, Handjob, Girlfriend Experience (GFE), Kissing, Role Play, Overnight Stays, Cum on Face, Cum in Mouth (CIM), 69 Position', '', 'female', '0', '2023-11-10 15:47:43', 139),
(108, '12', 'An Unforgettable Romantic Journey with our Elite Bangalore Brookfield', 7, 180, 96, 13, '919000000000', '+919000000000', '1699631428.jpg', '1699631428_image1.jpg', '1699631428_image2.jpg', '1699631429_image3.jpg', '1699631429_image4.jpg', '', 'Are you ready to embark on an unforgettable romantic journey with our elite Brookfield escorts? These stunning and sophisticated companions are here to make your dreams come true. From the moment you meet them, you will be captivated by their charm, intelligence, and beauty. They are not just escorts; they are experienced professionals who know how to provide the perfect companionship for any occasion. \r\n\r\n\r\nWhether you\'re attending a social event, going on a luxurious vacation, or simply enjoying a night out on the town, our Brookfield call girls will ensure that your experience is nothing short of extraordinary. With their impeccable sense of style and seductive allure, they will turn heads wherever you go. Get ready to indulge in a world of passion and romance with our elite call girls. Your unforgettable journey awaits.\r\n', '', '', 'published', 'Blowjob, Handjob, Girlfriend Experience (GFE), Kissing, Role Play, Overnight Stays, Cum on Face, Cum in Mouth (CIM), 69 Position', '23', 'female', '0', '2023-11-10 15:50:29', 137),
(109, '10', 'Hello Sir My self Diya Mishra accepts cash Payment in all Delhi', 7, 182, 32, 4, '917894561230', '+917894561230', '1699631789.jpg', '1699631789_image1.jpg', '1699631789_image2.jpg', '1699631789_image3.jpg', NULL, NULL, 'You\'re exhausted. You face work pressure. You want to unwind. You need a massage. Additional service is needed. please reach out. You can come to me for service. Just call me to come to your location. Contact me on WhatsApp for the location. send my photos to you. I guarantee top-notch service. Thank you.', NULL, NULL, 'published', 'Blowjob, Handjob, Girlfriend Experience (GFE), Kissing, Overnight Stays, Cum on Face, Cum in Mouth (CIM), 69 Position', '22', '', '0', '2023-11-10 15:56:29', 114),
(110, '10', 'Malviya Nagar High profile call girl for call me in low price available', 7, 182, 33, 4, '917894561230', '+917894561230', '1699632034.jpg', '1699632034_image1.jpg', '1699632034_image2.jpg', '1699632034_image3.jpg', NULL, NULL, 'My darling. Do you find a massage to be soothing? and better assistance Come and have a calm moment and use the service from me. I guarantee the happiest moment imaginable. will share pleasant experiences with you. It would be great if you could get in touch with me. 7894561230 Talk WhatsApp.The address will be forwarded to you. Many thanks!....\r\n', NULL, NULL, 'published', 'Blowjob, Handjob, Kissing, Role Play, Cum on Face, Cum in Mouth (CIM), 69 Position', '21', 'female', '0', '2023-11-10 16:00:35', 136),
(111, '4', '32% Off VIP Jaipur Call girls Services for Your Pleasure', 7, 164, 230, 1, '919000000000', '+919000000000', '1699632272.jpg', '1699632273_image1.jpg', '1699632273_image2.jpg', NULL, NULL, NULL, 'Are you looking for a pleasure-filled night? Look no further than VIP Jaipur Call Girls Services. They provide the ultimate in luxury experiences for those who want to indulge in the highest quality of pleasure. \r\n\r\nWith a 32% discount, you can enjoy the best that the city has to offer, with VIP call girls in Jaipur that are sure to make your night one to remember. With a team of experienced and passionate professionals, you are sure to have an unforgettable experience. \r\n\r\nAll services are provided with the utmost discretion, ensuring your privacy and safety. So don\'t wait any longer and take advantage of this amazing offer! Book now and enjoy the best of what Jaipur call girls has to offer.', NULL, NULL, 'published', 'Blowjob, Handjob, Kissing, Overnight Stays, Cum on Face, Cum in Mouth (CIM), 69 Position', '22', 'female', '0', '2023-11-10 16:04:33', 119),
(112, '10', 'Shaking Your Body With A Real Attraction Call Girl In Chanakyapuri', 7, 182, 34, 4, '917894561230', '+917894561230', '1699632324.jpg', '1699632324_image1.jpg', '1699632324_image2.jpg', NULL, NULL, NULL, 'Howdy, sweetheart. The answer is joyful enjoyment. no condom and lots of sex ass. Please send me a WhatsApp message since I just got a gorgeous, working babe and I have no condom. The females are eager to please and will do what you ask. Women don\'t use condoms, so feel free to enjoy yourselves. Please contact me. The top recommendation will be forwarded to you. Much appreciated.\r\n', NULL, NULL, 'published', 'Blowjob, Handjob, Girlfriend Experience (GFE), Kissing, Role Play, Overnight Stays, Cum on Face, Cum in Mouth (CIM), 69 Position', '23', 'female', '0', '2023-11-10 16:05:24', 118),
(113, '11', 'Meet the Independent call girl in Egmore, Chennai', 7, 185, 253, 24, '919876543231', '+919876543231', '1699633631.jpg', '1699633631_image1.jpg', '1699633631_image2.jpg', NULL, NULL, NULL, 'Hey everyone, My name is Disha, and I\'m a smart woman with a kind, caring attitude. I\'m direct, honest, and have a wild side and a passion for adventure. I am an independent worker who enjoys spending quality time with gentlemen. \r\n\r\nIf you\'re searching for a place to unwind and enjoy yourself, I\'m the one you\'ve been waiting for. I want our private time together to be an amazing experience. Please let me know which service you prefer, and I will do my best to meet your needs. I want to be a true girlfriend to you, so I will do what comes most naturally to you.\r\n\r\n\r\n', NULL, NULL, 'published', 'Blowjob, Handjob, Girlfriend Experience (GFE), Kissing, Role Play, Overnight Stays, Cum on Face, Cum in Mouth (CIM), 69 Position', '24', 'female', '0', '2023-11-10 16:27:11', 134),
(114, '11', 'Call Girls in Egmore – Meet Me In the real world of pleasure', 7, 185, 253, 24, '919876543231', '+919876543231', '1699634010.jpg', '1699634010_image1.jpg', '1699634010_image2.jpg', '1699634010_image3.jpg', NULL, NULL, 'Hi, my beloved man. I\'m 24 years old and go by Rashmi. I resemble the front cover of a sexy magazine. I\'m gorgeous, and my grin will win you over. My elegantly kept body will pleasantly surprise you. \r\n\r\nWith my caresses, I will arouse you to the point of insanity and leave no one unsatisfied, not even the most discerning palate. I have the power to undress you and, akin to a ferocious tigress, unleash my full potential in bed. 😈\r\n\r\nI have a charming chuckle and am a nice, happy laugher at the same time. I will activate the dude. My sexuality and magnetism come naturally to me. You will have an amazing trip and experience an emotional storm with me! They claim it\'s impossible to forget a girl like me!🥰\r\n\r\nKindly send me a message on WhatsApp. I will gladly set up every scenario necessary for you to have a good night\'s sleep.\r\n\r\n', NULL, NULL, 'published', 'Blowjob, Handjob, Girlfriend Experience (GFE), Kissing, Role Play, Overnight Stays, Cum on Face, Cum in Mouth (CIM), 69 Position', '24', 'female', '0', '2023-11-10 16:33:30', 1223),
(115, '14', ' the stunning independent call Girls in Goa', 7, 187, 39, 21, '919100000000', '+919100000000', '1699634203.jpeg', '1699634203_image1.jpeg', '1699634203_image2.jpeg', NULL, NULL, NULL, 'I consider myself to have exquisite tastes and I want to meet men who know how to value the close and personal treatment that I give in each of my appointments, me you will be like with that woman you always dreamed of to feel eroticism and passion in each one of her kisses or at brush against your skin. Treat yourself and take the risk to meet me I can move to your hotel. I will not leave you indifferent, you will always remember me for my natural and sophisticated personality, distinction at the highest level.', NULL, NULL, 'published', 'Blowjob, Girlfriend Experience (GFE), Kissing, Cum on Face, 69 Position', '24', 'female', '0', '2023-11-10 16:36:43', 404),
(116, '14', 'The call girl services in Goa are a great way to spice.', 7, 187, 40, 21, '919100000000', '+919100000000', '1699634984.jpeg', '1699634984_image1.jpeg', NULL, '1699634984_image3.jpeg', NULL, NULL, ' am Simran Arora. I am from Delhi, India I am an elegant companion based in the vibrant city of Goa. Born and raised in the culturally rich country of India, I carry my heritage with pride and grace. My aim is to provide an intimate Girlfriend Experience (GFE), designed to make you feel cherished and relaxed. It may be in the form of one-night stand, taking her somewhere to some exotic places, spend some time in peace with me and much more as you wish to do with me 💋. There is no limit to date with me . You can call me repeatedly and can make long term relationship if you like my services or attention. There is no Agency behind me am 💯 independent.', NULL, NULL, 'published', 'Blowjob, Handjob, Girlfriend Experience (GFE), Cum in Mouth (CIM)', '24', 'female', '0', '2023-11-10 16:49:44', 113),
(117, '14', ' call girls present in Goa are the great mood activators and can rejuvenate moods.', 7, 187, 41, 21, '919100000000', '+919100000000', '1699635339.jpg', '1699635339_image1.jpg', '1699635339_image2.png', NULL, NULL, NULL, 'Welcome to my profile, about me, I\'m a tall, slender sexy girl, I like to talk to pleasant men, I love sex and a romantic atmosphere, and the time spent with me will be hard to forget Me!!😻\r\n\r\nI have wonderful, fair, conditioned skin, I love dealing with myself as you can decide from my photographs, let me again reiterate that what you see in the photos is what you’ll eventually have in your bed lol so your fantasy of making love to a model can come true.\r\nI have a body to bite the dust for, my bosoms are normal, hard, and firm and I have profound eyes that I have been informed commendation my face quite well, I love it when my hair are tenderly stroked and love a man who plays with my hair. I generally enjoy safe sex work on during entrance so don\'t burn through your time asking me for sex without a condom as it will compel me to obstruct you.', NULL, NULL, 'published', 'Blowjob, Handjob, Girlfriend Experience (GFE), Kissing', '24', 'female', '0', '2023-11-10 16:55:39', 570),
(118, '9', 'High-Profile Escorts & Call Girls in Andheri- Hot & VIP girl to Enjoy Every Moments of Life!', 7, 148, 182, 2, '910000000000', '+910000000000', '1699636764.jpg', '1699636764_image1.jpg', '1699636764_image2.jpg', '1699636764_image3.jpg', NULL, NULL, 'High & Professional Class call girls, I am waiting for you. I am very wealthy at companionship alongside attractive and underhanded Indian call girls.\r\n\r\nSimply the kind of girl you can take out on the city and no person would parent you have been with\r\n\r\nIs anybody different than a stunning lengthy-legged mannequin girlfriend?\r\n\r\n100% actual & continually updated!!\r\n\r\nEntryways she\'s now not the type of girl to deny whatever you need. Uae Escort Sexy Escort Agency each minute of each day.', NULL, NULL, 'published', 'Blowjob, Handjob, Girlfriend Experience (GFE), Kissing, Role Play, Overnight Stays, Cum on Face, Cum in Mouth (CIM), 69 Position', '24', 'female', '0', '2023-11-10 17:19:24', 1671),
(119, '9', 'Mumbai, Chembur Sexy Girls 24×7 service with 100% satisfaction guarantee Sexy Actress Available', 7, 148, 183, 2, '910000000000', '+910000000000', '1699637207.jpeg', '1699637207_image1.jpeg', '1699637207_image2.jpeg', '1699637207_image3.jpeg', NULL, NULL, 'Highly sensual call girls in Chembur, Mumbai, her wonderful sports activities body, and beautiful face will stay in your memory forever. I\'m inclined to go to you for a completely satisfying hour. Only Outcall Services to Your Hotel. I\'ll supply you with the biggest provider viable to entice you to return. I have extremely excessive desires, am kind, and will make your wants come true. For a booking, do not be afraid to message me on WhatsApp. actually waiting to see you!', NULL, NULL, 'published', 'Blowjob, Handjob, Girlfriend Experience (GFE), Kissing, Role Play, Overnight Stays, Cum on Face, Cum in Mouth (CIM), 69 Position', '23', 'female', '0', '2023-11-10 17:26:47', 124),
(120, '9', 'Call Girls in Goregaon, Mumbai female escorts cheap rates WhatsApp number for Sexual Service Sexy Neha', 7, 148, 184, 2, '910000000000', '+910000000000', '1699637711.jpg', '1699637711_image1.jpg', '1699637711_image2.jpg', '1699637711_image3.jpg', '1699637711_image4.jpeg', NULL, 'High sexy warm stinging Tanya. I am very lovely and intelligent. Well as in bed and can help with any conversation. I\'m a dream that is aware of how to convey a man\'s pleasure. Her lovely sports activities physique and stunning face will continue to be in your reminiscence continually a fairly horny call girl in Mumbai. I am geared up to come to you for completely happy hours. Services only Outcall to your Hotel. I will provide you with a first-rate viable provider so that you maintain coming back… I am mild, charming, and have very high desires, that will make your want into reality. Please do not hesitate to contact me by means of WhatsApp for a reservation. looking forward to seeing you!\r\n\r\nYoung and absolutely unique beauty! I was once created for actual connoisseurs of herbal female beauty! Chic, bendy physique, and charming grace!\r\n\r\nThe One You Looking For!', NULL, NULL, 'published', 'Blowjob, Handjob, Girlfriend Experience (GFE), Kissing, Role Play, Overnight Stays, Cum on Face, Cum in Mouth (CIM), 69 Position', '25', 'female', '0', '2023-11-10 17:35:11', 121),
(121, '4', '100% Genuine Call girls in Hyderabad cash payment with Real Photos and Number', 7, 183, 258, 31, '919000000000', '+919000000000', '1699885180.jpg', '1699885180_image1.jpg', NULL, NULL, NULL, NULL, 'Are you looking for 100% genuine Call Girls in Hyderabad?  We provide real photos and cash payment options for our esteemed customers. Our call girls are highly professional, well-mannered, and sophisticated and can make your evening memorable and exciting. \r\n\r\nThey offer you a chance to explore the city\'s nightlife with them and fulfill all your desires. Moreover, our call girls are available for out-calls and in-calls, and they are willing to travel to different places. \r\n\r\nOur call girls are the perfect companion for you to have a wonderful time in Hyderabad. So, don\'t wait any longer and book your Call Girl in Hyderabad today!', NULL, NULL, 'published', 'Blowjob, Girlfriend Experience (GFE), Kissing, Overnight Stays, Cum in Mouth (CIM)', '24', 'female', '0', '2023-11-13 14:19:40', 111),
(122, '4', 'Patna all area Rani available today low price', 7, 114, 22, 11, '919000000000', '+919000000000', '1699887994.jpg', '1699887994_image1.jpg', NULL, NULL, NULL, NULL, 'As an experienced call girl in Patna, I offer professional private room services for full nights. I understand the importance of discretion and privacy and am committed to providing a safe and comfortable atmosphere. \r\n\r\nMy services are available for cash only and as such, I am unable to accept any other form of payment. All my services are conducted in a non-judgemental and respectful manner and I ensure that all my clients are satisfied before leaving. \r\n\r\nI am confident that my professional approach to providing my service will leave you feeling relaxed and happy. If you are looking for a high-quality, private room experience, I am the right Patna call girl for you.', NULL, NULL, 'published', 'Blowjob, Girlfriend Experience (GFE), Kissing, Overnight Stays, Cum in Mouth (CIM)', '25', 'female', '0', '2023-11-13 15:06:34', 127),
(123, '9', 'Hot & VIP College call girl available for full night Enjoyment in Juhu, Mumbai', 7, 148, 185, 2, '910000000000', '+910000000000', '1699968689.jpg', '1699968689_image1.jpg', '1699968689_image2.jpg', '1699968689_image3.jpg', NULL, NULL, 'My name is Pooja, a state-of-the-art girl with a pleasant and loving attitude, my personality is gentle, straightforward, and honest, also have a wild facet and a style for being adventurous. I work independently, I love spending first-class time with a gentleman, and would love to share wonderful, if you are searching for an area to loosen up rest, and enjoy, then I am the individual you are searching for. I choose our personal time collectively to be an unforgettable experience.\r\n⚜️Please let me be aware of which service you like best, and I will accommodate that best, because I choose you to be comfortable with what you need and will be an actual girlfriend to you and what is most natural, I\'m no longer the girl in a hurry to get work achieved on time and you have the nice time being with me.\r\nI will provide you with such a pleasure that you have by no means skilled before\r\nReal Pictures Profile.\r\nI’m waiting for you ..... Hope to see you.', NULL, NULL, 'published', 'Blowjob, Handjob, Girlfriend Experience (GFE), Kissing, Overnight Stays, Cum on Face, Cum in Mouth (CIM), 69 Position', '24', 'female', '0', '2023-11-14 13:31:29', 113),
(124, '16', 'Romantic Bliss: Experience Luxurious Bangalore Escorts Services', 7, 180, 105, 13, '919178945612', '+919178945612', '1699970461.jpg', '1699970461_image1.jpg', '1699970461_image2.jpg', '1699970461_image3.jpg', NULL, NULL, 'Are you looking to add a touch of luxury and excitement to your romantic life? Look no further than Bangalore Escorts Services. Our exquisite and professional Bangalore Call Girls are here to elevate your romance to new heights. With our luxurious Bangalore Escort, you can escape the mundane and dive into a world of passion and excitement. Our Escorts in Bangalore are experts at creating romantic bliss, making every moment together a memorable one. Don\'t settle for an ordinary love life when you can have an extraordinary one with our sensational Bangalore Call Girls. \r\n\r\nThese stunning and sophisticated call girls are here to fulfill all your desires and create unforgettable memories. With their charm, beauty, and seductive skills, these escorts will take you on a journey of passion and pleasure. Whether you are a resident or a visitor in Bangalore, make sure to add this luxurious experience to your itinerary and indulge in true romance with the elite escorts of Bangalore.', NULL, NULL, 'published', 'Blowjob, Handjob, Girlfriend Experience (GFE), Kissing, Role Play, Overnight Stays, Cum on Face, Cum in Mouth (CIM), 69 Position', '23', 'female', '0', '2023-11-14 14:01:01', 152),
(125, '10', 'I Offer You Full Of Lust Filled Memorable Moment', 7, 182, 35, 4, '917894561230', '+917894561230', '1699971124.jpg', '1699971124_image1.jpg', '1699971124_image2.jpg', NULL, NULL, NULL, 'I\'m from Delhi and I\'m 24 years old. fulfills every service. Give me a kiss. sex anal. Two shots in one hour. A soothing massage. Please text me if you need a girl for tonight. _ Whole Service Everything: - Anal sex; - Kissing and soothing massage; - Making outgoing calls from home\r\nCall me, please! 365 days a year. Kindly schedule a meeting with me.', NULL, NULL, 'published', 'Blowjob, Handjob, Girlfriend Experience (GFE), Kissing, Overnight Stays, Cum on Face, Cum in Mouth (CIM), 69 Position', '21', 'female', '0', '2023-11-14 14:12:04', 121),
(126, '11', 'Have The Most Beautiful & Sexiest Call Girl in Guindy', 7, 185, 254, 24, '919876543231', '+919876543231', '1699973900.jpg', '1699973901_image1.jpg', '1699973901_image2.jpg', '1699973901_image3.jpg', '1699973901_image4.webp', NULL, 'Hello everyone, I\'m Priyanka. I\'m a very beautiful and sexy call girl in Guindy. I enjoy sharing my happy moments and spending time with gentlemen. I am sincere, innocent, and kind. \r\n\r\nI\'m having intense sex and I\'m starving. I\'m a wonderful girlfriend who enjoys taking showers, giving passionate French kisses, biting, and... I can be a gentle heart and your discreet lover.\r\n\r\nvery attractive physique. I\'m really amiable and kind. I want to make the most of our time together.\r\n\r\nAlong with a fantastic encounter, I provide you with a comprehensive range of services. After we meet, you won\'t ever forget who I am. You\'ll get a full range of relaxing services. Please WhatsApp me to arrange a time; I\'m available. I\'m waiting for you.\r\n', NULL, NULL, 'published', 'Blowjob, Handjob, Girlfriend Experience (GFE), Kissing, Role Play, Overnight Stays, Cum on Face, Cum in Mouth (CIM), 69 Position', '23', 'female', '0', '2023-11-14 14:58:21', 155);
INSERT INTO `ads` (`id`, `post_id`, `title`, `category_id`, `city_id`, `locality_id`, `state_id`, `whatsapp_number`, `contact_number`, `main_image`, `image1`, `image2`, `image3`, `image4`, `meta_title`, `meta_description`, `meta_keywords`, `url`, `status`, `services`, `age`, `gender`, `is_featured`, `date`, `views`) VALUES
(127, '9', 'First Class top call girl in Navi Mumbai for enjoyments', 7, 148, 186, 2, '910000000000', '+910000000000', '1700050248.jpg', '1700050248_image1.jpg', '1700050248_image2.jpg', '1700050248_image3.jpg', NULL, NULL, 'Hi ❤️ I\'m a natural girl here to kiss your deepest desires 🔥 Some of my customers have instructed me I\'m the best in Mumbai. Try it and trip it for yourself.\r\nI offer extra services - just ask 😜 I do the whole thing to the first rate of my ability. Try me for yourself. Let me gauge your senses, and see how tons enjoyable we can have together.\r\n100% actual photograph 💯. If you desire proof, I will take pictures and movies as quickly as you ask for it. Want me? Contact me on Whatsapp I\'m waiting for you 😘.', NULL, NULL, 'pending', 'Blowjob, Handjob, Girlfriend Experience (GFE), Kissing, Role Play, Overnight Stays, Cum on Face, Cum in Mouth (CIM), 69 Position', '24', 'female', '0', '2023-11-15 12:10:48', 91),
(128, '14', 'Hot Sexy Top Models Available For The Most Sensual Night In Goa', 7, 187, 38, 21, '919100000000', '+919100000000', '1700053446.jpg', '1700053446_image1.jpg', '1700053446_image2.jpg', NULL, NULL, NULL, 'Welcome to my profile, about me, I\'m a tall, slender sexy girl, I like to talk to pleasant men, I love sex and a romantic atmosphere, the time spent with me will be hard to forget Me!!????\r\n\r\nI have wonderful, fair, conditioned skin, I love dealing with myself as you can decide from my photographs, let me again reiterate that what you see in the photos is what you’ll eventually have in your bed lol so your fantasy of making love to a model can come true.\r\n\r\nI have a body to bite the dust for, my bosoms are normal, hard, and firm and I have profound eyes that I have been informed commendation my face quite well, I love it when my hair are tenderly stroked and love a man who plays with my hair. I generally enjoy safe sex work on during entrance so don\'t burn through your time asking me for sex without a condom as it will compel me to obstruct you. However, I will draw you off dry without a condom haha as I simply love to eat a rooster, I can\'t help thinking about what the earth would have resembled on the off chance that there were no men with delightful chickens around to satisfy us ladies, as far as I might be concerned, a man\'s chicken is the most gorgeous creation ever. I take care of nearly everything in my promotion, assuming you have any inquiry that you might want to pose, WhatsApp me on the given number. I really do comprehend that there are phony profiles and phony specialists around yet trust me, I\'m not one of those, I\'ll gladly talk over a call before you choose to meet me however such calls won\'t be unending sex discussions, I\'ll be glad to represent 30 seconds to confirm to you that to be sure I am who I guarantee to be, we should arrangement a gathering men of their word and screw each other\'s cerebrums out.\r\n', NULL, NULL, 'pending', 'Blowjob, Handjob, Cum on Face', '24', 'female', '0', '2023-11-15 13:04:06', 91),
(129, '10', 'It\'s Me Suhani independent girl Real Meet Cam', 7, 182, 36, 4, '917894561230', '+917894561230', '1700054939.jpg', '1700054939_image1.jpg', '1700054939_image2.jpg', '1700054939_image3.jpg', '1700054939_image4.jpg', NULL, 'I\'m Suhani, and I\'m available in Faridabad. Come spend your day or night with me to create memories that won\'t soon be forgotten. You will have a fantastic time hanging out with me! 💋💋🤞 If you\'re looking for exceptional beauty, I\'m the one for you. I am a delightful person to spend time with and possess all the qualities of a lady. I really am a wonderful quality—simple, timeless, and timeless. I fulfill your wish simply by assuming or visualizing me. I am the woman that brings love and caring into your life. 💋💖\r\n', NULL, NULL, 'pending', 'Blowjob, Handjob, Girlfriend Experience (GFE), Kissing, Role Play', '22', 'female', '0', '2023-11-15 13:28:59', 91),
(130, '16', 'Flat 30% off at your first booking just visit our Fookkat.com', 7, 180, 108, 13, '919178945612', '+919178945612', '1700060811.jpg', '1700060811_image1.jpg', '1700060811_image2.jpg', '1700060811_image3.jpg', NULL, NULL, 'Are you ready to delve into the enticing world of Marathahalli Escorts? These stunning and alluring individuals are more than just companions; they are purveyors of bespoke experiences that will leave you breathless. From the vibrant nightlife to the serene landscapes, Bangalore has a lot to offer, and who better to explore it with than a charming and captivating escort? \r\n\r\nThe Marathahalli Call Girls have a way of making every moment feel special. Whether you\'re attending a high-profile event, going out for a romantic dinner, or simply spending time in their company, they exude an air of refinement that is hard to resist. Their elegance extends beyond their physical appearance. These escorts are well-educated, well-spoken, and well-versed in the art of conversation. They can effortlessly engage in stimulating discussions on a wide range of topics, making them the perfect companions for social events or intellectual pursuits.\r\n\r\n\r\nBut it\'s not just their elegance that sets these escorts apart; it\'s also their attention to detail. From the way they dress to the way they carry themselves, everything about them exudes a sense of class and sophistication. They know how to make you feel like the most important person in the room and will go above and beyond to ensure your satisfaction.\r\n', NULL, NULL, 'pending', 'Blowjob, Handjob, Girlfriend Experience (GFE), Kissing, Role Play, Overnight Stays, Cum on Face, Cum in Mouth (CIM), 69 Position', '23', 'female', '0', '2023-11-15 15:06:51', 91),
(131, '11', 'I am Monika - just check out my skills to give you pleasure', 7, 185, 255, 24, '919876543231', '+919876543231', '1700069262.jpg', '1700069262_image1.jpg', '1700069262_image2.jpg', '1700069263_image3.jpg', NULL, NULL, '           Hi, friends  I\'m from Kilpaukkam, and I\'m 24 years old. Come have a nice time with me as I start to make you crazy with my attractive and curvaceous physique. I will give you more pleasure. \r\n\r\nI can\'t wait to tell you about some amazing, private, and sensual moments. All I want is for someone to perceive me as more than simply a toy—rather, as a smart person who is open to sharing not just physical but also emotional aspects of myself. \r\n\r\nI\'ll see to it that you have an amazing time that you won\'t soon forget. shrewd, knowledgeable, tidy, and secure. I\'ll be here, ready to greet you.\r\n', NULL, NULL, 'pending', 'Blowjob, Handjob, Girlfriend Experience (GFE), Kissing, Role Play, Overnight Stays, Cum on Face, Cum in Mouth (CIM), 69 Position', '24', 'female', '0', '2023-11-15 17:27:43', 91),
(133, '21', 'Meenakshi 9876543212, i\'ll give you all the satisfaction you deserve', 7, 165, 237, 1, '911236786543', '+919000000000', '1700910443.jpg', NULL, NULL, NULL, NULL, '', 'Gfdda.com provides an effortless platform finding for call girls in Bangalore. Our Bangalore call girls are available with genuine Photos & WhatsApp numbers.', '', '', 'published', 'Blowjob, Girlfriend Experience (GFE), Overnight Stays, Cum on Face', '21', 'female', '0', '2023-11-25 16:37:23', 981),
(134, '22', 'Myself Varsha Best Call Girl Service Vip High Profile College', 7, 134, 61, 3, '919000000000', '+919000000000', '1701004196.jpg', '1701004196_image1.jpg', '1701004196_image2.jpg', '1701004196_image3.jpg', '1701004197_image4.jpg', NULL, 'Call Girl In Delhi ✔️✔️vip booking ✔️✔️Available Near All 3* 4* 5* Hotels of I Want Only Hotel Name Guest Name room No. Only for Confirmation. 24x7Hrs Available All Over In Delhi ———-♡♡♡♡♡THANKS FOR VISITING♡♡♡♡♡———– Booking 24*7 HRS. NOW CALL FOR ENJOY WITH Delhi NIGHT QUEEN ♡♡♡♡THANKS FOR VISITING♡♡♡♡♡———– LOCATIONS : – ALL 3*4*5* HOTELS & HOME SERVICES IN Delhi ✔️✔️ SERVICES 24 HRS AVAILABLE BOOKING NOW Find Verified & Trusted Call Girl Delhi & Delhi Escorts', NULL, NULL, 'published', 'Blowjob, Role Play, 69 Position', '21', 'female', '0', '2023-11-26 18:39:57', 128),
(135, '30', 'Call Girls Service, 100% Genuine Girls Photos Available 24x7', 7, 175, 283, 10, '919262232108', '+919262232108', '1758721731.webp', '1758721731_image1.webp', '1758721731_image2.webp', '', '', NULL, 'Call Girls 24*7 Call Girl 100% Genuine Escort service provide No Advance Payment Hotel', NULL, NULL, 'pending', 'Blowjob, Kissing, Overnight Stays, Cum on Face, Cum in Mouth (CIM)', '20', '', '0', '2025-09-24 19:18:51', 2),
(136, '30', 'Call Girls Service, 100% Genuine Girls Photos Available 24x7', 7, 183, 264, 31, '919262232108', '+919262232108', '1758721746.webp', '1758721746_image1.webp', '1758721746_image2.webp', '', '', NULL, 'Call Girls 24*7 Call Girl 100% Genuine Escort service provide No Advance Payment Hotel', NULL, NULL, 'pending', 'Blowjob, Kissing, Overnight Stays, Cum on Face, Cum in Mouth (CIM)', '20', '', '0', '2025-09-24 19:19:06', 2),
(137, '30', 'Call Girls Service, 100% Genuine Girls Photos Available 24x7', 7, 122, 26, 27, '919262232108', '+919262232108', '1758721757.webp', '1758721757_image1.webp', '1758721757_image2.webp', '', '', NULL, 'Call Girls 24*7 Call Girl 100% Genuine Escort service provide No Advance Payment Hotel', NULL, NULL, 'pending', 'Blowjob, Kissing, Overnight Stays, Cum on Face, Cum in Mouth (CIM)', '20', '', '0', '2025-09-24 19:19:17', 2),
(138, '30', 'Call Girls Service, 100% Genuine Girls Photos Available 24x7', 7, 189, 49, 9, '919262232108', '+919262232108', '1758721770.webp', '1758721770_image1.webp', '1758721770_image2.webp', '', '', NULL, 'Call Girls 24*7 Call Girl 100% Genuine Escort service provide No Advance Payment Hotel', NULL, NULL, 'pending', 'Blowjob, Kissing, Overnight Stays, Cum on Face, Cum in Mouth (CIM)', '20', '', '0', '2025-09-24 19:19:30', 2),
(139, '30', 'Call Girls Service, 100% Genuine Girls Photos Available 24x7', 7, 176, 286, 10, '919262232108', '+919262232108', '1758721781.webp', '1758721782_image1.webp', '1758721782_image2.webp', '', '', NULL, 'Call Girls 24*7 Call Girl 100% Genuine Escort service provide No Advance Payment Hotel', NULL, NULL, 'pending', 'Blowjob, Kissing, Overnight Stays, Cum on Face, Cum in Mouth (CIM)', '20', '', '0', '2025-09-24 19:19:42', 2),
(140, '30', 'Call Girls Service, 100% Genuine Girls Photos Available 24x7', 7, 180, 92, 13, '919262232108', '+919262232108', '1758721797.webp', '1758721798_image1.webp', '1758721798_image2.webp', '', '', NULL, 'Call Girls 24*7 Call Girl 100% Genuine Escort service provide No Advance Payment Hotel', NULL, NULL, 'pending', 'Blowjob, Kissing, Overnight Stays, Cum on Face, Cum in Mouth (CIM)', '20', '', '0', '2025-09-24 19:19:58', 2),
(141, '30', 'Call Girls Service, 100% Genuine Girls Photos Available 24x7', 7, 149, 204, 2, '919262232108', '+919262232108', '1758721839.webp', '1758721839_image1.webp', '1758721839_image2.webp', '', '', NULL, 'Call Girls 24*7 Call Girl 100% Genuine Escort service provide No Advance Payment Hotel', NULL, NULL, 'pending', 'Blowjob, Kissing, Overnight Stays, Cum on Face, Cum in Mouth (CIM)', '20', '', '0', '2025-09-24 19:20:39', 2),
(142, '30', 'Call Girls Service, 100% Genuine Girls Photos Available 24x7', 7, 149, 202, 2, '919262232108', '+919262232108', '1758721879.webp', '1758721879_image1.webp', '1758721879_image2.webp', '', '', NULL, 'Call Girls 24*7 Call Girl 100% Genuine Escort service provide No Advance Payment Hotel', NULL, NULL, 'pending', 'Blowjob, Kissing, Overnight Stays, Cum on Face, Cum in Mouth (CIM)', '20', '', '0', '2025-09-24 19:21:19', 2),
(143, '30', 'Call Girls Service, 100% Genuine Girls Photos Available 24x7', 7, 141, 176, 26, '919262232108', '+919262232108', '1758721892.webp', '1758721892_image1.webp', '1758721892_image2.webp', '', '', NULL, 'Call Girls 24*7 Call Girl 100% Genuine Escort service provide No Advance Payment Hotel', NULL, NULL, 'pending', 'Blowjob, Kissing, Overnight Stays, Cum on Face, Cum in Mouth (CIM)', '20', '', '0', '2025-09-24 19:21:32', 2),
(144, '30', 'Call Girls Service, 100% Genuine Girls Photos Available 24x7', 7, 152, 219, 2, '919262232108', '+919262232108', '1758721930.webp', '1758721930_image1.webp', '1758721930_image2.webp', '', '', NULL, 'Call Girls 24*7 Call Girl 100% Genuine Escort service provide No Advance Payment Hotel', NULL, NULL, 'pending', 'Blowjob, Kissing, Overnight Stays, Cum on Face, Cum in Mouth (CIM)', '20', '', '0', '2025-09-24 19:22:10', 2),
(145, '30', 'Call Girls Service, 100% Genuine Girls Photos Available 24x7', 7, 185, 250, 24, '919262232108', '+919262232108', '1758721941.webp', '1758721941_image1.webp', '1758721941_image2.webp', '', '', NULL, 'Call Girls 24*7 Call Girl 100% Genuine Escort service provide No Advance Payment Hotel', NULL, NULL, 'pending', 'Blowjob, Kissing, Overnight Stays, Cum on Face, Cum in Mouth (CIM)', '20', '', '0', '2025-09-24 19:22:21', 2),
(146, '30', 'Call Girls Service, 100% Genuine Girls Photos Available 24x7', 7, 114, 25, 11, '919262232108', '+919262232108', '1758721952.webp', '1758721952_image1.webp', '1758721952_image2.webp', '', '', NULL, 'Call Girls 24*7 Call Girl 100% Genuine Escort service provide No Advance Payment Hotel', NULL, NULL, 'pending', 'Blowjob, Kissing, Overnight Stays, Cum on Face, Cum in Mouth (CIM)', '20', '', '0', '2025-09-24 19:22:32', 2),
(147, '31', 'CALLGIRL IN❤️９３０５６９６５３８❤️ VIP GENUINE CALLGIRL SERVICE', 7, 210, 162, 6, '919305696538', '+919305696538', '1759060078.jpg', '', '', '', '', NULL, 'CALL GIRL IN♥️𝟵𝟯𝟬𝟱𝟲𝟵𝟲𝟱𝟯𝟴❤CALL GIRLS IN ESCORT SERVICE❤CALL GIRL IN call ☎𝟵𝟯𝟬𝟱𝟲𝟵𝟲𝟱𝟯𝟴☎️We are Providing :- ● – Private independent collage Going girls . ● – independent Models . ● – House Wife’s . ● – Private Independent House Wife’s ● – Corporate M.N.C Working Profiles . ● – Call☎️𝟵𝟯𝟬𝟱𝟲𝟵𝟲𝟱𝟯𝟴☎️ Center Girls . ● – Live Band Girls . ●- Foreigners & Many More . Service type: 1.In call 2.out call 3. full Lip to Lip kiss 4.69 *.b-job without Condom 6. Hard Core sex & Much More. 7 Body to Body Touch 8 Kissing 9 Sucking Boobs and More 10 Enjoy by Hand 11 Relax By Oral 12 Sex with Happy Ending • In Call and Out Call Service • 3* 5* 7* Hotels Service • 24 Hours Available • Indian, Russian, Punjabi, Kashmiri Escorts • Real Models, College Girls, House Wife, Also Available • Short Time and Full Time Service Available • Hygienic Full AC Neat and Clean Room\r\n', NULL, NULL, 'pending', 'Blowjob, Handjob, Girlfriend Experience (GFE), Kissing, Role Play, Overnight Stays, Cum on Face, Cum in Mouth (CIM), 69 Position', '22', 'female', '0', '2025-09-28 17:17:58', 2),
(148, '31', 'CALLGIRL IN❤️９３０５６９６５３８❤️ VIP GENUINE CALLGIRL SERVICE', 7, 188, 157, 6, '919305696538', '+919305696538', '1759060106.jpg', '', '', '', '', NULL, 'CALL GIRL IN♥️𝟵𝟯𝟬𝟱𝟲𝟵𝟲𝟱𝟯𝟴❤CALL GIRLS IN ESCORT SERVICE❤CALL GIRL IN call ☎𝟵𝟯𝟬𝟱𝟲𝟵𝟲𝟱𝟯𝟴☎️We are Providing :- ● – Private independent collage Going girls . ● – independent Models . ● – House Wife’s . ● – Private Independent House Wife’s ● – Corporate M.N.C Working Profiles . ● – Call☎️𝟵𝟯𝟬𝟱𝟲𝟵𝟲𝟱𝟯𝟴☎️ Center Girls . ● – Live Band Girls . ●- Foreigners & Many More . Service type: 1.In call 2.out call 3. full Lip to Lip kiss 4.69 *.b-job without Condom 6. Hard Core sex & Much More. 7 Body to Body Touch 8 Kissing 9 Sucking Boobs and More 10 Enjoy by Hand 11 Relax By Oral 12 Sex with Happy Ending • In Call and Out Call Service • 3* 5* 7* Hotels Service • 24 Hours Available • Indian, Russian, Punjabi, Kashmiri Escorts • Real Models, College Girls, House Wife, Also Available • Short Time and Full Time Service Available • Hygienic Full AC Neat and Clean Room\r\n', NULL, NULL, 'pending', 'Blowjob, Handjob, Girlfriend Experience (GFE), Kissing, Role Play, Overnight Stays, Cum on Face, Cum in Mouth (CIM), 69 Position', '22', 'female', '0', '2025-09-28 17:18:26', 2),
(149, '31', 'CALLGIRL IN❤️９３０５６９６５３８❤️ VIP GENUINE CALLGIRL SERVICE', 7, 190, 54, 9, '919305696538', '+919305696538', '1759060124.jpg', '', '', '', '', NULL, 'CALL GIRL IN♥️𝟵𝟯𝟬𝟱𝟲𝟵𝟲𝟱𝟯𝟴❤CALL GIRLS IN ESCORT SERVICE❤CALL GIRL IN call ☎𝟵𝟯𝟬𝟱𝟲𝟵𝟲𝟱𝟯𝟴☎️We are Providing :- ● – Private independent collage Going girls . ● – independent Models . ● – House Wife’s . ● – Private Independent House Wife’s ● – Corporate M.N.C Working Profiles . ● – Call☎️𝟵𝟯𝟬𝟱𝟲𝟵𝟲𝟱𝟯𝟴☎️ Center Girls . ● – Live Band Girls . ●- Foreigners & Many More . Service type: 1.In call 2.out call 3. full Lip to Lip kiss 4.69 *.b-job without Condom 6. Hard Core sex & Much More. 7 Body to Body Touch 8 Kissing 9 Sucking Boobs and More 10 Enjoy by Hand 11 Relax By Oral 12 Sex with Happy Ending • In Call and Out Call Service • 3* 5* 7* Hotels Service • 24 Hours Available • Indian, Russian, Punjabi, Kashmiri Escorts • Real Models, College Girls, House Wife, Also Available • Short Time and Full Time Service Available • Hygienic Full AC Neat and Clean Room\r\n', NULL, NULL, 'pending', 'Blowjob, Handjob, Girlfriend Experience (GFE), Kissing, Role Play, Overnight Stays, Cum on Face, Cum in Mouth (CIM), 69 Position', '22', 'female', '0', '2025-09-28 17:18:45', 2),
(150, '31', 'CALLGIRL IN❤️９３０５６９６５３８❤️ VIP GENUINE CALLGIRL SERVICE', 7, 106, 19, 12, '919305696538', '+919305696538', '1759060153.jpg', '', '', '', '', NULL, 'CALL GIRL IN♥️𝟵𝟯𝟬𝟱𝟲𝟵𝟲𝟱𝟯𝟴❤CALL GIRLS IN ESCORT SERVICE❤CALL GIRL IN call ☎𝟵𝟯𝟬𝟱𝟲𝟵𝟲𝟱𝟯𝟴☎️We are Providing :- ● – Private independent collage Going girls . ● – independent Models . ● – House Wife’s . ● – Private Independent House Wife’s ● – Corporate M.N.C Working Profiles . ● – Call☎️𝟵𝟯𝟬𝟱𝟲𝟵𝟲𝟱𝟯𝟴☎️ Center Girls . ● – Live Band Girls . ●- Foreigners & Many More . Service type: 1.In call 2.out call 3. full Lip to Lip kiss 4.69 *.b-job without Condom 6. Hard Core sex & Much More. 7 Body to Body Touch 8 Kissing 9 Sucking Boobs and More 10 Enjoy by Hand 11 Relax By Oral 12 Sex with Happy Ending • In Call and Out Call Service • 3* 5* 7* Hotels Service • 24 Hours Available • Indian, Russian, Punjabi, Kashmiri Escorts • Real Models, College Girls, House Wife, Also Available • Short Time and Full Time Service Available • Hygienic Full AC Neat and Clean Room\r\n', NULL, NULL, 'pending', 'Blowjob, Handjob, Girlfriend Experience (GFE), Kissing, Role Play, Overnight Stays, Cum on Face, Cum in Mouth (CIM), 69 Position', '22', 'female', '0', '2025-09-28 17:19:13', 2);

-- --------------------------------------------------------

--
-- Table structure for table `category`
--

CREATE TABLE `category` (
  `id` int NOT NULL,
  `category_name` varchar(255) COLLATE utf8mb4_general_ci DEFAULT NULL,
  `category_banner` varchar(255) COLLATE utf8mb4_general_ci DEFAULT NULL,
  `slug` varchar(255) COLLATE utf8mb4_general_ci NOT NULL
) ENGINE=InnoDB DEFAULT CHARSET=utf8mb4 COLLATE=utf8mb4_general_ci;

--
-- Dumping data for table `category`
--

INSERT INTO `category` (`id`, `category_name`, `category_banner`, `slug`) VALUES
(7, 'Call Girls', '1696341963.jpg', 'call-girls');

-- --------------------------------------------------------

--
-- Table structure for table `city`
--

CREATE TABLE `city` (
  `id` int NOT NULL,
  `city_name` varchar(255) COLLATE utf8mb4_general_ci DEFAULT NULL,
  `state_id` int DEFAULT NULL,
  `slug` varchar(255) COLLATE utf8mb4_general_ci NOT NULL,
  `meta_title` varchar(255) COLLATE utf8mb4_general_ci NOT NULL,
  `meta_keywords` varchar(255) COLLATE utf8mb4_general_ci NOT NULL,
  `meta_description` text COLLATE utf8mb4_general_ci NOT NULL
) ENGINE=InnoDB DEFAULT CHARSET=utf8mb4 COLLATE=utf8mb4_general_ci;

--
-- Dumping data for table `city`
--

INSERT INTO `city` (`id`, `city_name`, `state_id`, `slug`, `meta_title`, `meta_keywords`, `meta_description`) VALUES
(90, 'Visakhapatnam', 7, 'visakhapatnam', 'Visakhapatnam Call Girls ₹3.9k With No Advance Payment - Fookkat', 'Visakhapatnam call girls, call girls Visakhapatnam, Visakhapatnam call girl, call girl in Visakhapatnam, call girl Visakhapatnam', 'Fookkat 100% genuine Visakhapatnam Call girls with genuine photos and mobile numbers. Cheap call girl in Visakhapatnam WhatsApp numbers and free hotel delivery.'),
(106, 'Guwahati', 12, 'guwahati', 'Guwahati Call Girls ₹3.9k With No Advance Payment - Fookkat', 'Guwahati call girls, call girls Guwahati, Guwahati call girl, call girl in Guwahati, call girl Guwahati', 'Fookkat 100% genuine Guwahati Call girls with genuine photos and mobile numbers. Cheap call girl in Guwahati WhatsApp numbers and free hotel delivery.'),
(114, 'Patna', 11, 'patna', 'Patna Call Girls ₹3.9k With No Advance Payment - Fookkat', 'Patna call girls, call girls Patna, Patna call girl, call girl in Patna, call girl Patna', 'Fookkat 100% genuine Patna Call girls with genuine photos and mobile numbers. Cheap call girl in Patna WhatsApp numbers and free hotel delivery.'),
(122, 'Raipur', 27, 'raipur', 'Raipur Call Girls ₹3.9k With No Advance Payment - Fookkat', 'Raipur call girls, call girls Raipur, Raipur call girl, call girl in Raipur, call girl Raipur', 'Fookkat 100% genuine Raipur Call girls with genuine photos and mobile numbers. Cheap call girl in Raipur WhatsApp numbers and free hotel delivery.'),
(134, 'Gurugram', 3, 'gurugram', 'Gurugram Call Girls ₹3.9k With No Advance Payment - Fookkat', 'Gurugram call girls, call girls Gurugram, Gurugram call girl, call girl in Gurugram, call girl Gurugram', 'Fookkat 100% genuine Gurugram Call girls with genuine photos and mobile numbers. Cheap call girl in Gurugram WhatsApp numbers and free hotel delivery.'),
(135, 'Ambala', 3, 'ambala', 'Ambala Call Girls ₹3.9k With No Advance Payment - Fookkat', 'Ambala call girls, call girls Ambala, Ambala call girl, call girl in Ambala, call girl Ambala', 'Fookkat 100% genuine Ambala Call girls with genuine photos and mobile numbers. Cheap call girl in Ambala WhatsApp numbers and free hotel delivery.'),
(136, 'Panipat', 3, 'panipat', 'Panipat Call Girls ₹3.9k With No Advance Payment - Fookkat', 'Panipat call girls, call girls Panipat, Panipat call girl, call girl in Panipat, call girl Panipat', 'Fookkat 100% genuine Panipat Call girls with genuine photos and mobile numbers. Cheap call girl in Panipat WhatsApp numbers and free hotel delivery.'),
(139, 'Rohtak', 3, 'rohtak', 'Rohtak Call Girls ₹3.9k With No Advance Payment - Fookkat', 'Rohtak call girls, call girls Rohtak, Rohtak call girl, call girl in Rohtak, call girl Rohtak', 'Fookkat 100% genuine Rohtak Call girls with genuine photos and mobile numbers. Cheap call girl in Rohtak WhatsApp numbers and free hotel delivery.'),
(140, 'Bhopal', 26, 'bhopal', 'Bhopal Call Girls ₹3.9k With No Advance Payment - Fookkat', 'Bhopal call girls, call girls Bhopal, Bhopal call girl, call girl in Bhopal, call girl Bhopal', 'Fookkat 100% genuine Bhopal Call girls with genuine photos and mobile numbers. Cheap call girl in Bhopal WhatsApp numbers and free hotel delivery.'),
(141, 'Indore', 26, 'indore', 'Indore Call Girls ₹3.9k With No Advance Payment - Fookkat', 'Indore call girls, call girls Indore, Indore call girl, call girl in Indore, call girl Indore', 'Fookkat 100% genuine Indore Call girls with genuine photos and mobile numbers. Cheap call girl in Indore WhatsApp numbers and free hotel delivery.'),
(148, 'Mumbai', 2, 'mumbai', 'Mumbai Call Girls ₹3.9k With No Advance Payment - Fookkat', 'Mumbai call girls, call girls Mumbai, Mumbai call girl, call girl in Mumbai, call girl Mumbai', 'Fookkat 100% genuine Mumbai Call girls with genuine photos and mobile numbers. Cheap call girl in Mumbai WhatsApp numbers and free hotel delivery.'),
(149, 'Pune', 2, 'pune', 'Pune Call Girls ₹3.9k With No Advance Payment - Fookkat', 'Pune call girls, call girls Pune, Pune call girl, call girl in Pune, call girl Pune', 'Fookkat 100% genuine Pune Call girls with genuine photos and mobile numbers. Cheap call girl in Pune WhatsApp numbers and free hotel delivery.'),
(150, 'Nagpur', 2, 'nagpur', 'Nagpur Call Girls ₹3.9k With No Advance Payment - Fookkat', 'Nagpur call girls, call girls Nagpur, Nagpur call girl, call girl in Nagpur, call girl Nagpur', 'Fookkat 100% genuine Nagpur Call girls with genuine photos and mobile numbers. Cheap call girl in Nagpur WhatsApp numbers and free hotel delivery.'),
(152, 'Nashik', 2, 'nashik', 'Nashik Call Girls ₹3.9k With No Advance Payment - Fookkat', 'Nashik call girls, call girls Nashik, Nashik call girl, call girl in Nashik, call girl Nashik', 'Fookkat 100% genuine Nashik Call girls with genuine photos and mobile numbers. Cheap call girl in Nashik WhatsApp numbers and free hotel delivery.'),
(157, 'Amritsar', 6, 'amritsar', 'Amritsar Call Girls ₹3.9k With No Advance Payment - Fookkat', 'Amritsar call girls, call girls Amritsar, Amritsar call girl, call girl in Amritsar, call girl Amritsar', 'Fookkat 100% genuine Amritsar Call girls with genuine photos and mobile numbers. Cheap call girl in Amritsar WhatsApp numbers and free hotel delivery.'),
(158, 'Ludhiana', 6, 'ludhiana', 'Ludhiana Call Girls ₹3.9k With No Advance Payment - Fookkat', 'Ludhiana call girls, call girls Ludhiana, Ludhiana call girl, call girl in Ludhiana, call girl Ludhiana', 'Fookkat 100% genuine Ludhiana Call girls with genuine photos and mobile numbers. Cheap call girl in Ludhiana WhatsApp numbers and free hotel delivery.'),
(159, 'Jalandhar', 6, 'jalandhar', 'Jalandhar Call Girls ₹3.9k With No Advance Payment - Fookkat', 'Jalandhar call girls, call girls Jalandhar, Jalandhar call girl, call girl in Jalandhar, call girl Jalandhar', 'Fookkat 100% genuine Jalandhar Call girls with genuine photos and mobile numbers. Cheap call girl in Jalandhar WhatsApp numbers and free hotel delivery.'),
(160, 'Patiala', 6, 'patiala', 'Patiala Call Girls ₹3.9k With No Advance Payment - Fookkat', 'Patiala call girls, call girls Patiala, Patiala call girl, call girl in Patiala, call girl Patiala', 'Fookkat 100% genuine Patiala Call girls with genuine photos and mobile numbers. Cheap call girl in Patiala WhatsApp numbers and free hotel delivery.'),
(161, 'Bathinda', 6, 'bathinda', 'Bathinda Call Girls ₹3.9k With No Advance Payment - Fookkat', 'Bathinda call girls, call girls Bathinda, Bathinda call girl, call girl in Bathinda, call girl Bathinda', 'Fookkat 100% genuine Bathinda Call girls with genuine photos and mobile numbers. Cheap call girl in Bathinda WhatsApp numbers and free hotel delivery.'),
(163, 'Mohali', 6, 'mohali', 'Mohali Call Girls ₹3.9k With No Advance Payment - Fookkat', 'Mohali call girls, call girls Mohali, Mohali call girl, call girl in Mohali, call girl Mohali', 'Fookkat 100% genuine Mohali Call girls with genuine photos and mobile numbers. Cheap call girl in Mohali WhatsApp numbers and free hotel delivery.'),
(164, 'Jaipur', 1, 'jaipur', 'Jaipur Call Girls ₹3.9k With No Advance Payment - Fookkat', 'Jaipur call girls, call girls Jaipur, Jaipur call girl, call girl in Jaipur, call girl Jaipur', 'Fookkat 100% genuine Jaipur Call girls with genuine photos and mobile numbers. Cheap call girl in Jaipur WhatsApp numbers and free hotel delivery.'),
(165, 'Jodhpur', 1, 'jodhpur', 'Jodhpur Call Girls ₹3.9k With No Advance Payment - Fookkat', 'Jodhpur call girls, call girls Jodhpur, Jodhpur call girl, call girl in Jodhpur, call girl Jodhpur', 'Fookkat 100% genuine Jodhpur Call girls with genuine photos and mobile numbers. Cheap call girl in Jodhpur WhatsApp numbers and free hotel delivery.'),
(167, 'Kota', 1, 'kota', 'Kota Call Girls ₹3.9k With No Advance Payment - Fookkat', 'Kota call girls, call girls Kota, Kota call girl, call girl in Kota, call girl Kota', 'Fookkat 100% genuine Kota Call girls with genuine photos and mobile numbers. Cheap call girl in Kota WhatsApp numbers and free hotel delivery.'),
(168, 'Ajmer', 1, 'ajmer', 'Ajmer Call Girls ₹3.9k With No Advance Payment - Fookkat', 'Ajmer call girls, call girls Ajmer, Ajmer call girl, call girl in Ajmer, call girl Ajmer', 'Fookkat 100% genuine Ajmer Call girls with genuine photos and mobile numbers. Cheap call girl in Ajmer WhatsApp numbers and free hotel delivery.'),
(172, 'Lucknow', 10, 'lucknow', 'Lucknow Call Girls ₹3.9k With No Advance Payment - Fookkat', 'Lucknow call girls, call girls Lucknow, Lucknow call girl, call girl in Lucknow, call girl Lucknow', 'Fookkat 100% genuine Lucknow Call girls with genuine photos and mobile numbers. Cheap call girl in Lucknow WhatsApp numbers and free hotel delivery.'),
(173, 'Kanpur', 10, 'kanpur', 'Kanpur Call Girls ₹3.9k With No Advance Payment - Fookkat', 'Kanpur call girls, call girls Kanpur, Kanpur call girl, call girl in Kanpur, call girl Kanpur', 'Fookkat 100% genuine Kanpur Call girls with genuine photos and mobile numbers. Cheap call girl in Kanpur WhatsApp numbers and free hotel delivery.'),
(174, 'Agra', 10, 'agra', 'Agra Call Girls ₹3.9k With No Advance Payment - Fookkat', 'Agra call girls, call girls Agra, Agra call girl, call girl in Agra, call girl Agra', 'Fookkat 100% genuine Agra Call girls with genuine photos and mobile numbers. Cheap call girl in Agra WhatsApp numbers and free hotel delivery.'),
(175, 'Varanasi', 10, 'varanasi', 'Varanasi Call Girls ₹3.9k With No Advance Payment - Fookkat', 'Varanasi call girls, call girls Varanasi, Varanasi call girl, call girl in Varanasi, call girl Varanasi', 'Fookkat 100% genuine Varanasi Call girls with genuine photos and mobile numbers. Cheap call girl in Varanasi WhatsApp numbers and free hotel delivery.'),
(176, 'Allahabad', 10, 'allahabad', 'Allahabad Call Girls ₹3.9k With No Advance Payment - Fookkat', 'Allahabad call girls, call girls Allahabad, Allahabad call girl, call girl in Allahabad, call girl Allahabad', 'Fookkat 100% genuine Allahabad Call girls with genuine photos and mobile numbers. Cheap call girl in Allahabad WhatsApp numbers and free hotel delivery.'),
(177, 'Ghaziabad', 10, 'ghaziabad', 'Ghaziabad Call Girls ₹3.9k With No Advance Payment - Fookkat', 'Ghaziabad call girls, call girls Ghaziabad, Ghaziabad call girl, call girl in Ghaziabad, call girl Ghaziabad', 'Fookkat 100% genuine Ghaziabad Call girls with genuine photos and mobile numbers. Cheap call girl in Ghaziabad WhatsApp numbers and free hotel delivery.'),
(179, 'Bareilly', 10, 'bareilly', 'Bareilly Call Girls ₹3.9k With No Advance Payment - Fookkat', 'Bareilly call girls, call girls Bareilly, Bareilly call girl, call girl in Bareilly, call girl Bareilly', 'Fookkat 100% genuine Bareilly Call girls with genuine photos and mobile numbers. Cheap call girl in Bareilly WhatsApp numbers and free hotel delivery.'),
(180, 'Bangalore', 13, 'bangalore', 'Bangalore Call Girls Verified Photos and Genuine Service 24*7', 'Bangalore call girls, call girls Bangalore, Bangalore call girl, call girl in Bangalore, call girl Bangalore', 'Gfadda.com provides an effortless platform finding for call girls in Bangalore. Our Bangalore call girls are available with genuine Photos & WhatsApp numbers.'),
(182, 'Delhi', 4, 'delhi', 'Delhi Call Girls ₹3.9k With No Advance Payment - Fookkat', 'Delhi call girls, call girls Delhi, Delhi call girl, call girl in Delhi, call girl Delhi', 'Fookkat 100% genuine Delhi Call girls with genuine photos and mobile numbers. Cheap call girl in Delhi WhatsApp numbers and free hotel delivery.'),
(183, 'Hyderabad', 31, 'hyderabad', 'Hyderabad Call Girls ₹3.9k With No Advance Payment - Fookkat', 'Hyderabad call girls, call girls Hyderabad, Hyderabad call girl, call girl in Hyderabad, call girl Hyderabad', 'Fookkat 100% genuine Hyderabad Call girls with genuine photos and mobile numbers. Cheap call girl in Hyderabad WhatsApp numbers and free hotel delivery.'),
(184, 'Kolkata', 15, 'kolkata', 'Kolkata Call Girls ₹3.9k With No Advance Payment - Fookkat', 'Kolkata call girls, call girls Kolkata, Kolkata call girl, call girl in Kolkata, call girl Kolkata', 'Fookkat 100% genuine Kolkata Call girls with genuine photos and mobile numbers. Cheap call girl in Kolkata WhatsApp numbers and free hotel delivery.'),
(185, 'Chennai', 24, 'chennai', 'Chennai Call Girls ₹3.9k With No Advance Payment - Fookkat', 'Chennai call girls, call girls Chennai, Chennai call girl, call girl in Chennai, call girl Chennai', 'Fookkat 100% genuine Chennai Call girls with genuine photos and mobile numbers. Cheap call girl in Chennai WhatsApp numbers and free hotel delivery.'),
(187, 'Goa', 21, 'goa', 'Goa Call Girls ₹3.9k With No Advance Payment - Fookkat', 'Goa call girls, call girls Goa, Goa call girl, call girl in Goa, call girl Goa', 'Fookkat 100% genuine Goa Call girls with genuine photos and mobile numbers. Cheap call girl in Goa WhatsApp numbers and free hotel delivery.'),
(188, 'Zirakpur', 6, 'zirakpur', 'Zirakpur Call Girls ₹3.9k With No Advance Payment - Fookkat', 'Zirakpur call girls, call girls Zirakpur, Zirakpur call girl, call girl in Zirakpur, call girl Zirakpur', 'Fookkat 100% genuine Zirakpur Call girls with genuine photos and mobile numbers. Cheap call girl in Zirakpur WhatsApp numbers and free hotel delivery.'),
(189, 'Ahmedabad', 9, 'ahmedabad', 'Ahmedabad Call Girls ₹3.9k With No Advance Payment - Fookkat', 'Ahmedabad call girls, call girls Ahmedabad, Ahmedabad call girl, call girl in Ahmedabad, call girl Ahmedabad', 'Fookkat 100% genuine Ahmedabad Call girls with genuine photos and mobile numbers. Cheap call girl in Ahmedabad WhatsApp numbers and free hotel delivery.'),
(190, 'Surat', 9, 'surat', 'Surat Call Girls ₹3.9k With No Advance Payment - Fookkat', 'Surat call girls, call girls Surat, Surat call girl, call girl in Surat, call girl Surat', 'Fookkat 100% genuine Surat Call girls with genuine photos and mobile numbers. Cheap call girl in Surat WhatsApp numbers and free hotel delivery.'),
(191, 'Rajkot', 9, 'rajkot', 'Rajkot Call Girls ₹3.9k With No Advance Payment - Fookkat', 'Rajkot call girls, call girls Rajkot, Rajkot call girl, call girl in Rajkot, call girl Rajkot', 'Fookkat 100% genuine Rajkot Call girls with genuine photos and mobile numbers. Cheap call girl in Rajkot WhatsApp numbers and free hotel delivery.'),
(192, 'Bhubaneswar', 30, 'bhubaneswar', 'Bhubaneswar Call Girls ₹3.9k With No Advance Payment - Fookkat', 'Bhubaneswar call girls, call girls Bhubaneswar, Bhubaneswar call girl, call girl in Bhubaneswar, call girl Bhubaneswar', 'Fookkat 100% genuine Bhubaneswar Call girls with genuine photos and mobile numbers. Cheap call girl in Bhubaneswar WhatsApp numbers and free hotel delivery.'),
(193, 'Dehradun', 32, 'dehradun', 'Dehradun Call Girls ₹3.9k With No Advance Payment - Fookkat', 'Dehradun call girls, call girls Dehradun, Dehradun call girl, call girl in Dehradun, call girl Dehradun', 'Fookkat 100% genuine Dehradun Call girls with genuine photos and mobile numbers. Cheap call girl in Dehradun WhatsApp numbers and free hotel delivery.'),
(194, 'Cuttack', 30, 'cuttack', 'Cuttack Call Girls ₹3.9k With No Advance Payment - Fookkat', 'Cuttack call girls, call girls Cuttack, Cuttack call girl, call girl in Cuttack, call girl Cuttack', 'Fookkat 100% genuine Cuttack Call girls with genuine photos and mobile numbers. Cheap call girl in Cuttack WhatsApp numbers and free hotel delivery.'),
(198, 'Kochi', 22, 'kochi', 'Kochi Call Girls ₹3.9k With No Advance Payment - Fookkat', 'Kochi call girls, call girls Kochi, Kochi call girl, call girl in Kochi, call girl Kochi', 'Fookkat 100% genuine Kochi Call girls with genuine photos and mobile numbers. Cheap call girl in Kochi WhatsApp numbers and free hotel delivery.'),
(200, 'Noida', 10, 'noida', 'Noida Call Girls ₹3.9k With No Advance Payment - Fookkat', 'Noida call girls, call girls Noida, Noida call girl, call girl in Noida, call girl Noida', 'Fookkat 100% genuine Noida Call girls with genuine photos and mobile numbers. Cheap call girl in Noida WhatsApp numbers and free hotel delivery.'),
(201, 'Ranchi', 17, 'ranchi', 'Ranchi Call Girls ₹3.9k With No Advance Payment - Fookkat', 'Ranchi call girls, call girls Ranchi, Ranchi call girl, call girl in Ranchi, call girl Ranchi', 'Fookkat 100% genuine Ranchi Call girls with genuine photos and mobile numbers. Cheap call girl in Ranchi WhatsApp numbers and free hotel delivery.'),
(202, 'Udaipur', 1, 'udaipur', 'Udaipur Call Girls ₹3.9k With No Advance Payment - Fookkat', 'Udaipur call girls, call girls Udaipur, Udaipur call girl, call girl in Udaipur, call girl Udaipur', 'Fookkat 100% genuine Udaipur Call girls with genuine photos and mobile numbers. Cheap call girl in Udaipur WhatsApp numbers and free hotel delivery.'),
(203, 'Mangalore', 13, 'mangalore', 'Mangalore Call Girls ₹3.9k With No Advance Payment - Fookkat', 'Mangalore call girls, call girls Mangalore, Mangalore call girl, call girl in Mangalore, call girl Mangalore', 'Fookkat 100% genuine Mangalore Call girls with genuine photos and mobile numbers. Cheap call girl in Mangalore WhatsApp numbers and free hotel delivery.'),
(204, 'Mysore', 13, 'mysore', 'Mysore Call Girls ₹3.9k With No Advance Payment - Fookkat', 'mysore call girls, call girls mysore, mysore call girl, call girl in mysore, call girl mysore', 'Fookkat 100% genuine Mysore Call girls with genuine photos and mobile numbers. Cheap call girl in Mysore WhatsApp numbers and free hotel delivery.'),
(210, 'Chandigarh', 6, 'chandigarh', 'Chandigarh Call Girls ₹3.9k With No Advance Payment - Fookkat', 'Chandigarh call girls, call girls Chandigarh, Chandigarh call girl, call girl in Chandigarh, call girl Chandigarh', 'Fookkat 100% genuine Chandigarh Call girls with genuine photos and mobile numbers. Cheap call girl in Chandigarh WhatsApp numbers and free hotel delivery.'),
(211, 'Manali', 23, 'manali', 'Manali Call Girls ₹3.9k With No Advance Payment - Fookkat', 'Manali call girls, call girls Manali, Manali call girl, call girl in Manali, call girl Manali', 'Fookkat 100% genuine Manali Call girls with genuine photos and mobile numbers. Cheap call girl in Manali WhatsApp numbers and free hotel delivery.');

-- --------------------------------------------------------

--
-- Table structure for table `content`
--

CREATE TABLE `content` (
  `id` int NOT NULL,
  `location_content` text COLLATE utf8mb4_general_ci NOT NULL,
  `city_content` text COLLATE utf8mb4_general_ci NOT NULL,
  `citycontent2` varchar(5000) COLLATE utf8mb4_general_ci NOT NULL,
  `location_content2` text COLLATE utf8mb4_general_ci NOT NULL
) ENGINE=InnoDB DEFAULT CHARSET=utf8mb4 COLLATE=utf8mb4_general_ci;

--
-- Dumping data for table `content`
--

INSERT INTO `content` (`id`, `location_content`, `city_content`, `citycontent2`, `location_content2`) VALUES
(1, '', '<h2><strong>Let&rsquo;s Lead You to the Magical Beauty Called Love with GfAdda.com</strong></h2>\n\n<p>Finding a sweet beautiful <strong>call girl in {city}</strong> that would be open to experiencing premium adult fun should no longer be a thing enshrouded in secrecy.</p>\n\n<p>It is no longer news that powerful men and beauties alike need to let out the steam that comes from the hustle of everyday life. And one way to get this done is to fall deep into the caress of a loving {city} call girl.</p>\n\n<p>But connecting with that one girl has always meant having to drive to red-light districts or a resort to roadside prostitutes. But this feels all shady for premium men.</p>\n\n<p>Here is where GfAdda.com come in with our amazing call girl {city} directory service.</p>\n\n<p>The perfect place to meet that magical beauty that you have always sought in {city}.</p>\n\n<p>GfAdda.com believe in you finding love and exploring the borders of your sexual lust with independent call girls in {city}.</p>\n\n<h2><strong>Peek Into Classified Call Girls in {city}</strong></h2>\n\n<p>If your deep longing has always been to satisfy your lust with call girls in {city}, then you are just in the right place.</p>\n\n<p>{city} is blessed with some of the most beautiful girls in all of India, and guess what, you can get to enjoy a great time out with these exceptional beauties without having to do anything illegal.</p>\n\n<p>As a matter of fact, there are loads of call girls out there right now who would love to hang out with you, tease you, and play with you just the way you wish to be handled as a man.</p>\n\n<p>This kind of outing helps to ease your mind from worries, gets you to think and plan better, and makes your overall self-esteem come back to life.</p>\n\n<p>There is, therefore, no need to waste any more time in your search for sexual fulfillment in the bosom of ravishing college call girls or housewife escorts.</p>\n\n<p>Still wondering what you have to do?</p>\n\n<p>Simply harness the goodness of our directory website. Find classified call girls that fit your taste, and start an experience of fun and fulfillment.</p>\n\n<p>&nbsp;</p>\n\n<h2><strong>Jump In a Love Nest: Female to Male WhatsApp Group Number</strong></h2>\n\n<p>Getting into an amazing lustful love affair with that girl of your dreams has become a lot easier these days, all thanks to our digital platform and technological advancement.</p>\n\n<p>On our platform, a female-to-male WhatsApp group number is easy to find for call girls who have their ads live and running. Thereby breaking the barrier that comes with communication.</p>\n\n<p>Female-to-male WhatsApp numbers also help to brew interactions through sending of pictures, and video calls even before a physical meeting is arranged between you and the beautiful call girl.</p>\n\n<p>Take advantage of this feature available on our website to dig deep into your love interest as you start out a romantic session even right there on chat.</p>\n\n<h2><strong>Wake Up; That Online Dream {city} Call Girl is Here</strong></h2>\n\n<p>There&rsquo;s no longer a need to keep on dreaming about finding that honey-looking girl. It is time to wake up to the reality of the amazing call girls that GfAdda.com bring right to your convenience.</p>\n\n<p>And all you have to do is wake up from your dreams and walk through our space where GfAdda.com have Ads from the most enlightened call girl service in {city}.</p>\n\n<p>You know what, gone are those days of traveling a long distance to red-light districts just in search of that dream girl.</p>\n\n<p>In today&rsquo;s world, that burden has been eased, as <strong>independent call girl in {city}</strong> now have their postings directly on our online platform.</p>\n\n<p>With this technological advancement, you now have your dream girl right on your hands, and just a message away from you.</p>\n\n<p>So go ahead, reach out to that beautiful MILF, request some intriguing pictures, and let&rsquo;s see just how much spark you can ignite.</p>\n\n<h2><strong>Genuine Photos and Genuine Phone Numbers: Just What GfAdda.com Offer</strong></h2>\n\n<p>Fake and unreal is the order of the day.</p>\n\n<p>But on this platform, you can have your mind at rest, knowing that you are communicating with genuine call girls who are interested in spending quality time just with you.</p>\n\n<p>Through our service, GfAdda.com have ignited lots of amazing connections, helped lots of men ease their mental, sexual and emotional stress, and also brought smiles to the faces of many.</p>\n\n<p>Do you know why?</p>\n\n<p>Because GfAdda.com only promotes genuine <strong>{city} call girl photos</strong> and numbers.</p>\n\n<p>So do not delay in your attempt to strike a love affair that will last and bring you peace of mind.</p>\n\n<p>Reach out to any of the sparkling girl photos that are available on the website, send a quick message to the genuine {city} call girls phone number, and start to suckle on the tasty juice that our platform offers.</p>\n\n<h2><strong>Quench Your Thirst&hellip; {city} call girl gives you a Love Drink Here</strong></h2>\n\n<p>There are really just a few things that beat the ecstasy, thrill, and fun that comes with a girl whose heart syncs together with yours. I guess it&#39;s best compared to rainfall on a hot day.</p>\n\n<p>So, come drink your fill of love on our platform which is specially crafted for you.</p>\n\n<p>Whatever your specs are, there are independent call girls with ads hoping to get your eyes, heart, and pants.</p>\n\n<p>Whether you love <strong>{city} call girls</strong> that are slim, busty, or with really big hips, search through our platform, and you will find your exact specification&hellip; and even times ten.</p>\n\n<p>Now is no longer the time to go to pubs or red-light districts in your quest to satisfy your desires.</p>\n\n<p>Simply connect with premium call girls in all of {city} through their ads right here, and start the journey of fulfillment.</p>\n\n<h3><strong>Cash Payment Outcall Available - Pay the Way You Want on <em>GfAdda.com</em></strong></h3>\n\n<p>Have you ever gotten to that point of sealing an agreement with a mouth-watering call girl, only to discover that your method of cash payment does not match?</p>\n\n<p>That&rsquo;s some huge frustration! But not anymore with our brilliant directory platform.</p>\n\n<p>Here, you get to have an upfront knowledge of the accepted payment method, thereby eliminating any hassle.</p>\n\n<p>And since there are so many independent {city} call girls, you can be sure of finding a good number of them that will fit perfectly into your intent for cash payment.</p>\n\n<p>So, no more restraints in meeting that call girl whose lovely eyes, and tender skin make your heartbeat skip. Now you can handle the love part, while you leave us to handle the payment collection.</p>\n\n<h2><strong>Exceptional Rates for Amazing {city} Call Girl Service</strong></h2>\n\n<p>Getting a beautiful girl to experience some major fun with really ought not to be a neck-breaking financial affair. Really, it should be an experience that makes you want to come back for more every single day.</p>\n\n<p>But reality check- Lots of guys cannot even venture on a love expedition with <strong>call girl {city}</strong> due to the outrageous rates they get slammed with.</p>\n\n<p>The narrative has however been upturned when you choose to berth your love finding on GfAdda.com.</p>\n\n<p>Here, you will find exceptional and sexy call girls near you at rates that you can afford.</p>\n\n<p>And this brings us great delight, knowing that GfAdda.com can help you satisfy your longing for pleasure, love, and a beautiful time with a respectful call girl in {city}.</p>\n\n<p>Check out rates on the various classified ads available on the website. Find a girl whose connection gives a spark, and get out to have the most beautiful time of your life.</p>\n\n<h2><strong>What&rsquo;s Your Choice? Incall Or Outcall {city} Call Girls</strong></h2>\n\n<p>Whatever your choice may be, incall and outcall <strong>{city} call girls</strong> are available to fulfill your greatest fantasies.</p>\n\n<p>Available on the platform are a host of ads by call girls that are wild, lusty, and sexy. Book them for an incall experience, and you can be sure to have your room reek with nothing short of the sound of love and ecstasy.</p>\n\n<p>The experience when it comes to going for an outcall call girl is however always on a different level of fun.</p>\n\n<p>You get to decide on the location, plan the setting and all you&rsquo;ve got to do is wait for the call girl to come display her hot skills.</p>\n\n<p>But whichever choice you go for, the experience is one which lingers for a very long time to come.</p>\n\n<p>Decide on your choice of {city} call girl, and GfAdda.com have you covered with a long list of sexy call girls near me.</p>\n\n<h2><strong>Your One-Stop Website For Elite Call Girls in {city}</strong></h2>\n\n<p>{city} no doubt is filled with a truckload of fantastic Elite call girls that are seeking for men.</p>\n\n<p>The challenge over time has however been that of meeting with these beauties, picking out the one that suits you, and experiencing fantasy in a way you have only ever imagined.</p>\n\n<p>All of these are definitely huge hurdles on the path of many to finding a way to release their sexual energy without falling victim to scams.</p>\n\n<p>All of these and much more are what makes us and our directory website the best stop for anyone who wishes to have a splendid time in the hands of sexy <strong>call girls {city}</strong>. And to do this with some level of secrecy, fun, and peace all at the same time.</p>\n\n<p>We, therefore, offer exceptional directory and classified Ads services for call girl {city} looking to offer men like you quality time with their banging boobs and body.</p>\n\n<p>Now it&#39;s your turn&hellip; can you grab those?</p>\n', '<p>If you happen to have been used to being scammed by call girls, the classified ads on our platform may look totally unreal to you.</p>\r\n\r\n<p>But the fact is that all the ads that you see are from real {city} call girls that are sexy, horny, and available for you.</p>\r\n\r\n<p>The details posted such as photos, phone numbers, and individual preferences are also all genuine and from genuine call girls in {city} who are actively looking for men who know the worth of a sexy girl.</p>\r\n\r\n<p>Therefore, stop the dilly-dally, and get to meeting that dream girl who can bring some romantic and sexual vigor to your life.</p>\r\n', '');

-- --------------------------------------------------------

--
-- Table structure for table `india_top_location`
--

CREATE TABLE `india_top_location` (
  `id` int NOT NULL,
  `state_id` int NOT NULL,
  `city_id` int NOT NULL
) ENGINE=InnoDB DEFAULT CHARSET=utf8mb4 COLLATE=utf8mb4_general_ci;

--
-- Dumping data for table `india_top_location`
--

INSERT INTO `india_top_location` (`id`, `state_id`, `city_id`) VALUES
(3, 13, 180),
(5, 2, 148),
(6, 1, 164),
(7, 31, 183),
(8, 2, 149),
(9, 24, 185),
(10, 15, 184),
(11, 4, 182);

-- --------------------------------------------------------

--
-- Table structure for table `locality`
--

CREATE TABLE `locality` (
  `id` int NOT NULL,
  `location_name` varchar(255) COLLATE utf8mb4_general_ci NOT NULL,
  `city_id` int NOT NULL,
  `state_id` int NOT NULL,
  `slug` varchar(255) COLLATE utf8mb4_general_ci NOT NULL,
  `meta_title` varchar(255) COLLATE utf8mb4_general_ci NOT NULL,
  `meta_keywords` varchar(255) COLLATE utf8mb4_general_ci NOT NULL,
  `meta_description` text COLLATE utf8mb4_general_ci NOT NULL
) ENGINE=InnoDB DEFAULT CHARSET=utf8mb4 COLLATE=utf8mb4_general_ci;

--
-- Dumping data for table `locality`
--

INSERT INTO `locality` (`id`, `location_name`, `city_id`, `state_id`, `slug`, `meta_title`, `meta_keywords`, `meta_description`) VALUES
(10, 'Bommanahalli', 180, 13, 'bommanahalli', 'Call Girls In Bommanahalli (Bangalore)With Real Number | Fookkat', 'Bommanahalli call girls, call girls, Bommanahalli, call girl Bommanahalli', 'Find Bommanahalli call girls(Bangalore), now at Fookkat! India\'s first real call girl website. Over 100 India call girls advert posted 24/7.'),
(13, 'MVP Colony', 90, 7, 'mvp-colony', 'Call Girls In MVP Colony (Visakhapatnam) With Real Number | Fookkat', 'MVP Colony call girls, call girls, MVP Colony, call girl MVP Colony', 'Find MVP Colony call girls (Visakhapatnam), now at Fookkat! India\'s first real call girl website. Over 100 India call girls advert posted 24/7.'),
(14, 'Gajuwaka', 90, 7, 'gajuwaka', 'Call Girls In Gajuwaka (Visakhapatnam) With Real Number | Fookkat', 'Gajuwaka call girls, call girls, Gajuwaka, call girl Gajuwaka', 'Find Gajuwaka call girls (Visakhapatnam), now at Fookkat! India\'s first real call girl website. Over 100 India call girls advert posted 24/7.'),
(15, 'Madhurawada', 90, 7, 'madhurawada', 'Call Girls In Madhurawada (Visakhapatnam) With Real Number | Fookkat', 'Madhurawada call girls, call girls, Madhurawada, call girl Madhurawada', 'Find Madhurawada call girls (Visakhapatnam), now at Fookkat! India\'s first real call girl website. Over 100 India call girls advert posted 24/7.'),
(16, 'Sujatha Nagar', 90, 7, 'sujatha-nagar', 'Call Girls In Sujatha Nagar (Visakhapatnam) With Real Number | Fookkat', 'Sujatha Nagar call girls, call girls, Sujatha Nagar, call girl Sujatha Nagar', 'Find Sujatha Nagar call girls (Visakhapatnam), now at Fookkat! India\'s first real call girl website. Over 100 India call girls advert posted 24/7.'),
(17, 'Maharani Peta', 90, 7, 'maharani-peta', 'Call Girls In Maharani Peta (Visakhapatnam) With Real Number | Fookkat', 'Maharani Peta call girls, call girls, Maharani Peta, call girl Maharani Peta', 'Find Maharani Peta call girls (Visakhapatnam), now at Fookkat! India\'s first real call girl website. Over 100 India call girls advert posted 24/7.'),
(18, 'Dharapur', 106, 12, 'dharapur', 'Call Girls In Dharapur (Guwahati) With Real Number | Fookkat', 'Dharapur call girls, call girls, Dharapur, call girl Dharapur', 'Find Dharapur call girls (Guwahati), now at Fookkat! India\'s first real call girl website. Over 100 India call girls advert posted 24/7.'),
(19, 'Paltan bazar', 106, 12, 'paltan-bazar', 'Call Girls In Paltan bazar (Guwahati) With Real Number | Fookkat', 'Paltan bazar call girls, call girls, Paltan bazar, call girl Paltan bazar', 'Find Paltan bazar call girls (Guwahati), now at Fookkat! India\'s first real call girl website. Over 100 India call girls advert posted 24/7.'),
(20, 'Gs Road', 106, 12, 'gs-road', 'Call Girls In Gs Road (Guwahati) With Real Number | Fookkat', 'Gs Road call girls, call girls, Gs Road, call girl Gs Road', 'Find Gs Road call girls (Guwahati), now at Fookkat! India\'s first real call girl website. Over 100 India call girls advert posted 24/7.'),
(21, 'Dispur', 106, 12, 'dispur', 'Call Girls In Dispur (Guwahati) With Real Number | Fookkat', 'Dispur call girls, call girls, Dispur, call girl Dispur', 'Find Dispur call girls (Guwahati), now at Fookkat! India\'s first real call girl website. Over 100 India call girls advert posted 24/7.'),
(22, 'Kidwaipuri', 114, 11, 'kidwaipuri', 'Call Girls In Kidwaipuri (Patna) With Real Number | Fookkat', 'Kidwaipuri call girls, call girls, Kidwaipuri, call girl Kidwaipuri', 'Find Kidwaipuri call girls (Patna), now at Fookkat! India\'s first real call girl website. Over 100 India call girls advert posted 24/7.'),
(23, 'Lodipur', 114, 11, 'lodipur', 'Call Girls In Lodipur (Patna) With Real Number | Fookkat', 'Lodipur call girls, call girls, Lodipur, call girl Lodipur', 'Find Lodipur call girls (Patna), now at Fookkat! India\'s first real call girl website. Over 100 India call girls advert posted 24/7.'),
(24, 'Shastri nagar', 114, 11, 'shastri-nagar', 'Call Girls In Shastri nagar (Patna) With Real Number | Fookkat', 'Shastri nagar call girls, call girls, Shastri nagar, call girl Shastri nagar', 'Find Shastri nagar call girls (Patna), now at Fookkat! India\'s first real call girl website. Over 100 India call girls advert posted 24/7.'),
(25, 'Kankarbagh', 114, 11, 'kankarbagh', 'Call Girls In Kankarbagh (Patna) With Real Number | Fookkat', 'Kankarbagh call girls, call girls, Kankarbagh, call girl Kankarbagh', 'Find Kankarbagh call girls (Patna), now at Fookkat! India\'s first real call girl website. Over 100 India call girls advert posted 24/7.'),
(26, 'Gudhiyari', 122, 27, 'gudhiyari', 'Call Girls In Gudhiyari (Raipur) With Real Number | Fookkat', 'Gudhiyari call girls, call girls, Gudhiyari, call girl Gudhiyari', 'Find Gudhiyari call girls (Raipur), now at Fookkat! India\'s first real call girl website. Over 100 India call girls advert posted 24/7.'),
(27, 'Moudhapara', 122, 27, 'moudhapara', 'Call Girls In Moudhapara (Raipur) With Real Number | Fookkat', 'Moudhapara call girls, call girls, Moudhapara, call girl Moudhapara', 'Find Moudhapara call girls (Raipur), now at Fookkat! India\'s first real call girl website. Over 100 India call girls advert posted 24/7.'),
(28, 'Vishal nagar', 122, 27, 'vishal-nagar', 'Call Girls In Vishal nagar (Raipur) With Real Number | Fookkat', 'Vishal nagar call girls, call girls, Vishal nagar, call girl Vishal nagar', 'Find Vishal nagar call girls (Raipur), now at Fookkat! India\'s first real call girl website. Over 100 India call girls advert posted 24/7.'),
(29, 'Aerocity', 182, 4, 'aerocity', 'Call Girls In Aerocity (Delhi) With Real Number | Fookkat', 'Aerocity call girls, call girls, Aerocity, call girl Aerocity', 'Find Aerocity call girls (Delhi), now at Fookkat! India\'s first real call girl website. Over 100 India call girls advert posted 24/7.'),
(30, 'Karol bagh', 182, 4, 'karol-bagh', 'Call Girls In Karol bagh (Delhi) With Real Number | Fookkat', 'Karol bagh call girls, call girls, Karol bagh, call girl Karol bagh', 'Find Karol bagh call girls (Delhi), now at Fookkat! India\'s first real call girl website. Over 100 India call girls advert posted 24/7.'),
(31, 'Saket', 182, 4, 'saket', 'Call Girls In Saket (Delhi) With Real Number | Fookkat', 'Saket call girls, call girls, Saket, call girl Saket', 'Find Saket call girls (Delhi), now at Fookkat! India\'s first real call girl website. Over 100 India call girls advert posted 24/7.'),
(32, 'Mahipalpur', 182, 4, 'mahipalpur', 'Call Girls In Mahipalpur (Delhi) With Real Number | Fookkat', 'Mahipalpur call girls, call girls, Mahipalpur, call girl Mahipalpur', 'Find Mahipalpur call girls (Delhi), now at Fookkat! India\'s first real call girl website. Over 100 India call girls advert posted 24/7.'),
(33, 'Malviya nagar', 182, 4, 'malviya-nagar', 'Call Girls In Malviya nagar (Delhi) With Real Number | Fookkat', 'Malviya nagar call girls, call girls, Malviya nagar, call girl Malviya nagar', 'Find Malviya nagar call girls (Delhi), now at Fookkat! India\'s first real call girl website. Over 100 India call girls advert posted 24/7.'),
(34, 'Chanakyapuri', 182, 4, 'chanakyapuri', 'Call Girls In Chanakyapuri (Delhi) With Real Number | Fookkat', 'Chanakyapuri call girls, call girls, Chanakyapuri, call girl Chanakyapuri', 'Find Chanakyapuri call girls (Delhi), now at Fookkat! India\'s first real call girl website. Over 100 India call girls advert posted 24/7.'),
(35, 'Shahdara', 182, 4, 'shahdara', 'Call Girls In Shahdara (Delhi) With Real Number | Fookkat', 'Shahdara call girls, call girls, Shahdara, call girl Shahdara', 'Find Shahdara call girls (Delhi), now at Fookkat! India\'s first real call girl website. Over 100 India call girls advert posted 24/7.'),
(36, 'Faridabad', 182, 4, 'faridabad', 'Call Girls In Faridabad (Delhi) With Real Number | Fookkat', 'Faridabad call girls, call girls, Faridabad, call girl Faridabad', 'Find Faridabad call girls (Delhi), now at Fookkat! India\'s first real call girl website. Over 100 India call girls advert posted 24/7.'),
(37, 'Rohini', 182, 4, 'rohini', 'Call Girls In Rohini (Delhi) With Real Number | Fookkat', 'Rohini call girls, call girls Rohini, call girl Rohini', 'Find Rohini call girls (Delhi), now at Fookkat! India\'s first real call girl website. Over 100 India call girls advert posted 24/7.'),
(38, 'Candolim', 187, 21, 'candolim', 'Call Girls In Candolim (Goa) With Real Number | Fookkat', 'Candolim call girls, call girls Candolim, call girl Candolim', 'Find Candolim call girls (Goa), now at Fookkat! India\'s first real call girl website. Over 100 India call girls advert posted 24/7.'),
(39, 'Panaji', 187, 21, 'panaji', 'Call Girls In Panaji (Goa) With Real Number | Fookkat', 'Panaji call girls, call girls Panaji, call girl Panaji', 'Find Panaji call girls (Goa), now at Fookkat! India\'s first real call girl website. Over 100 India call girls advert posted 24/7.'),
(40, 'Canacona', 187, 21, 'canacona', 'Call Girls In Canacona (Goa) With Real Number | Fookkat', 'Canacona call girls, call girls Canacona, call girl Canacona', 'Find Canacona call girls (Goa), now at Fookkat! India\'s first real call girl website. Over 100 India call girls advert posted 24/7.'),
(41, 'Colva beach', 187, 21, 'colva-beach', 'Call Girls In Colva beach (Goa) With Real Number | Fookkat', 'Colva beach call girls, call girls Colva beach, call girl Colva beach', 'Find Colva beach call girls (Goa), now at Fookkat! India\'s first real call girl website. Over 100 India call girls advert posted 24/7.'),
(42, 'Calangute', 187, 21, 'calangute', 'Call Girls In Calangute (Goa) With Real Number | Fookkat', 'Calangute call girls, call girls Calangute, call girl Calangute', 'Find Calangute call girls (Goa), now at Fookkat! India\'s first real call girl website. Over 100 India call girls advert posted 24/7.'),
(43, 'Baga beach', 187, 21, 'baga-beach', 'Call Girls In Baga beach (Goa) With Real Number | Fookkat', 'Baga beach call girls, call girls Baga beach, call girl Baga beach', 'Find Baga beach call girls (Goa), now at Fookkat! India\'s first real call girl website. Over 100 India call girls advert posted 24/7.'),
(44, 'North goa', 187, 21, 'north-goa', 'Call Girls In North Goa (Goa) With Real Number | Fookkat', 'North Goa call girls, call girls North Goa, call girl North Goa', 'Find North Goa call girls (Goa), now at Fookkat! India\'s first real call girl website. Over 100 India call girls advert posted 24/7.'),
(45, 'Ambawadi', 189, 9, 'ambawadi', 'Call Girls In Ambawadi (Ahmedabad) With Real Number | Fookkat', 'Ambawadi call girls, call girls Ambawadi, call girl Ambawadi', 'Find Ambawadi call girls (Ahmedabad), now at Fookkat! India\'s first real call girl website. Over 100 India call girls advert posted 24/7.'),
(46, 'Vastrapur', 189, 9, 'vastrapur', 'Call Girls In Vastrapur (Ahmedabad) With Real Number | Fookkat', 'Vastrapur call girls, call girls Vastrapur, call girl Vastrapur', 'Find Vastrapur call girls (Ahmedabad), now at Fookkat! India\'s first real call girl website. Over 100 India call girls advert posted 24/7.'),
(47, 'Amraiwadi', 189, 9, 'amraiwadi', 'Call Girls In Amraiwadi (Ahmedabad) With Real Number | Fookkat', 'Amraiwadi call girls, call girls Amraiwadi, call girl Amraiwadi', 'Find Amraiwadi call girls (Ahmedabad), now at Fookkat! India\'s first real call girl website. Over 100 India call girls advert posted 24/7.'),
(48, 'Chandkheda', 189, 9, 'chandkheda', 'Call Girls In Chandkheda (Ahmedabad) With Real Number | Fookkat', 'Chandkheda call girls, call girls Chandkheda, call girl Chandkheda', 'Find Chandkheda call girls (Ahmedabad), now at Fookkat! India\'s first real call girl website. Over 100 India call girls advert posted 24/7.'),
(49, 'Navrangpura', 189, 9, 'navrangpura', 'Call Girls In Navrangpura (Ahmedabad) With Real Number | Fookkat', 'Navrangpura call girls, call girls Navrangpura, call girl Navrangpura', 'Find Navrangpura call girls (Ahmedabad), now at Fookkat! India\'s first real call girl website. Over 100 India call girls advert posted 24/7.'),
(50, 'Vesu', 190, 9, 'vesu', 'Call Girls In Vesu (Surat) With Real Number | Fookkat', 'Vesu call girls, call girls Vesu, call girl Vesu', 'Find Vesu call girls (Surat), now at Fookkat! India\'s first real call girl website. Over 100 India call girls advert posted 24/7.'),
(51, 'Varachha', 190, 9, 'varachha', 'Call Girls In Varachha (Surat) With Real Number | Fookkat', 'Varachha call girls, call girls Varachha, call girl Varachha', 'Find Varachha call girls (Surat), now at Fookkat! India\'s first real call girl website. Over 100 India call girls advert posted 24/7.'),
(52, 'Parle Point', 190, 9, 'parle-point', 'Call Girls In Parle Point (Surat) With Real Number | Fookkat', 'Parle Point call girls, call girls Parle Point, call girl Parle Point', 'Find Parle Point call girls (Surat), now at Fookkat! India\'s first real call girl website. Over 100 India call girls advert posted 24/7.'),
(53, 'Athwa', 190, 9, 'athwa', 'Call Girls In Athwa (Surat) With Real Number | Fookkat', 'Athwa call girls, call girls Athwa, call girl Athwa', 'Find Athwa call girls (Surat), now at Fookkat! India\'s first real call girl website. Over 100 India call girls advert posted 24/7.'),
(54, 'Kadodara', 190, 9, 'kadodara', 'Call Girls In Kadodara (Surat) With Real Number | Fookkat', 'Kadodara call girls, call girls Kadodara, call girl Kadodara', 'Find Kadodara call girls (Surat), now at Fookkat! India\'s first real call girl website. Over 100 India call girls advert posted 24/7.'),
(55, 'Piplod', 190, 9, 'piplod', 'Call Girls In Piplod (Surat) With Real Number | Fookkat', 'Piplod call girls, call girls Piplod, call girl Piplod', 'Find Piplod call girls (Surat), now at Fookkat! India\'s first real call girl website. Over 100 India call girls advert posted 24/7.'),
(56, 'Madhapar', 191, 9, 'madhapar', 'Call Girls In Madhapar (Rajkot) With Real Number | Fookkat', 'Madhapar call girls, call girls Madhapar, call girl Madhapar', 'Find Madhapar call girls (Rajkot), now at Fookkat! India\'s first real call girl website. Over 100 India call girls advert posted 24/7.'),
(57, 'Nana mava', 191, 9, 'nana-mava', 'Call Girls In Nana mava (Rajkot) With Real Number | Fookkat', 'Nana mava call girls, call girls Nana mava, call girl Nana mava', 'Find Nana mava call girls (Rajkot), now at Fookkat! India\'s first real call girl website. Over 100 India call girls advert posted 24/7.'),
(58, 'Kalawad Road', 191, 9, 'kalawad-road', 'Call Girls In Kalawad road (Rajkot) With Real Number | Fookkat', 'Kalawad road call girls, call girls Kalawad road, call girl Kalawad road', 'Find Kalawad road call girls (Rajkot), now at Fookkat! India\'s first real call girl website. Over 100 India call girls advert posted 24/7.'),
(59, 'Bhakti nagar', 191, 9, 'bhakti-nagar', 'Call Girls In Bhakti nagar (Rajkot) With Real Number | Fookkat', 'Bhakti nagar call girls, call girls Bhakti nagar, call girl Bhakti nagar', 'Find Bhakti nagar call girls (Rajkot), now at Fookkat! India\'s first real call girl website. Over 100 India call girls advert posted 24/7.'),
(60, 'Karanpara', 191, 9, 'karanpara', 'Call Girls In Karanpara (Rajkot) With Real Number | Fookkat', 'Karanpara call girls, call girls Karanpara, call girl Karanpara', 'Find Karanpara call girls (Rajkot), now at Fookkat! India\'s first real call girl website. Over 100 India call girls advert posted 24/7.'),
(61, 'DLF City', 134, 3, 'dlf-city', 'Call Girls In DLF City (Gurgaon) With Real Number | Fookkat', 'DLF City call girls, call girls DLF City, call girl DLF City', 'Find DLF City call girls (Gurgaon), now at Fookkat! India\'s first real call girl website. Over 100 India call girls advert posted 24/7.'),
(62, 'Sohna Road', 134, 3, 'sohna-road', 'Call Girls In Sohna Road (Gurgaon) With Real Number | Fookkat', 'Sohna Road call girls, call girls Sohna Road, call girl Sohna Road', 'Find Sohna Road call girls (Gurgaon), now at Fookkat! India\'s first real call girl website. Over 100 India call girls advert posted 24/7.'),
(63, 'Palam Vihar', 134, 3, 'palam-vihar', 'Call Girls In Palam Vihar (Gurgaon) With Real Number | Fookkat', 'Palam Vihar call girls, call girls Palam Vihar, call girl Palam Vihar', 'Find Palam Vihar call girls (Gurgaon), now at Fookkat! India\'s first real call girl website. Over 100 India call girls advert posted 24/7.'),
(64, 'Nirvana Country', 134, 3, 'nirvana-country', 'Call Girls In Nirvana Country (Gurgaon) With Real Number | Fookkat', 'Nirvana Country call girls, call girls Nirvana Country, call girl Nirvana Country', 'Find Nirvana Country call girls (Gurgaon), now at Fookkat! India\'s first real call girl website. Over 100 India call girls advert posted 24/7.'),
(65, 'Sector 9', 135, 3, 'sector-9', 'Call Girls In Sector 9 (Ambala) With Real Number | Fookkat', 'Sector 9 call girls, call girls Sector 9, call girl Sector 9', 'Find Sector 9 call girls (Ambala), now at Fookkat! India\'s first real call girl website. Over 100 India call girls advert posted 24/7.'),
(66, 'Baldev nagar', 135, 3, 'baldev-nagar', 'Call Girls In Baldev nagar (Ambala) With Real Number | Fookkat', 'Baldev nagar call girls, call girls Baldev nagar, call girl Baldev nagar', 'Find Baldev nagar call girls (Ambala), now at Fookkat! India\'s first real call girl website. Over 100 India call girls advert posted 24/7.'),
(67, 'Sector 10', 135, 3, 'sector-10', 'Call Girls In Sector 10 (Ambala) With Real Number | Fookkat', 'Sector 10 call girls, call girls Sector 10, call girl Sector 10', 'Find Sector 10 call girls (Ambala), now at Fookkat! India\'s first real call girl website. Over 100 India call girls advert posted 24/7.'),
(68, 'Sector 8', 135, 3, 'sector-8', 'Call Girls In Sector 8 (Ambala) With Real Number | Fookkat', 'Sector 8 call girls, call girls Sector 8, call girl Sector 8', 'Find Sector 8 call girls (Ambala), now at Fookkat! India\'s first real call girl website. Over 100 India call girls advert posted 24/7.'),
(69, 'Sector 34', 135, 3, 'sector-34', 'Call Girls In Sector 34 (Ambala) With Real Number | Fookkat', 'Sector 34 call girls, call girls Sector 34, call girl Sector 34', 'Find Sector 34 call girls (Ambala), now at Fookkat! India\'s first real call girl website. Over 100 India call girls advert posted 24/7.'),
(70, 'Jalbera road', 135, 3, 'jalbera-road', 'Call Girls In Jalbera road (Ambala) With Real Number | Fookkat', 'Jalbera road call girls, call girls Jalbera road, call girl Jalbera road', 'Find Jalbera road call girls (Ambala), now at Fookkat! India\'s first real call girl website. Over 100 India call girls advert posted 24/7.'),
(71, 'Sector 18', 136, 3, 'sector-18', 'Call Girls In Sector 18 (Panipat) With Real Number | Fookkat', 'Sector 18 call girls, call girls Sector 18, call girl Sector 18', 'Find Sector 18 call girls (Panipat), now at Fookkat! India\'s first real call girl website. Over 100 India call girls advert posted 24/7.'),
(72, 'Huda', 136, 3, 'huda', 'Call Girls In Huda (Panipat) With Real Number | Fookkat', 'Huda call girls, call girls Huda, call girl Huda', 'Find Huda call girls (Panipat), now at Fookkat! India\'s first real call girl website. Over 100 India call girls advert posted 24/7.'),
(73, 'Faridpur', 136, 3, 'faridpur', 'Call Girls In Faridpur (Panipat) With Real Number | Fookkat', 'Faridpur call girls, call girls Faridpur, call girl Faridpur', 'Find Faridpur call girls (Panipat), now at Fookkat! India\'s first real call girl website. Over 100 India call girls advert posted 24/7.'),
(74, 'Model Town', 136, 3, 'model-town', 'Call Girls In Model Town (Panipat) With Real Number | Fookkat', 'Model Town call girls, call girls Model Town, call girl Model Town', 'Find Model Town call girls (Panipat), now at Fookkat! India\'s first real call girl website. Over 100 India call girls advert posted 24/7.'),
(75, 'Sector 40', 136, 3, 'sector-40', 'Call Girls In Sector 40 (Panipat) With Real Number | Fookkat', 'Sector 40 call girls, call girls Sector 40, call girl Sector 40', 'Find Sector 40 call girls (Panipat), now at Fookkat! India\'s first real call girl website. Over 100 India call girls advert posted 24/7.'),
(76, 'Ashok Vihar Colony', 136, 3, 'ashok-vihar-colony', 'Call Girls In Ashok Vihar Colony (Panipat) With Real Number | Fookkat', 'Ashok Vihar Colony call girls, call girls Ashok Vihar Colony, call girl Ashok Vihar Colony', 'Find Ashok Vihar Colony call girls (Panipat), now at Fookkat! India\'s first real call girl website. Over 100 India call girls advert posted 24/7.'),
(77, 'Kirpal Nagar', 139, 3, 'kirpal-nagar', 'Call Girls In Kirpal Nagar (Rohtak) With Real Number | Fookkat', 'Kirpal Nagar call girls, call girls Kirpal Nagar, call girl Kirpal Nagar', 'Find Kirpal Nagar call girls (Rohtak), now at Fookkat! India\'s first real call girl website. Over 100 India call girls advert posted 24/7.'),
(78, 'Sunaria Chowk', 139, 3, 'sunaria-chowk', 'Call Girls In Sunaria Chowk (Rohtak) With Real Number | Fookkat', 'Sunaria Chowk call girls, call girls Sunaria Chowk, call girl Sunaria Chowk', 'Find Sunaria Chowk call girls (Rohtak), now at Fookkat! India\'s first real call girl website. Over 100 India call girls advert posted 24/7.'),
(79, 'Sampla', 139, 3, 'sampla', 'Call Girls In Sampla (Rohtak) With Real Number | Fookkat', 'Sampla call girls, call girls Sampla, call girl Sampla', 'Find Sampla call girls (Rohtak), now at Fookkat! India\'s first real call girl website. Over 100 India call girls advert posted 24/7.'),
(80, 'Jhajjar Road', 139, 3, 'jhajjar-road', 'Call Girls In Jhajjar Road (Rohtak) With Real Number | Fookkat', 'Jhajjar Road call girls, call girls Jhajjar Road, call girl Jhajjar Road', 'Find Jhajjar Road call girls (Rohtak), now at Fookkat! India\'s first real call girl website. Over 100 India call girls advert posted 24/7.'),
(81, 'Sector 34', 139, 3, 'sector-34', 'Call Girls In Sector 34 (Rohtak) With Real Number | Fookkat', 'Sector 34 call girls, call girls Sector 34, call girl Sector 34', 'Find Sector 34 call girls (Rohtak), now at Fookkat! India\'s first real call girl website. Over 100 India call girls advert posted 24/7.'),
(82, 'Sector 4', 139, 3, 'sector-4', 'Call Girls In Sector 4 (Rohtak) With Real Number | Fookkat', 'Sector 4 call girls, call girls Sector 4, call girl Sector 4', 'Find Sector 4 call girls (Rohtak), now at Fookkat! India\'s first real call girl website. Over 100 India call girls advert posted 24/7.'),
(83, 'Sonepat Road', 139, 3, 'sonepat-road', 'Call Girls In Sonepat Road (Rohtak) With Real Number | Fookkat', 'Sonepat Road call girls, call girls Sonepat Road, call girl Sonepat Road', 'Find Sonepat Road call girls (Rohtak), now at Fookkat! India\'s first real call girl website. Over 100 India call girls advert posted 24/7.'),
(84, 'Aleo', 211, 23, 'aleo', 'Call Girls In Aleo (Manali) With Real Number | Fookkat', 'Aleo call girls, call girls Aleo, call girl Aleo', 'Find Aleo call girls (Manali), now at Fookkat! India\'s first real call girl website. Over 100 India call girls advert posted 24/7.'),
(85, 'Old Manali', 211, 23, 'old-manali', 'Call Girls In Old Manali (Manali) With Real Number | Fookkat', 'Old Manali call girls, call girls Old Manali, call girl Old Manali', 'Find Old Manali call girls (Manali), now at Fookkat! India\'s first real call girl website. Over 100 India call girls advert posted 24/7.'),
(86, 'Morabadi', 201, 17, 'morabadi', 'Call Girls In Morabadi (Ranchi) With Real Number | Fookkat', 'Morabadi call girls, call girls Morabadi, call girl Morabadi', 'Find Morabadi call girls (Ranchi), now at Fookkat! India\'s first real call girl website. Over 100 India call girls advert posted 24/7.'),
(87, 'Kanke', 201, 17, 'kanke', 'Call Girls In Kanke (Ranchi) With Real Number | Fookkat', 'Kanke call girls, call girls Kanke, call girl Kanke', 'Find Kanke call girls (Ranchi), now at Fookkat! India\'s first real call girl website. Over 100 India call girls advert posted 24/7.'),
(88, 'Ashok nagar', 201, 17, 'ashok-nagar', 'Call Girls In Ashok nagar (Ranchi) With Real Number | Fookkat', 'Ashok nagar call girls, call girls Ashok nagar, call girl Ashok nagar', 'Find Ashok nagar call girls (Ranchi), now at Fookkat! India\'s first real call girl website. Over 100 India call girls advert posted 24/7.'),
(89, 'Lalpur chowk', 201, 17, 'lalpur-chowk', 'Call Girls In Lalpur chowk (Ranchi) With Real Number | Fookkat', 'Lalpur chowk call girls, call girls Lalpur chowk, call girl Lalpur chowk', 'Find Lalpur chowk call girls (Ranchi), now at Fookkat! India\'s first real call girl website. Over 100 India call girls advert posted 24/7.'),
(90, 'Resaldar nagar', 201, 17, 'resaldar-nagar', 'Call Girls In Resaldar nagar (Ranchi) With Real Number | Fookkat', 'Resaldar nagar call girls, call girls Resaldar nagar, call girl Resaldar nagar', 'Find Resaldar nagar call girls (Ranchi), now at Fookkat! India\'s first real call girl website. Over 100 India call girls advert posted 24/7.'),
(91, 'Station road', 201, 17, 'station-road', 'Call Girls In Station road (Ranchi) With Real Number | Fookkat', 'Station road call girls, call girls Station road, call girl Station road', 'Find Station road call girls (Ranchi), now at Fookkat! India\'s first real call girl website. Over 100 India call girls advert posted 24/7.'),
(92, 'Indiranagar', 180, 13, 'indiranagar', 'Call Girls In Indiranagar (Bangalore) With Real Number | Fookkat', 'Indiranagar call girls, call girls Indiranagar, call girl Indiranagar', 'Find Indiranagar call girls (Bangalore), now at Fookkat! India\'s first real call girl website. Over 100 India call girls advert posted 24/7.'),
(93, 'Mg road', 180, 13, 'mg-road', 'Call Girls In Mg road (Bangalore) With Real Number | Fookkat', 'Mg road call girls, call girls Mg road, call girl Mg road', 'Find Mg road call girls (Bangalore), now at Fookkat! India\'s first real call girl website. Over 100 India call girls advert posted 24/7.'),
(94, 'Adugodi', 180, 13, 'adugodi', 'Call Girls In Adugodi (Bangalore) With Real Number | Fookkat', 'Adugodi call girls, call girls Adugodi, call girl Adugodi', 'Find Adugodi call girls (Bangalore), now at Fookkat! India\'s first real call girl website. Over 100 India call girls advert posted 24/7.'),
(95, 'Banashankari', 180, 13, 'banashankari', 'Call Girls In Banashankari (Bangalore) With Real Number | Fookkat', 'Banashankari call girls, call girls Banashankari, call girl Banashankari', 'Find Banashankari call girls (Bangalore), now at Fookkat! India\'s first real call girl website. Over 100 India call girls advert posted 24/7.'),
(96, 'Brookefield', 180, 13, 'brookefield', 'Call Girls In Brookefield (Bangalore) With Real Number | Fookkat', 'Brookefield call girls, call girls Brookefield, call girl Brookefield', 'Find Brookefield call girls (Bangalore), now at Fookkat! India\'s first real call girl website. Over 100 India call girls advert posted 24/7.'),
(97, 'Btm layout', 180, 13, 'btm-layout', 'Call Girls In Btm layout (Bangalore) With Real Number | Fookkat', 'Btm layout call girls, call girls Btm layout, call girl Btm layout', 'Find Btm layout call girls (Bangalore), now at Fookkat! India\'s first real call girl website. Over 100 India call girls advert posted 24/7.'),
(98, 'Domlur', 180, 13, 'domlur', 'Call Girls In Domlur (Bangalore) With Real Number | Fookkat', 'Domlur call girls, call girls Domlur, call girl Domlur', 'Find Domlur call girls (Bangalore), now at Fookkat! India\'s first real call girl website. Over 100 India call girls advert posted 24/7.'),
(99, 'Electronic city', 180, 13, 'electronic-city', 'Call Girls In Electronic city (Bangalore) With Real Number | Fookkat', 'Electronic city call girls, call girls Electronic city, call girl Electronic city', 'Find Electronic city call girls (Bangalore), now at Fookkat! India\'s first real call girl website. Over 100 India call girls advert posted 24/7.'),
(100, 'Hebbal', 180, 13, 'hebbal', 'Call Girls In Hebbal (Bangalore) With Real Number | Fookkat', 'Hebbal call girls, call girls Hebbal, call girl Hebbal', 'Find Hebbal call girls (Bangalore), now at Fookkat! India\'s first real call girl website. Over 100 India call girls advert posted 24/7.'),
(101, 'Hsr layout', 180, 13, 'hsr-layout', 'Call Girls In Hsr layout (Bangalore) With Real Number | Fookkat', 'Hsr layout call girls, call girls Hsr layout, call girl Hsr layout', 'Find Hsr layout call girls (Bangalore), now at Fookkat! India\'s first real call girl website. Over 100 India call girls advert posted 24/7.'),
(102, 'Jayanagar', 180, 13, 'jayanagar', 'Call Girls In Jayanagar (Bangalore) With Real Number | Fookkat', 'Jayanagar call girls, call girls Jayanagar, call girl Jayanagar', 'Find Jayanagar call girls (Bangalore), now at Fookkat! India\'s first real call girl website. Over 100 India call girls advert posted 24/7.'),
(103, 'Jp nagar', 180, 13, 'jp-nagar', 'Call Girls In Jp nagar (Bangalore) With Real Number | Fookkat', 'Jp nagar call girls, call girls Jp nagar, call girl Jp nagar', 'Find Jp nagar call girls (Bangalore), now at Fookkat! India\'s first real call girl website. Over 100 India call girls advert posted 24/7.'),
(104, 'Koramangala', 180, 13, 'koramangala', 'Call Girls In Koramangala (Bangalore) With Real Number | Fookkat', 'Koramangala call girls, call girls Koramangala, call girl Koramangala', 'Find Koramangala call girls (Bangalore), now at Fookkat! India\'s first real call girl website. Over 100 India call girls advert posted 24/7.'),
(105, 'Kr puram', 180, 13, 'kr-puram', 'Call Girls In Kr puram (Bangalore) With Real Number | Fookkat', 'Kr puram call girls, call girls Kr puram, call girl Kr puram', 'Find Kr puram call girls (Bangalore), now at Fookkat! India\'s first real call girl website. Over 100 India call girls advert posted 24/7.'),
(106, 'Madiwala', 180, 13, 'madiwala', 'Call Girls In Madiwala (Bangalore) With Real Number | Fookkat', 'Madiwala call girls, call girls Madiwala, call girl Madiwala', 'Find Madiwala call girls (Bangalore), now at Fookkat! India\'s first real call girl website. Over 100 India call girls advert posted 24/7.'),
(107, 'Majestic', 180, 13, 'majestic', 'Call Girls In Majestic (Bangalore) With Real Number | Fookkat', 'Majestic call girls, call girls Majestic, call girl Majestic', 'Find Majestic call girls (Bangalore), now at Fookkat! India\'s first real call girl website. Over 100 India call girls advert posted 24/7.'),
(108, 'Marathahalli', 180, 13, 'marathahalli', 'Call Girls In Marathahalli (Bangalore) With Real Number | Fookkat', 'Marathahalli call girls, call girls Marathahalli, call girl Marathahalli', 'Find Marathahalli call girls (Bangalore), now at Fookkat! India\'s first real call girl website. Over 100 India call girls advert posted 24/7.'),
(109, 'Richmond road', 180, 13, 'richmond-road', 'Call Girls In Richmond road (Bangalore) With Real Number | Fookkat', 'Richmond road call girls, call girls Richmond road, call girl Richmond road', 'Find Richmond road call girls (Bangalore), now at Fookkat! India\'s first real call girl website. Over 100 India call girls advert posted 24/7.'),
(110, 'Rt nagar', 180, 13, 'rt-nagar', 'Call Girls In Rt nagar (Bangalore) With Real Number | Fookkat', 'Rt nagar call girls, call girls Rt nagar, call girl Rt nagar', 'Find Rt nagar call girls (Bangalore), now at Fookkat! India\'s first real call girl website. Over 100 India call girls advert posted 24/7.'),
(111, 'Ub city', 180, 13, 'ub-city', 'Call Girls In Ub city (Bangalore) With Real Number | Fookkat', 'Ub city call girls, call girls Ub city, call girl Ub city', 'Find Ub city call girls (Bangalore), now at Fookkat! India\'s first real call girl website. Over 100 India call girls advert posted 24/7.'),
(112, 'Vijay nagar', 180, 13, 'vijay-nagar', 'Call Girls In Vijay nagar (Bangalore) With Real Number | Fookkat', 'Vijay nagar call girls, call girls Vijay nagar, call girl Vijay nagar', 'Find Vijay nagar call girls (Bangalore), now at Fookkat! India\'s first real call girl website. Over 100 India call girls advert posted 24/7.'),
(113, 'Whitefield', 180, 13, 'whitefield', 'Call Girls In Whitefield (Bangalore) With Real Number | Fookkat', 'Whitefield call girls, call girls Whitefield, call girl Whitefield', 'Find Whitefield call girls (Bangalore), now at Fookkat! India\'s first real call girl website. Over 100 India call girls advert posted 24/7.'),
(114, 'Yelahanka', 180, 13, 'yelahanka', 'Call Girls In Yelahanka (Bangalore) With Real Number | Fookkat', 'Yelahanka call girls, call girls Yelahanka, call girl Yelahanka', 'Find Yelahanka call girls (Bangalore), now at Fookkat! India\'s first real call girl website. Over 100 India call girls advert posted 24/7.'),
(115, 'Yeshwanthpur', 180, 13, 'yeshwanthpur', 'Call Girls In Yeshwanthpur (Bangalore) With Real Number | Fookkat', 'Yeshwanthpur call girls, call girls Yeshwanthpur, call girl Yeshwanthpur', 'Find Yeshwanthpur call girls (Bangalore), now at Fookkat! India\'s first real call girl website. Over 100 India call girls advert posted 24/7.'),
(116, 'Silk board', 180, 13, 'silk-board', 'Call Girls In Silk board (Bangalore) With Real Number | Fookkat', 'Silk board call girls, call girls Silk board, call girl Silk board', 'Find Silk board call girls (Bangalore), now at Fookkat! India\'s first real call girl website. Over 100 India call girls advert posted 24/7.'),
(117, 'Banaswadi', 180, 13, 'banaswadi', 'Call Girls In Silk board (Bangalore) With Real Number | Fookkat', 'Silk board call girls, call girls Silk board, call girl Silk board', 'Find Silk board call girls (Bangalore), now at Fookkat! India\'s first real call girl website. Over 100 India call girls advert posted 24/7.'),
(118, 'Kadri', 203, 13, 'kadri', 'Call Girls In Kadri (Mangalore) With Real Number | Fookkat', 'Kadri call girls, call girls Kadri, call girl Kadri', 'Find Kadri call girls (Mangalore), now at Fookkat! India\'s first real call girl website. Over 100 India call girls advert posted 24/7.'),
(119, 'Bejai', 203, 13, 'bejai', 'Call Girls In Bejai (Mangalore) With Real Number | Fookkat', 'Bejai call girls, call girls Bejai, call girl Bejai', 'Find Bejai call girls (Mangalore), now at Fookkat! India\'s first real call girl website. Over 100 India call girls advert posted 24/7.'),
(120, 'Surathkal', 203, 13, 'surathkal', 'Call Girls In Surathkal (Mangalore) With Real Number | Fookkat', 'Surathkal call girls, call girls Surathkal, call girl Surathkal', 'Find Surathkal call girls (Mangalore), now at Fookkat! India\'s first real call girl website. Over 100 India call girls advert posted 24/7.'),
(121, 'Urwa', 203, 13, 'urwa', 'Call Girls In Urwa (Mangalore) With Real Number | Fookkat', 'Urwa call girls, call girls Urwa, call girl Urwa', 'Find Urwa call girls (Mangalore), now at Fookkat! India\'s first real call girl website. Over 100 India call girls advert posted 24/7.'),
(122, 'Moodabidri', 203, 13, 'moodabidri', 'Call Girls In Moodabidri (Mangalore) With Real Number | Fookkat', 'Moodabidri call girls, call girls Moodabidri, call girl Moodabidri', 'Find Moodabidri call girls (Mangalore), now at Fookkat! India\'s first real call girl website. Over 100 India call girls advert posted 24/7.'),
(123, 'Derebail', 203, 13, 'derebail', 'Call Girls In Derebail (Mysore) With Real Number | Fookkat', 'Derebail call girls, call girls Derebail, call girl Derebail', 'Find Derebail call girls (Mysore), now at Fookkat! India\'s first real call girl website. Over 100 India call girls advert posted 24/7.'),
(124, 'Bannimantap', 204, 13, 'bannimantap', 'Call Girls In Bannimantap (Mysore) With Real Number | Fookkat', 'Bannimantap call girls, call girls Bannimantap, call girl Bannimantap', 'Find Bannimantap call girls (Mysore), now at Fookkat! India\'s first real call girl website. Over 100 India call girls advert posted 24/7.'),
(125, 'Agrahara', 204, 13, 'agrahara', 'Call Girls In Agrahara (Mysore) With Real Number | Fookkat', 'Agrahara call girls, call girls Agrahara, call girl Agrahara', 'Find Agrahara call girls (Mysore), now at Fookkat! India\'s first real call girl website. Over 100 India call girls advert posted 24/7.'),
(126, 'Bogadi', 204, 13, 'bogadi', 'Call Girls In Bogadi (Mysore) With Real Number | Fookkat', 'Bogadi call girls, call girls Bogadi, call girl Bogadi', 'Find Bogadi call girls (Mysore), now at Fookkat! India\'s first real call girl website. Over 100 India call girls advert posted 24/7.'),
(127, 'Gokulam', 204, 13, 'gokulam', 'Call Girls In Gokulam (Mysore) With Real Number | Fookkat', 'Gokulam call girls, call girls Gokulam, call girl Gokulam', 'Find Gokulam call girls (Mysore), now at Fookkat! India\'s first real call girl website. Over 100 India call girls advert posted 24/7.'),
(128, 'Kesare', 204, 13, 'kesare', 'Call Girls In Kesare (Mysore) With Real Number | Fookkat', 'Kesare call girls, call girls Kesare, call girl Kesare', 'Find Kesare call girls (Mysore), now at Fookkat! India\'s first real call girl website. Over 100 India call girls advert posted 24/7.'),
(129, 'Putligarh', 157, 6, 'putligarh', 'Call Girls In Putligarh (Amritsar) With Real Number | Fookkat', 'Putligarh call girls, call girls Putligarh, call girl Putligarh', 'Find Putligarh call girls (Amritsar), now at Fookkat! India\'s first real call girl website. Over 100 India call girls advert posted 24/7.'),
(130, 'Mirankot Road', 157, 6, 'mirankot-road', 'Call Girls In Mirankot Road (Amritsar) With Real Number | Fookkat', 'Mirankot Road call girls, call girls Mirankot Road, call girl Mirankot Road', 'Find Mirankot Road call girls (Amritsar), now at Fookkat! India\'s first real call girl website. Over 100 India call girls advert posted 24/7.'),
(131, 'Chheharat', 157, 6, 'chheharat', 'Call Girls In Chheharat (Amritsar) With Real Number | Fookkat', 'Chheharat call girls, call girls Chheharat, call girl Chheharat', 'Find Chheharat call girls (Amritsar), now at Fookkat! India\'s first real call girl website. Over 100 India call girls advert posted 24/7.'),
(132, 'Bhawani Nagar', 157, 6, 'bhawani-nagar', 'Call Girls In Bhawani Nagar (Amritsar) With Real Number | Fookkat', 'Bhawani Nagar call girls, call girls Bhawani Nagar, call girl Bhawani Nagar', 'Find Bhawani Nagar call girls (Amritsar), now at Fookkat! India\'s first real call girl website. Over 100 India call girls advert posted 24/7.'),
(133, 'Amritsar Cantt', 157, 6, 'amritsar-cantt', 'Call Girls In Amritsar Cantt (Amritsar) With Real Number | Fookkat', 'Amritsar Cantt call girls, call girls Amritsar Cantt, call girl Amritsar Cantt', 'Find Amritsar Cantt call girls (Amritsar), now at Fookkat! India\'s first real call girl website. Over 100 India call girls advert posted 24/7.'),
(134, 'Kartar Nagar', 157, 6, 'kartar-nagar', 'Call Girls In Kartar Nagar (Amritsar) With Real Number | Fookkat', 'Kartar Nagar call girls, call girls Kartar Nagar, call girl Kartar Nagar', 'Find Kartar Nagar call girls (Amritsar), now at Fookkat! India\'s first real call girl website. Over 100 India call girls advert posted 24/7.'),
(135, 'Model Town', 158, 6, 'model-town', 'Call Girls In Model Town (Ludhiana) With Real Number | Fookkat', 'Model Town call girls, call girls Model Town, call girl Model Town', 'Find Model Town call girls (Ludhiana), now at Fookkat! India\'s first real call girl website. Over 100 India call girls advert posted 24/7.'),
(136, 'Civil Lines', 158, 6, 'civil-lines', 'Call Girls In Civil Lines (Ludhiana) With Real Number | Fookkat', 'Civil Lines call girls, call girls Civil Lines, call girl Civil Lines', 'Find Civil Lines call girls (Ludhiana), now at Fookkat! India\'s first real call girl website. Over 100 India call girls advert posted 24/7.'),
(137, 'Model Town', 159, 6, 'model-town', 'Call Girls In Model Town (Jalandhar) With Real Number | Fookkat', 'Model Town call girls, call girls Model Town, call girl Model Town', 'Find Model Town call girls (Jalandhar), now at Fookkat! India\'s first real call girl website. Over 100 India call girls advert posted 24/7.'),
(138, 'Basti Nau', 159, 6, 'basti-nau', 'Call Girls In Basti Nau (Jalandhar) With Real Number | Fookkat', 'Basti Nau call girls, call girls Basti Nau, call girl Basti Nau', 'Find Basti Nau call girls (Jalandhar), now at Fookkat! India\'s first real call girl website. Over 100 India call girls advert posted 24/7.'),
(139, 'Golden Avenue', 159, 6, 'golden-avenue', 'Call Girls In Golden Avenue (Jalandhar) With Real Number | Fookkat', 'Golden Avenue call girls, call girls Golden Avenue, call girl Golden Avenue', 'Find Golden Avenue call girls (Jalandhar), now at Fookkat! India\'s first real call girl website. Over 100 India call girls advert posted 24/7.'),
(140, 'Urban Estate', 159, 6, 'urban-estate', 'Call Girls In Urban Estate (Jalandhar) With Real Number | Fookkat', 'Urban Estate call girls, call girls Urban Estate, call girl Urban Estate', 'Find Urban Estate call girls (Jalandhar), now at Fookkat! India\'s first real call girl website. Over 100 India call girls advert posted 24/7.'),
(141, 'Charan Bagh', 160, 6, 'charan-bagh', 'Call Girls In Charan Bagh (Patiala) With Real Number | Fookkat', 'Charan Bagh call girls, call girls Charan Bagh, call girl Charan Bagh', 'Find Charan Bagh call girls (Patiala), now at Fookkat! India\'s first real call girl website. Over 100 India call girls advert posted 24/7.'),
(142, 'Ghuman Nagar', 160, 6, 'ghuman-nagar', 'Call Girls In Ghuman Nagar (Patiala) With Real Number | Fookkat', 'Ghuman Nagar call girls, call girls Ghuman Nagar, call girl Ghuman Nagar', 'Find Ghuman Nagar call girls (Patiala), now at Fookkat! India\'s first real call girl website. Over 100 India call girls advert posted 24/7.'),
(143, 'Tripuri', 160, 6, 'tripuri', 'Call Girls In Tripuri Nagar (Patiala) With Real Number | Fookkat', 'Tripuri Nagar call girls, call girls Tripuri Nagar, call girl Tripuri Nagar', 'Find Tripuri Nagar call girls (Patiala), now at Fookkat! India\'s first real call girl website. Over 100 India call girls advert posted 24/7.'),
(144, 'Goniana', 161, 6, 'goniana', 'Call Girls In Goniana (Bathinda) With Real Number | Fookkat', 'Goniana call girls, call girls Goniana, call girl Goniana', 'Find Goniana call girls (Bathinda), now at Fookkat! India\'s first real call girl website. Over 100 India call girls advert posted 24/7.'),
(145, 'Multania Road', 161, 6, 'multania-road', 'Call Girls In Multania Road (Bathinda) With Real Number | Fookkat', 'Multania Road call girls, call girls Multania Road, call girl Multania Road', 'Find Multania Road call girls (Bathinda), now at Fookkat! India\'s first real call girl website. Over 100 India call girls advert posted 24/7.'),
(146, 'Ganpati Enclave', 161, 6, 'ganpati-enclave', 'Call Girls In Ganpati Enclave (Bathinda) With Real Number | Fookkat', 'Ganpati Enclave call girls, call girls Ganpati Enclave, call girl Ganpati Enclave', 'Find Ganpati Enclave call girls (Bathinda), now at Fookkat! India\'s first real call girl website. Over 100 India call girls advert posted 24/7.'),
(147, 'Model Town', 161, 6, 'model-town', 'Call Girls In Model Town (Bathinda) With Real Number | Fookkat', 'Model Town call girls, call girls Model Town, call girl Model Town', 'Find Model Town call girls (Bathinda), now at Fookkat! India\'s first real call girl website. Over 100 India call girls advert posted 24/7.'),
(148, 'Kharar', 163, 6, 'kharar', 'Call Girls In Kharar (Mohali) With Real Number | Fookkat', 'Kharar call girls, call girls Kharar, call girl Kharar', 'Find Kharar call girls (Mohali), now at Fookkat! India\'s first real call girl website. Over 100 India call girls advert posted 24/7.'),
(149, 'Sas Nagar', 163, 6, 'sas-nagar', 'Call Girls In Sas Nagar (Mohali) With Real Number | Fookkat', 'Sas Nagar call girls, call girls Sas Nagar, call girl Sas Nagar', 'Find Sas Nagar call girls (Mohali), now at Fookkat! India\'s first real call girl website. Over 100 India call girls advert posted 24/7.'),
(150, 'Banur', 163, 6, 'banur', 'Call Girls In Banur (Mohali) With Real Number | Fookkat', 'Banur call girls, call girls Banur, call girl Banur', 'Find Banur call girls (Mohali), now at Fookkat! India\'s first real call girl website. Over 100 India call girls advert posted 24/7.'),
(151, 'Sector 88', 163, 6, 'sector-88', 'Call Girls In Sector 88 (Mohali) With Real Number | Fookkat', 'Sector 88 call girls, call girls Sector 88, call girl Sector 88', 'Find Sector 88 call girls (Mohali), now at Fookkat! India\'s first real call girl website. Over 100 India call girls advert posted 24/7.'),
(152, 'Dhakoli', 188, 6, 'dhakoli', 'Call Girls In Dhakoli (Zirakpur) With Real Number | Fookkat', 'Dhakoli call girls, call girls Dhakoli, call girl Dhakoli', 'Find Dhakoli call girls (Zirakpur), now at Fookkat! India\'s first real call girl website. Over 100 India call girls advert posted 24/7.'),
(153, 'VIP Road', 188, 6, 'vip-road', 'Call Girls In VIP Road (Zirakpur) With Real Number | Fookkat', 'VIP Road call girls, call girls VIP Road, call girl VIP Road', 'Find VIP Road call girls (Zirakpur), now at Fookkat! India\'s first real call girl website. Over 100 India call girls advert posted 24/7.'),
(154, 'Gazipur', 188, 6, 'gazipur', 'Call Girls In Gazipur (Zirakpur) With Real Number | Fookkat', 'Gazipur call girls, call girls Gazipur, call girl Gazipur', 'Find Gazipur call girls (Zirakpur), now at Fookkat! India\'s first real call girl website. Over 100 India call girls advert posted 24/7.'),
(155, 'Kishanpura', 188, 6, 'kishanpura', 'Call Girls In Kishanpura (Zirakpur) With Real Number | Fookkat', 'Kishanpura call girls, call girls Kishanpura, call girl Kishanpura', 'Find Kishanpura call girls (Zirakpur), now at Fookkat! India\'s first real call girl website. Over 100 India call girls advert posted 24/7.'),
(156, 'Lohgarh', 188, 6, 'lohgarh', 'Call Girls In Lohgarh (Zirakpur) With Real Number | Fookkat', 'Lohgarh call girls, call girls Lohgarh, call girl Lohgarh', 'Find Lohgarh call girls (Zirakpur), now at Fookkat! India\'s first real call girl website. Over 100 India call girls advert posted 24/7.'),
(157, 'Preet Colony', 188, 6, 'preet-colony', 'Call Girls In Preet Colony (Zirakpur) With Real Number | Fookkat', 'Preet Colony call girls, call girls Preet Colony, call girl Preet Colony', 'Find Preet Colony call girls (Zirakpur), now at Fookkat! India\'s first real call girl website. Over 100 India call girls advert posted 24/7.'),
(158, 'Sector 17', 210, 6, 'sector-17', 'Call Girls In Sector 17 (Chandigarh) With Real Number | Fookkat', 'Sector 17 call girls, call girls Sector 17, call girl Sector 17', 'Find Sector 17 call girls (Chandigarh), now at Fookkat! India\'s first real call girl website. Over 100 India call girls advert posted 24/7.'),
(159, 'Sector 35', 210, 6, 'sector-35', 'Call Girls In Sector 35 (Chandigarh) With Real Number | Fookkat', 'Sector 35 call girls, call girls Sector 35, call girl Sector 35', 'Find Sector 35 call girls (Chandigarh), now at Fookkat! India\'s first real call girl website. Over 100 India call girls advert posted 24/7.'),
(160, 'Sector 24', 210, 6, 'sector-24', 'Call Girls In Sector 24 (Chandigarh) With Real Number | Fookkat', 'Sector 24 call girls, call girls Sector 24, call girl Sector 24', 'Find Sector 24 call girls (Chandigarh), now at Fookkat! India\'s first real call girl website. Over 100 India call girls advert posted 24/7.'),
(161, 'Attawa', 210, 6, 'attawa', 'Call Girls In Attawa (Chandigarh) With Real Number | Fookkat', 'Attawa call girls, call girls Attawa, call girl Attawa', 'Find Attawa call girls (Chandigarh), now at Fookkat! India\'s first real call girl website. Over 100 India call girls advert posted 24/7.'),
(162, 'Khajheri', 210, 6, 'khajheri', 'Call Girls In Khajheri (Chandigarh) With Real Number | Fookkat', 'Khajheri call girls, call girls Khajheri, call girl Khajheri', 'Find Khajheri call girls (Chandigarh), now at Fookkat! India\'s first real call girl website. Over 100 India call girls advert posted 24/7.'),
(163, 'Sector 45', 210, 6, 'sector-45', 'Call Girls In Sector 45 (Chandigarh) With Real Number | Fookkat', 'Sector 45 call girls, call girls Sector 45, call girl Sector 45', 'Find Sector 45 call girls (Chandigarh), now at Fookkat! India\'s first real call girl website. Over 100 India call girls advert posted 24/7.'),
(164, 'Sector 42', 210, 6, 'sector-42', 'Call Girls In Sector 42 (Chandigarh) With Real Number | Fookkat', 'Sector 42 call girls, call girls Sector 42, call girl Sector 42', 'Find Sector 42 call girls (Chandigarh), now at Fookkat! India\'s first real call girl website. Over 100 India call girls advert posted 24/7.'),
(165, 'Kakkanad', 198, 22, 'kakkanad', 'Call Girls In Kakkanad (Kochi) With Real Number | Fookkat', 'Kakkanad call girls, call girls Kakkanad, call girl Kakkanad', 'Find Kakkanad call girls (Kochi), now at Fookkat! India\'s first real call girl website. Over 100 India call girls advert posted 24/7.'),
(166, 'Ernakulam', 198, 22, 'ernakulam', 'Call Girls In Ernakulam (Kochi) With Real Number | Fookkat', 'Ernakulam call girls, call girls Ernakulam, call girl Ernakulam', 'Find Ernakulam call girls (Kochi), now at Fookkat! India\'s first real call girl website. Over 100 India call girls advert posted 24/7.'),
(167, 'Edappally', 198, 22, 'edappally', 'Call Girls In Edappally (Kochi) With Real Number | Fookkat', 'Edappally call girls, call girls Edappally, call girl Edappally', 'Find Edappally call girls (Kochi), now at Fookkat! India\'s first real call girl website. Over 100 India call girls advert posted 24/7.'),
(168, 'Tripunithura', 198, 22, 'tripunithura', 'Call Girls In Tripunithura (Kochi) With Real Number | Fookkat', 'Tripunithura call girls, call girls Tripunithura, call girl Tripunithura', 'Find Tripunithura call girls (Kochi), now at Fookkat! India\'s first real call girl website. Over 100 India call girls advert posted 24/7.'),
(169, 'MP Nagar', 140, 26, 'mp-nagar', 'Call Girls In MP Nagar (Bhopal) With Real Number | Fookkat', 'MP Nagar call girls, call girls MP Nagar, call girl MP Nagar', 'Find MP Nagar call girls (Bhopal), now at Fookkat! India\'s first real call girl website. Over 100 India call girls advert posted 24/7.');
INSERT INTO `locality` (`id`, `location_name`, `city_id`, `state_id`, `slug`, `meta_title`, `meta_keywords`, `meta_description`) VALUES
(170, 'New Market', 140, 26, 'new-market', 'Call Girls In New Market (Bhopal) With Real Number | Fookkat', 'New Market call girls, call girls New Market, call girl New Market', 'Find New Market call girls (Bhopal), now at Fookkat! India\'s first real call girl website. Over 100 India call girls advert posted 24/7.'),
(171, 'Arera Colony', 140, 26, 'arera-colony', 'Call Girls In Arera Colony (Bhopal) With Real Number | Fookkat', 'Arera Colony call girls, call girls Arera Colony, call girl Arera Colony', 'Find Arera Colony call girls (Bhopal), now at Fookkat! India\'s first real call girl website. Over 100 India call girls advert posted 24/7.'),
(172, 'Katara Hills', 140, 26, 'katara-hills', 'Call Girls In Katara Hills (Bhopal) With Real Number | Fookkat', 'Katara Hills call girls, call girls Katara Hills, call girl Katara Hills', 'Find Katara Hills call girls (Bhopal), now at Fookkat! India\'s first real call girl website. Over 100 India call girls advert posted 24/7.'),
(173, 'Kolar Road', 140, 26, 'kolar-road', 'Call Girls In Kolar Road (Bhopal) With Real Number | Fookkat', 'Kolar Road call girls, call girls Kolar Road, call girl Kolar Road', 'Find Kolar Road call girls (Bhopal), now at Fookkat! India\'s first real call girl website. Over 100 India call girls advert posted 24/7.'),
(174, 'Old palasia', 141, 26, 'old-palasia', 'Call Girls In Old palasia (Indore) With Real Number | Fookkat', 'Old palasia call girls, call girls Old palasia, call girl Old palasia', 'Find Old palasia call girls (Indore), now at Fookkat! India\'s first real call girl website. Over 100 India call girls advert posted 24/7.'),
(175, 'Vijay nagar', 141, 26, 'vijay-nagar', 'Call Girls In Vijay nagar (Indore) With Real Number | Fookkat', 'Vijay nagar call girls, call girls Vijay nagar, call girl Vijay nagar', 'Find Vijay nagar call girls (Indore), now at Fookkat! India\'s first real call girl website. Over 100 India call girls advert posted 24/7.'),
(176, 'Sudama nagar', 141, 26, 'sudama-nagar', 'Call Girls In Sudama nagar (Indore) With Real Number | Fookkat', 'Sudama nagar call girls, call girls Sudama nagar, call girl Sudama nagar', 'Find Sudama nagar call girls (Indore), now at Fookkat! India\'s first real call girl website. Over 100 India call girls advert posted 24/7.'),
(177, 'Bengali square', 141, 26, 'bengali-square', 'Call Girls In Bengali square (Indore) With Real Number | Fookkat', 'Bengali square call girls, call girls Bengali square, call girl Bengali square', 'Find Bengali square call girls (Indore), now at Fookkat! India\'s first real call girl website. Over 100 India call girls advert posted 24/7.'),
(178, 'Rajendra nagar', 141, 26, 'rajendra-nagar', 'Call Girls In Rajendra nagar (Indore) With Real Number | Fookkat', 'Rajendra nagar call girls, call girls Rajendra nagar, call girl Rajendra nagar', 'Find Rajendra nagar call girls (Indore), now at Fookkat! India\'s first real call girl website. Over 100 India call girls advert posted 24/7.'),
(179, 'Tukoganj', 141, 26, 'tukoganj', 'Call Girls In Tukoganj (Indore) With Real Number | Fookkat', 'Tukoganj call girls, call girls Tukoganj, call girl Tukoganj', 'Find Tukoganj call girls (Indore), now at Fookkat! India\'s first real call girl website. Over 100 India call girls advert posted 24/7.'),
(180, 'Bandra', 148, 2, 'bandra', 'Call Girls In Bandra (Mumbai) With Real Number | Fookkat', 'Bandra call girls, call girls Bandra, call girl Bandra', 'Find Bandra call girls (Mumbai), now at Fookkat! India\'s first real call girl website. Over 100 India call girls advert posted 24/7.'),
(181, 'Vile parle', 148, 2, 'vile-parle', 'Call Girls In Vile parle (Mumbai) With Real Number | Fookkat', 'Vile parle call girls, call girls Vile parle, call girl Vile parle', 'Find Vile parle call girls (Mumbai), now at Fookkat! India\'s first real call girl website. Over 100 India call girls advert posted 24/7.'),
(182, 'Andheri', 148, 2, 'andheri', 'Call Girls In Andheri (Mumbai) With Real Number | Fookkat', 'Andheri call girls, call girls Andheri, call girl Andheri', 'Find Andheri call girls (Mumbai), now at Fookkat! India\'s first real call girl website. Over 100 India call girls advert posted 24/7.'),
(183, 'Chembur', 148, 2, 'chembur', 'Call Girls In Chembur (Mumbai) With Real Number | Fookkat', 'Chembur call girls, call girls Chembur, call girl Chembur', 'Find Chembur call girls (Mumbai), now at Fookkat! India\'s first real call girl website. Over 100 India call girls advert posted 24/7.'),
(184, 'Goregaon', 148, 2, 'goregaon', 'Call Girls In Goregaon (Mumbai) With Real Number | Fookkat', 'Goregaon call girls, call girls Goregaon, call girl Goregaon', 'Find Goregaon call girls (Mumbai), now at Fookkat! India\'s first real call girl website. Over 100 India call girls advert posted 24/7.'),
(185, 'Juhu', 148, 2, 'juhu', 'Call Girls In Juhu (Mumbai) With Real Number | Fookkat', 'Juhu call girls, call girls Juhu, call girl Juhu', 'Find Juhu call girls (Mumbai), now at Fookkat! India\'s first real call girl website. Over 100 India call girls advert posted 24/7.'),
(186, 'Navi mumbai', 148, 2, 'navi-mumbai', 'Call Girls In Navi mumbai (Mumbai) With Real Number | Fookkat', 'Navi mumbai call girls, call girls Navi mumbai, call girl Navi mumbai', 'Find Navi mumbai call girls (Mumbai), now at Fookkat! India\'s first real call girl website. Over 100 India call girls advert posted 24/7.'),
(187, 'Ghatkopar', 148, 2, 'ghatkopar', 'Call Girls In Ghatkopar (Mumbai) With Real Number | Fookkat', 'Ghatkopar call girls, call girls Ghatkopar, call girl Ghatkopar', 'Find Ghatkopar call girls (Mumbai), now at Fookkat! India\'s first real call girl website. Over 100 India call girls advert posted 24/7.'),
(188, 'Bhiwandi', 148, 2, 'bhiwandi', 'Call Girls In Bhiwandi (Mumbai) With Real Number | Fookkat', 'Bhiwandi call girls, call girls Bhiwandi, call girl Bhiwandi', 'Find Bhiwandi call girls (Mumbai), now at Fookkat! India\'s first real call girl website. Over 100 India call girls advert posted 24/7.'),
(189, 'Nerul', 148, 2, 'nerul', 'Call Girls In Nerul (Mumbai) With Real Number | Fookkat', 'Nerul call girls, call girls Nerul, call girl Nerul', 'Find Nerul call girls (Mumbai), now at Fookkat! India\'s first real call girl website. Over 100 India call girls advert posted 24/7.'),
(190, 'Lower parel', 148, 2, 'lower-parel', 'Call Girls In Lower parel (Mumbai) With Real Number | Fookkat', 'Lower parel call girls, call girls Lower parel, call girl Lower parel', 'Find Lower parel call girls (Mumbai), now at Fookkat! India\'s first real call girl website. Over 100 India call girls advert posted 24/7.'),
(191, 'Worli', 148, 2, 'worli', 'Call Girls In Worli (Mumbai) With Real Number | Fookkat', 'Worli call girls, call girls Worli, call girl Worli', 'Find Worli call girls (Mumbai), now at Fookkat! India\'s first real call girl website. Over 100 India call girls advert posted 24/7.'),
(192, 'Borivali', 148, 2, 'borivali', 'Call Girls In Borivali (Mumbai) With Real Number | Fookkat', 'Borivali call girls, call girls Borivali, call girl Borivali', 'Find Borivali call girls (Mumbai), now at Fookkat! India\'s first real call girl website. Over 100 India call girls advert posted 24/7.'),
(193, 'Kurla', 148, 2, 'kurla', 'Call Girls In Kurla (Mumbai) With Real Number | Fookkat', 'Kurla call girls, call girls Kurla, call girl Kurla', 'Find Kurla call girls (Mumbai), now at Fookkat! India\'s first real call girl website. Over 100 India call girls advert posted 24/7.'),
(194, 'Wadala', 148, 2, 'wadala', 'Call Girls In Wadala (Mumbai) With Real Number | Fookkat', 'Wadala call girls, call girls Wadala, call girl Wadala', 'Find Wadala call girls (Mumbai), now at Fookkat! India\'s first real call girl website. Over 100 India call girls advert posted 24/7.'),
(195, 'Dadar', 148, 2, 'dadar', 'Call Girls In Dadar (Mumbai) With Real Number | Fookkat', 'Dadar call girls, call girls Dadar, call girl Dadar', 'Find Dadar call girls (Mumbai), now at Fookkat! India\'s first real call girl website. Over 100 India call girls advert posted 24/7.'),
(196, 'Mira road', 148, 2, 'mira-road', 'Call Girls In Mira road (Mumbai) With Real Number | Fookkat', 'Mira road call girls, call girls Mira road, call girl Mira road', 'Find Mira road call girls (Mumbai), now at Fookkat! India\'s first real call girl website. Over 100 India call girls advert posted 24/7.'),
(197, 'Panvel', 148, 2, 'panvel', 'Call Girls In Panvel (Mumbai) With Real Number | Fookkat', 'Panvel call girls, call girls Panvel, call girl Panvel', 'Find Panvel call girls (Mumbai), now at Fookkat! India\'s first real call girl website. Over 100 India call girls advert posted 24/7.'),
(198, 'Santacruz', 148, 2, 'santacruz', 'Call Girls In Santacruz (Mumbai) With Real Number | Fookkat', 'Santacruz call girls, call girls Santacruz, call girl Santacruz', 'Find Santacruz call girls (Mumbai), now at Fookkat! India\'s first real call girl website. Over 100 India call girls advert posted 24/7.'),
(199, 'Koregaon park', 149, 2, 'koregaon-park', 'Call Girls In Koregaon park (Pune) With Real Number | Fookkat', 'Koregaon park call girls, call girls Koregaon park, call girl Koregaon park', 'Find Koregaon park call girls (Pune), now at Fookkat! India\'s first real call girl website. Over 100 India call girls advert posted 24/7.'),
(200, 'Aundh', 149, 2, 'aundh', 'Call Girls In Aundh (Pune) With Real Number | Fookkat', 'Aundh call girls, call girls Aundh, call girl Aundh', 'Find Aundh call girls (Pune), now at Fookkat! India\'s first real call girl website. Over 100 India call girls advert posted 24/7.'),
(201, 'Kothrud', 149, 2, 'kothrud', 'Call Girls In Kothrud (Pune) With Real Number | Fookkat', 'Kothrud call girls, call girls Kothrud, call girl Kothrud', 'Find Kothrud call girls (Pune), now at Fookkat! India\'s first real call girl website. Over 100 India call girls advert posted 24/7.'),
(202, 'Viman nagar', 149, 2, 'viman-nagar', 'Call Girls In Viman nagar (Pune) With Real Number | Fookkat', 'Viman nagar call girls, call girls Viman nagar, call girl Viman nagar', 'Find Viman nagar call girls (Pune), now at Fookkat! India\'s first real call girl website. Over 100 India call girls advert posted 24/7.'),
(203, 'Kharadi', 149, 2, 'kharadi', 'Call Girls In Kharadi (Pune) With Real Number | Fookkat', 'Kharadi call girls, call girls Kharadi, call girl Kharadi', 'Find Kharadi call girls (Pune), now at Fookkat! India\'s first real call girl website. Over 100 India call girls advert posted 24/7.'),
(204, 'Hinjewadi', 149, 2, 'hinjewadi', 'Call Girls In Hinjewadi (Pune) With Real Number | Fookkat', 'Hinjewadi call girls, call girls Hinjewadi, call girl Hinjewadi', 'Find Hinjewadi call girls (Pune), now at Fookkat! India\'s first real call girl website. Over 100 India call girls advert posted 24/7.'),
(205, 'Hadapsar', 149, 2, 'hadapsar', 'Call Girls In Hadapsar (Pune) With Real Number | Fookkat', 'Hadapsar call girls, call girls Hadapsar, call girl Hadapsar', 'Find Hadapsar call girls (Pune), now at Fookkat! India\'s first real call girl website. Over 100 India call girls advert posted 24/7.'),
(206, 'Baner', 149, 2, 'baner', 'Call Girls In Baner (Pune) With Real Number | Fookkat', 'Baner call girls, call girls Baner, call girl Baner', 'Find Baner call girls (Pune), now at Fookkat! India\'s first real call girl website. Over 100 India call girls advert posted 24/7.'),
(207, 'Wakad', 149, 2, 'wakad', 'Call Girls In Wakad (Pune) With Real Number | Fookkat', 'Wakad call girls, call girls Wakad, call girl Wakad', 'Find Wakad call girls (Pune), now at Fookkat! India\'s first real call girl website. Over 100 India call girls advert posted 24/7.'),
(208, 'Pimpri chinchwad', 149, 2, 'pimpri-chinchwad', 'Call Girls In Pimpri chinchwad (Pune) With Real Number | Fookkat', 'Pimpri chinchwad call girls, call girls Pimpri chinchwad, call girl Pimpri chinchwad', 'Find Pimpri chinchwad call girls (Pune), now at Fookkat! India\'s first real call girl website. Over 100 India call girls advert posted 24/7.'),
(209, 'Wagholi', 149, 2, 'wagholi', 'Call Girls In Wagholi (Pune) With Real Number | Fookkat', 'Wagholi call girls, call girls Wagholi, call girl Wagholi', 'Find Wagholi call girls (Pune), now at Fookkat! India\'s first real call girl website. Over 100 India call girls advert posted 24/7.'),
(210, 'Deccan', 149, 2, 'deccan', 'Call Girls In Deccan (Pune) With Real Number | Fookkat', 'Deccan call girls, call girls Deccan, call girl Deccan', 'Find Deccan call girls (Pune), now at Fookkat! India\'s first real call girl website. Over 100 India call girls advert posted 24/7.'),
(211, 'Vishrantwadi', 149, 2, 'vishrantwadi', 'Call Girls In Vishrantwadi (Pune) With Real Number | Fookkat', 'Vishrantwadi call girls, call girls Vishrantwadi, call girl Vishrantwadi', 'Find Vishrantwadi call girls (Pune), now at Fookkat! India\'s first real call girl website. Over 100 India call girls advert posted 24/7.'),
(212, 'Manish nagar', 150, 2, 'manish-nagar', 'Call Girls In Manish nagar (Nagpur) With Real Number | Fookkat', 'Manish nagar call girls, call girls Manish nagar, call girl Manish nagar', 'Find Manish nagar call girls (Nagpur), now at Fookkat! India\'s first real call girl website. Over 100 India call girls advert posted 24/7.'),
(213, 'Dighori', 150, 2, 'dighori', 'Call Girls In Dighori (Nagpur) With Real Number | Fookkat', 'Dighori call girls, call girls Dighori, call girl Dighori', 'Find Dighori call girls (Nagpur), now at Fookkat! India\'s first real call girl website. Over 100 India call girls advert posted 24/7.'),
(214, 'Dhantoli', 150, 2, 'dhantoli', 'Call Girls In Dhantoli (Nagpur) With Real Number | Fookkat', 'Dhantoli call girls, call girls Dhantoli, call girl Dhantoli', 'Find Dhantoli call girls (Nagpur), now at Fookkat! India\'s first real call girl website. Over 100 India call girls advert posted 24/7.'),
(215, 'Shambhu nagar', 150, 2, 'shambhu-nagar', 'Call Girls In Shambhu nagar (Nagpur) With Real Number | Fookkat', 'Shambhu nagar call girls, call girls Shambhu nagar, call girl Shambhu nagar', 'Find Shambhu nagar call girls (Nagpur), now at Fookkat! India\'s first real call girl website. Over 100 India call girls advert posted 24/7.'),
(216, 'Sitabuldi', 150, 2, 'sitabuldi', 'Call Girls In Sitabuldi (Nagpur) With Real Number | Fookkat', 'Sitabuldi call girls, call girls Sitabuldi, call girl Sitabuldi', 'Find Sitabuldi call girls (Nagpur), now at Fookkat! India\'s first real call girl website. Over 100 India call girls advert posted 24/7.'),
(217, 'Nashik road', 152, 2, 'nashik-road', 'Call Girls In Nashik road (Nashik) With Real Number | Fookkat', 'Nashik road call girls, call girls Nashik road, call girl Nashik road', 'Find Nashik road call girls (Nashik), now at Fookkat! India\'s first real call girl website. Over 100 India call girls advert posted 24/7.'),
(218, 'College road', 152, 2, 'college-road', 'Call Girls In College road (Nashik) With Real Number | Fookkat', 'College road call girls, call girls College road, call girl College road', 'Find College road call girls (Nashik), now at Fookkat! India\'s first real call girl website. Over 100 India call girls advert posted 24/7.'),
(219, 'Canada corner', 152, 2, 'canada-corner', 'Call Girls In Canada corner (Nashik) With Real Number | Fookkat', 'Canada corner call girls, call girls Canada corner, call girl Canada corner', 'Find Canada corner call girls (Nashik), now at Fookkat! India\'s first real call girl website. Over 100 India call girls advert posted 24/7.'),
(220, 'Panchavati', 152, 2, 'panchavati', 'Call Girls In Panchavati (Nashik) With Real Number | Fookkat', 'Panchavati call girls, call girls Panchavati, call girl Panchavati', 'Find Panchavati call girls (Nashik), now at Fookkat! India\'s first real call girl website. Over 100 India call girls advert posted 24/7.'),
(221, 'Chandrasekharpur', 192, 30, 'chandrasekharpur', 'Call Girls In Chandrasekharpur (Bhubaneswar) With Real Number | Fookkat', 'Chandrasekharpur call girls, call girls Chandrasekharpur, call girl Chandrasekharpur', 'Find Chandrasekharpur call girls (Bhubaneswar), now at Fookkat! India\'s first real call girl website. Over 100 India call girls advert posted 24/7.'),
(222, 'Patia', 192, 30, 'patia', 'Call Girls In Patia (Bhubaneswar) With Real Number | Fookkat', 'Call Girls In Patia (Bhubaneswar) With Real Number | Fookkat', 'Find Patia call girls (Bhubaneswar), now at Fookkat! India\'s first real call girl website. Over 100 India call girls advert posted 24/7.'),
(223, 'Nayapalli', 192, 30, 'nayapalli', 'Call Girls In Nayapalli (Bhubaneswar) With Real Number | Fookkat', 'Nayapalli call girls, call girls Nayapalli, call girl Nayapalli', 'Find Nayapalli call girls (Bhubaneswar), now at Fookkat! India\'s first real call girl website. Over 100 India call girls advert posted 24/7.'),
(224, 'Saheed nagar', 192, 30, 'saheed-nagar', 'Call Girls In Saheed nagar (Bhubaneswar) With Real Number | Fookkat', 'Saheed nagar call girls, call girls Saheed nagar, call girl Saheed nagar', 'Find Saheed nagar call girls (Bhubaneswar), now at Fookkat! India\'s first real call girl website. Over 100 India call girls advert posted 24/7.'),
(225, 'Trisulia', 194, 30, 'trisulia', 'Call Girls In Trisulia (Cuttack) With Real Number | Fookkat', 'Trisulia call girls, call girls Trisulia, call girl Trisulia', 'Find Trisulia call girls (Cuttack), now at Fookkat! India\'s first real call girl website. Over 100 India call girls advert posted 24/7.'),
(226, 'Angul', 194, 30, 'angul', 'Call Girls In Angul (Cuttack) With Real Number | Fookkat', 'Angul call girls, call girls Angul, call girl Angul', 'Find Angul call girls (Cuttack), now at Fookkat! India\'s first real call girl website. Over 100 India call girls advert posted 24/7.'),
(227, 'Balangir', 194, 30, 'balangir', 'Call Girls In Balangir (Cuttack) With Real Number | Fookkat', 'Balangir call girls, call girls Balangir, call girl Balangir', 'Find Balangir call girls (Cuttack), now at Fookkat! India\'s first real call girl website. Over 100 India call girls advert posted 24/7.'),
(228, 'Bargarh', 194, 30, 'bargarh', 'Call Girls In Bargarh (Cuttack) With Real Number | Fookkat', 'Bargarh call girls, call girls Bargarh, call girl Bargarh', 'Find Bargarh call girls (Cuttack), now at Fookkat! India\'s first real call girl website. Over 100 India call girls advert posted 24/7.'),
(229, 'Balasore', 194, 30, 'balasore', 'Call Girls In Balasore (Cuttack) With Real Number | Fookkat', 'Balasore call girls, call girls Balasore, call girl Balasore', 'Find Balasore call girls (Cuttack), now at Fookkat! India\'s first real call girl website. Over 100 India call girls advert posted 24/7.'),
(230, 'Bani Park', 164, 1, 'bani-park', 'Call Girls In Bani Park (Jaipur) With Real Number | Fookkat', 'Bani Park call girls, call girls Bani Park, call girl Bani Park', 'Find Bani Park call girls (Jaipur), now at Fookkat! India\'s first real call girl website. Over 100 India call girls advert posted 24/7.'),
(231, 'Pratap Nagar', 164, 1, 'pratap-nagar', 'Call Girls In Pratap Nagar (Jaipur) With Real Number | Fookkat', 'Pratap Nagar call girls, call girls Pratap Nagar, call girl Pratap Nagar', 'Find Pratap Nagar call girls (Jaipur), now at Fookkat! India\'s first real call girl website. Over 100 India call girls advert posted 24/7.'),
(232, 'Vidyadhar Nagar', 164, 1, 'vidyadhar-nagar', 'Call Girls In Vidyadhar Nagar (Jaipur) With Real Number | Fookkat', 'Vidyadhar Nagar call girls, call girls Vidyadhar Nagar, call girl Vidyadhar Nagar', 'Find Vidyadhar Nagar call girls (Jaipur), now at Fookkat! India\'s first real call girl website. Over 100 India call girls advert posted 24/7.'),
(233, 'Civil Lines', 164, 1, 'civil-lines', 'Call Girls In Civil Lines (Jaipur) With Real Number | Fookkat', 'Civil Lines call girls, call girls Civil Lines, call girl Civil Lines', 'Find Civil Lines call girls (Jaipur), now at Fookkat! India\'s first real call girl website. Over 100 India call girls advert posted 24/7.'),
(234, 'Malviya Nagar', 164, 1, 'malviya-nagar', 'Call Girls In Malviya Nagar (Jaipur) With Real Number | Fookkat', 'Malviya Nagar call girls, call girls Malviya Nagar, call girl Malviya Nagar', 'Find Malviya Nagar call girls (Jaipur), now at Fookkat! India\'s first real call girl website. Over 100 India call girls advert posted 24/7.'),
(235, 'Mansarovar', 164, 1, 'mansarovar', 'Call Girls In Mansarovar (Jaipur) With Real Number | Fookkat', 'Mansarovar call girls, call girls Mansarovar, call girl Mansarovar', 'Find Mansarovar call girls (Jaipur), now at Fookkat! India\'s first real call girl website. Over 100 India call girls advert posted 24/7.'),
(236, 'Sindhi Camp', 164, 1, 'sindhi-camp', 'Call Girls In Sindhi Camp (Jaipur) With Real Number | Fookkat', 'Sindhi Camp call girls, call girls Sindhi Camp, call girl Sindhi Camp', 'Find Sindhi Camp call girls (Jaipur), now at Fookkat! India\'s first real call girl website. Over 100 India call girls advert posted 24/7.'),
(237, 'Banar Road', 165, 1, 'banar-road', 'Call Girls In Banar Road (Jodhpur) With Real Number | Fookkat', 'Banar Road call girls, call girls Banar Road, call girl Banar Road', 'Find Banar Road call girls (Jodhpur), now at Fookkat! India\'s first real call girl website. Over 100 India call girls advert posted 24/7.'),
(238, 'Gayatri Nagar', 165, 1, 'gayatri-nagar', 'Call Girls In Gayatri Nagar (Jodhpur) With Real Number | Fookkat', 'Gayatri Nagar call girls, call girls Gayatri Nagar, call girl Gayatri Nagar', 'Find Gayatri Nagar call girls (Jodhpur), now at Fookkat! India\'s first real call girl website. Over 100 India call girls advert posted 24/7.'),
(239, 'Cantt Area', 165, 1, 'cantt-area', 'Call Girls In Cantt Area (Jodhpur) With Real Number | Fookkat', 'Cantt Area call girls, call girls Cantt Area, call girl Cantt Area', 'Find Cantt Area call girls (Jodhpur), now at Fookkat! India\'s first real call girl website. Over 100 India call girls advert posted 24/7.'),
(240, 'Dadabari', 167, 1, 'dadabari', 'Call Girls In Dadabari (Kota) With Real Number | Fookkat', 'Dadabari call girls, call girls Dadabari, call girl Dadabari', 'Find Dadabari call girls (Kota), now at Fookkat! India\'s first real call girl website. Over 100 India call girls advert posted 24/7.'),
(241, 'Vigyan Nagar', 167, 1, 'vigyan-nagar', 'Call Girls In Vigyan Nagar (Kota) With Real Number | Fookkat', 'Vigyan Nagar call girls, call girls Vigyan Nagar, call girl Vigyan Nagar', 'Find Vigyan Nagar call girls (Kota), now at Fookkat! India\'s first real call girl website. Over 100 India call girls advert posted 24/7.'),
(242, 'Talwandi', 167, 1, 'talwandi', 'Call Girls In Talwandi (Kota) With Real Number | Fookkat', 'Talwandi call girls, call girls Talwandi, call girl Talwandi', 'Find Talwandi call girls (Kota), now at Fookkat! India\'s first real call girl website. Over 100 India call girls advert posted 24/7.'),
(243, 'Gumanpura', 167, 1, 'gumanpura', 'Call Girls In Gumanpura (Kota) With Real Number | Fookkat', 'Gumanpura call girls, call girls Gumanpura, call girl Gumanpura', 'Find Gumanpura call girls (Kota), now at Fookkat! India\'s first real call girl website. Over 100 India call girls advert posted 24/7.'),
(244, 'ishali Nagar', 168, 1, 'ishali-nagar', 'Call Girls In Ishali Nagar (Ajmer) With Real Number | Fookkat', 'Ishali Nagar call girls, call girls Ishali Nagar, call girl Ishali Nagar', 'Find Ishali Nagar call girls (Ajmer), now at Fookkat! India\'s first real call girl website. Over 100 India call girls advert posted 24/7.'),
(245, 'Panchsheel Nagar', 168, 1, 'panchsheel-nagar', 'Call Girls In Panchsheel Nagar (Ajmer) With Real Number | Fookkat', 'Panchsheel Nagar call girls, call girls Panchsheel Nagar, call girl Panchsheel Nagar', 'Find Panchsheel Nagar call girls (Ajmer), now at Fookkat! India\'s first real call girl website. Over 100 India call girls advert posted 24/7.'),
(246, 'Kotra', 168, 1, 'kotra', 'Call Girls In Kotra (Ajmer) With Real Number | Fookkat', 'Kotra call girls, call girls Kotra, call girl Kotra', 'Find Kotra call girls (Ajmer), now at Fookkat! India\'s first real call girl website. Over 100 India call girls advert posted 24/7.'),
(247, 'Shobhagpura', 202, 1, 'shobhagpura', 'Call Girls In Shobhagpura (Udaipur) With Real Number | Fookkat', 'Shobhagpura call girls, call girls Shobhagpura, call girl Shobhagpura', 'Find Shobhagpura call girls (Udaipur), now at Fookkat! India\'s first real call girl website. Over 100 India call girls advert posted 24/7.'),
(248, 'Panchwati', 202, 1, 'panchwati', 'Call Girls In Panchwati (Udaipur) With Real Number | Fookkat', 'Panchwati call girls, call girls Panchwati, call girl Panchwati', 'Find Panchwati call girls (Udaipur), now at Fookkat! India\'s first real call girl website. Over 100 India call girls advert posted 24/7.'),
(249, 'Ambamata', 202, 1, 'ambamata', 'Call Girls In Ambamata (Udaipur) With Real Number | Fookkat', 'Ambamata call girls, call girls Ambamata, call girl Ambamata', 'Find Ambamata call girls (Udaipur), now at Fookkat! India\'s first real call girl website. Over 100 India call girls advert posted 24/7.'),
(250, 'Adyar', 185, 24, 'adyar', 'Call Girls In Adyar (Chennai) With Real Number | Fookkat', 'Adyar call girls, call girls Adyar, call girl Adyar', 'Find Adyar call girls (Chennai), now at Fookkat! India\'s first real call girl website. Over 100 India call girls advert posted 24/7.\r\n'),
(251, 'Ambattur', 185, 24, 'ambattur', 'Call Girls In Ambattur (Chennai) With Real Number | Fookkat', 'Ambattur call girls, call girls Ambattur, call girl Ambattur', 'Find Ambattur call girls (Chennai), now at Fookkat! India\'s first real call girl website. Over 100 India call girls advert posted 24/7.\r\n'),
(252, 'Anna Nagar', 185, 24, 'anna-nagar', 'Call Girls In Anna Nagar (Chennai) With Real Number | Fookkat', 'Anna Nagar call girls, call girls Anna Nagar, call girl Anna Nagar', 'Find Anna Nagar call girls (Chennai), now at Fookkat! India\'s first real call girl website. Over 100 India call girls advert posted 24/7.\r\n'),
(253, 'Egmore', 185, 24, 'egmore', 'Call Girls In Egmore (Chennai) With Real Number | Fookkat', 'Egmore call girls, call girls Egmore, call girl Egmore', 'Find Egmore call girls (Chennai), now at Fookkat! India\'s first real call girl website. Over 100 India call girls advert posted 24/7.'),
(254, 'Guindy', 185, 24, 'guindy', 'Call Girls In Guindy (Chennai) With Real Number | Fookkat', 'Guindy call girls, call girls Guindy, call girl Guindy', 'Find Guindy call girls (Chennai), now at Fookkat! India\'s first real call girl website. Over 100 India call girls advert posted 24/7.'),
(255, 'Kilpaukkam', 185, 24, 'kilpaukkam', 'Call Girls In Kilpaukkam (Chennai) With Real Number | Fookkat', 'Kilpaukkam call girls, call girls Kilpaukkam, call girl Kilpaukkam', 'Find Kilpaukkam call girls (Chennai), now at Fookkat! India\'s first real call girl website. Over 100 India call girls advert posted 24/7.'),
(256, 'Nungambakkam', 185, 24, 'nungambakkam', 'Call Girls In Nungambakkam (Chennai) With Real Number | Fookkat', 'Nungambakkam call girls, call girls Nungambakkam, call girl Nungambakkam', 'Find Nungambakkam call girls (Chennai), now at Fookkat! India\'s first real call girl website. Over 100 India call girls advert posted 24/7.\r\n'),
(257, 'T. Nagar', 185, 24, 't-nagar', 'Call Girls In T. Nagar (Chennai) With Real Number | Fookkat', 'T. Nagar call girls, call girls T. Nagar, call girl T. Nagar', 'Find T. Nagar call girls (Chennai), now at Fookkat! India\'s first real call girl website. Over 100 India call girls advert posted 24/7.'),
(258, 'Amberpet', 183, 31, 'amberpet', 'Call Girls In Amberpet (Hyderabad) With Real Number | Fookkat', 'Amberpet call girls, call girls Amberpet, call girl Amberpet', 'Find Amberpet call girls (Hyderabad), now at Fookkat! India\'s first real call girl website. Over 100 India call girls advert posted 24/7.'),
(259, 'Kukatpally', 183, 31, 'kukatpally', 'Call Girls In Kukatpally (Hyderabad) With Real Number | Fookkat', 'Kukatpally call girls, call girls Kukatpally, call girl Kukatpally', 'Find Kukatpally call girls (Hyderabad), now at Fookkat! India\'s first real call girl website. Over 100 India call girls advert posted 24/7.'),
(260, 'Banjara Hills', 183, 31, 'banjara-hills', 'Call Girls In Banjara Hills (Hyderabad) With Real Number | Fookkat', 'Banjara Hills call girls, call girls Banjara Hills, call girl Banjara Hills', 'Find Banjara Hills call girls (Hyderabad), now at Fookkat! India\'s first real call girl website. Over 100 India call girls advert posted 24/7.'),
(261, 'Gachibowli', 183, 31, 'gachibowli', 'Call Girls In Gachibowli (Hyderabad) With Real Number | Fookkat', 'Gachibowli call girls, call girls Gachibowli, call girl Gachibowli', 'Find Gachibowli call girls (Hyderabad), now at Fookkat! India\'s first real call girl website. Over 100 India call girls advert posted 24/7.\r\n'),
(262, 'HITEC City', 183, 31, 'hitec-city', 'Call Girls In HITEC City (Hyderabad) With Real Number | Fookkat', 'HITEC City call girls, call girls HITEC City, call girl HITEC City', 'Find HITEC City call girls (Hyderabad), now at Fookkat! India\'s first real call girl website. Over 100 India call girls advert posted 24/7.'),
(263, 'Jubilee Hills', 183, 31, 'jubilee-hills', 'Call Girls In Jubilee Hills (Hyderabad) With Real Number | Fookkat', 'Jubilee Hills call girls, call girls Jubilee Hills, call girl Jubilee Hills', 'Find Jubilee Hills call girls (Hyderabad), now at Fookkat! India\'s first real call girl website. Over 100 India call girls advert posted 24/7.\r\n'),
(264, 'Madhapur', 183, 31, 'madhapur', 'Call Girls In Madhapur (Hyderabad) With Real Number | Fookkat', 'Madhapur call girls, call girls Madhapur, call girl Madhapur', 'Find Madhapur call girls (Hyderabad), now at Fookkat! India\'s first real call girl website. Over 100 India call girls advert posted 24/7.'),
(265, 'Nallagandla', 183, 31, 'nallagandla', 'Call Girls In Nallagandla (Hyderabad) With Real Number | Fookkat', 'Nallagandla call girls, call girls Nallagandla, call girl Nallagandla', 'Find Nallagandla call girls (Hyderabad), now at Fookkat! India\'s first real call girl website. Over 100 India call girls advert posted 24/7.\r\n'),
(266, 'Aliganj', 172, 10, 'aliganj', 'Call Girls In Aliganj (Lucknow) With Real Number | Fookkat', 'Aliganj call girls, call girls Aliganj, call girl Aliganj', 'Find Aliganj call girls (Lucknow), now at Fookkat! India\'s first real call girl website. Over 100 India call girls advert posted 24/7.\r\n'),
(267, 'Gomti Nagar', 172, 10, 'gomti-nagar', 'Call Girls In Gomti Nagar (Lucknow) With Real Number | Fookkat', 'Gomti Nagar call girls, call girls Gomti Nagar, call girl Gomti Nagar', 'Find Gomti Nagar call girls (Lucknow), now at Fookkat! India\'s first real call girl website. Over 100 India call girls advert posted 24/7.'),
(268, 'Alambagh', 172, 10, 'alambagh', 'Call Girls In Alambagh (Lucknow) With Real Number | Fookkat', 'Alambagh call girls, call girls Alambagh, call girl Alambagh', 'Find Alambagh call girls (Lucknow), now at Fookkat! India\'s first real call girl website. Over 100 India call girls advert posted 24/7.\r\n'),
(269, 'Indira Nagar', 172, 10, 'indira-nagar', 'Call Girls In Indira Nagar (Lucknow) With Real Number | Fookkat', 'Indira Nagar call girls, call girls Indira Nagar, call girl Indira Nagar', 'Find Indira Nagar call girls (Lucknow), now at Fookkat! India\'s first real call girl website. Over 100 India call girls advert posted 24/7.'),
(270, 'Hazratganj', 172, 10, 'hazratganj', 'Call Girls In Hazratganj (Lucknow) With Real Number | Fookkat', 'Hazratganj call girls, call girls Hazratganj, call girl Hazratganj', 'Find Hazratganj call girls (Lucknow), now at Fookkat! India\'s first real call girl website. Over 100 India call girls advert posted 24/7.'),
(271, 'Ashiyana', 172, 10, 'ashiyana', 'Call Girls In Ashiyana (Lucknow) With Real Number | Fookkat', 'Ashiyana call girls, call girls Ashiyana, call girl Ashiyana', 'Find Ashiyana call girls (Lucknow), now at Fookkat! India\'s first real call girl website. Over 100 India call girls advert posted 24/7.'),
(272, 'Keshavpuram', 173, 10, 'keshavpuram', 'Call Girls In Keshavpuram (Kanpur) With Real Number | Fookkat', 'Keshavpuram call girls, call girls Keshavpuram, call girl Keshavpuram', 'Find Keshavpuram call girls (Kanpur), now at Fookkat! India\'s first real call girl website. Over 100 India call girls advert posted 24/7.'),
(273, 'Tilak Nagar', 173, 10, 'tilak-nagar', 'Call Girls In Tilak Nagar (Kanpur) With Real Number | Fookkat', 'Tilak Nagar call girls, call girls Tilak Nagar, call girl Tilak Nagar', 'Find Tilak Nagar call girls (Kanpur), now at Fookkat! India\'s first real call girl website. Over 100 India call girls advert posted 24/7.'),
(274, 'Swaroop Nagar', 173, 10, 'swaroop-nagar', 'Call Girls In Swaroop Nagar (Kanpur) With Real Number | Fookkat', 'Swaroop Nagar call girls, call girls Swaroop Nagar, call girl Swaroop Nagar', 'Find Swaroop Nagar call girls (Kanpur), now at Fookkat! India\'s first real call girl website. Over 100 India call girls advert posted 24/7.'),
(275, 'Naubasta', 173, 10, 'naubasta', 'Call Girls In Naubasta (Kanpur) With Real Number | Fookkat', 'Naubasta call girls, call girls Naubasta, call girl Naubasta', 'Find Naubasta call girls (Kanpur), now at Fookkat! India\'s first real call girl website. Over 100 India call girls advert posted 24/7.'),
(276, 'Kidwai Nagar', 173, 10, 'kidwai-nagar', 'Call Girls In Kidwai Nagar (Kanpur) With Real Number | Fookkat', 'Kidwai Nagar call girls, call girls Kidwai Nagar, call girl Kidwai Nagar', 'Find Kidwai Nagar call girls (Kanpur), now at Fookkat! India\'s first real call girl website. Over 100 India call girls advert posted 24/7.'),
(277, 'Awas Vikas Colony', 174, 10, 'awas-vikas-colony', 'Call Girls In Awas Vikas Colony (Agra) With Real Number | Fookkat', 'Awas Vikas Colony call girls, call girls Awas Vikas Colony, call girl Awas Vikas Colony', 'Find Awas Vikas Colony call girls (Agra), now at Fookkat! India\'s first real call girl website. Over 100 India call girls advert posted 24/7.'),
(278, 'Taj Nagri', 174, 10, 'taj-nagri', 'Call Girls In Taj Nagri (Agra) With Real Number | Fookkat', 'Taj Nagri call girls, call girls Taj Nagri, call girl Taj Nagri', 'Find Taj Nagri call girls (Agra), now at Fookkat! India\'s first real call girl website. Over 100 India call girls advert posted 24/7.'),
(279, 'Shastri Puram', 174, 10, 'shastri-puram', 'Call Girls In Shastri Puram (Agra) With Real Number | Fookkat', 'Shastri Puram call girls, call girls Shastri Puram, call girl Shastri Puram', 'Find Shastri Puram call girls (Agra), now at Fookkat! India\'s first real call girl website. Over 100 India call girls advert posted 24/7.'),
(280, 'Fatehabad Road', 174, 10, 'fatehabad-road', 'Call Girls In Fatehabad Road (Agra) With Real Number | Fookkat', 'Fatehabad Road call girls, call girls Fatehabad Road, call girl Fatehabad Road', 'Find Fatehabad Road call girls (Agra), now at Fookkat! India\'s first real call girl website. Over 100 India call girls advert posted 24/7.'),
(281, 'Kamla Nagar', 174, 10, 'kamla-nagar', 'Call Girls In Kamla Nagar (Agra) With Real Number | Fookkat', 'Kamla Nagar call girls, call girls Kamla Nagar, call girl Kamla Nagar', 'Find Kamla Nagar call girls (Agra), now at Fookkat! India\'s first real call girl website. Over 100 India call girls advert posted 24/7.'),
(282, 'Shivpur', 175, 10, 'shivpur', 'Call Girls In Shivpur (Varanasi) With Real Number | Fookkat', 'Shivpur call girls, call girls Shivpur, call girl Shivpur', 'Find Shivpur call girls (Varanasi), now at Fookkat! India\'s first real call girl website. Over 100 India call girls advert posted 24/7.'),
(283, 'Sarnath', 175, 10, 'sarnath', 'Call Girls In Sarnath (Varanasi) With Real Number | Fookkat', 'Sarnath call girls, call girls Sarnath, call girl Sarnath', 'Find Sarnath call girls (Varanasi), now at Fookkat! India\'s first real call girl website. Over 100 India call girls advert posted 24/7.'),
(284, 'Ramnagar', 175, 10, 'ramnagar', 'Call Girls In Ramnagar (Varanasi) With Real Number | Fookkat', 'Ramnagar call girls, call girls Ramnagar, call girl Ramnagar', 'Find Ramnagar call girls (Varanasi), now at Fookkat! India\'s first real call girl website. Over 100 India call girls advert posted 24/7.'),
(285, 'Jhusi', 176, 10, 'jhusi', 'Call Girls In Jhusi (Allahabad) With Real Number | Fookkat', 'Jhusi call girls, call girls Jhusi, call girl Jhusi', 'Find Jhusi call girls (Allahabad), now at Fookkat! India\'s first real call girl website. Over 100 India call girls advert posted 24/7.'),
(286, 'Naini', 176, 10, 'naini', 'Call Girls In Naini (Allahabad) With Real Number | Fookkat', 'Naini call girls, call girls Naini, call girl Naini', 'Find Naini call girls (Allahabad), now at Fookkat! India\'s first real call girl website. Over 100 India call girls advert posted 24/7.'),
(287, 'Jhalwa', 176, 10, 'jhalwa', 'Call Girls In Jhalwa (Allahabad) With Real Number | Fookkat', 'Jhalwa call girls, call girls Jhalwa, call girl Jhalwa', 'Find Jhalwa call girls (Allahabad), now at Fookkat! India\'s first real call girl website. Over 100 India call girls advert posted 24/7.');

-- --------------------------------------------------------

--
-- Table structure for table `pages`
--

CREATE TABLE `pages` (
  `id` int NOT NULL,
  `page_title` varchar(255) COLLATE utf8mb4_general_ci DEFAULT NULL,
  `page_content` text COLLATE utf8mb4_general_ci,
  `meta_title` varchar(255) COLLATE utf8mb4_general_ci DEFAULT NULL,
  `meta_description` text COLLATE utf8mb4_general_ci,
  `meta_keywords` text COLLATE utf8mb4_general_ci
) ENGINE=InnoDB DEFAULT CHARSET=utf8mb4 COLLATE=utf8mb4_general_ci;

--
-- Dumping data for table `pages`
--

INSERT INTO `pages` (`id`, `page_title`, `page_content`, `meta_title`, `meta_description`, `meta_keywords`) VALUES
(2, 'Privacy', '<p><strong>Privacy Policy for Fokkat.com</strong></p>\r\n\r\n<p>Last Updated: 23-09-2023</p>\r\n\r\n<p>At Fokkat.com, we take your privacy seriously. This Privacy Policy outlines our practices regarding the collection, use, and disclosure of your personal information when you visit our website, use our services, or interact with us in any way. By accessing or using Fokkat.com, you agree to the terms outlined in this policy.</p>\r\n\r\n<h3>Information We Collect</h3>\r\n\r\n<p>We may collect personal information that you provide to us directly, including but not limited to:</p>\r\n\r\n<ul>\r\n	<li><strong>Contact Information:</strong>&nbsp;such as your name, email address, phone number, and postal address.</li>\r\n	<li><strong>Account Information:</strong>&nbsp;if you create an account with us, we may collect your username, password, and other account-related details.</li>\r\n	<li><strong>Payment Information:</strong>&nbsp;if you make a purchase on our website, we may collect payment details, including credit card information.</li>\r\n	<li><strong>User Content:</strong>&nbsp;any content you submit, post, or share on our platform, including comments, reviews, or other user-generated content.</li>\r\n	<li><strong>Communication Information:</strong>&nbsp;records of your correspondence with us, including emails, chat messages, and customer support interactions.</li>\r\n	<li><strong>Demographic Information:</strong>&nbsp;such as your age, gender, and location (optional).</li>\r\n</ul>\r\n\r\n<h3>Usage Information</h3>\r\n\r\n<p>We automatically collect certain information about your usage of our website and services, which may include:</p>\r\n\r\n<ul>\r\n	<li><strong>Log Data:</strong>&nbsp;information about your device and its interaction with our services, such as IP address, browser type, operating system, and referring URL.</li>\r\n	<li><strong>Analytics:</strong>&nbsp;data related to your activity on our website, such as pages viewed, search queries, and time spent on the site.</li>\r\n	<li><strong>Cookies and Similar Technologies:</strong>&nbsp;We may use cookies, web beacons, and other tracking technologies to collect information about your browsing behavior.</li>\r\n</ul>\r\n\r\n<h3>How We Use Your Information</h3>\r\n\r\n<p>We use the collected information for various purposes, including but not limited to:</p>\r\n\r\n<ul>\r\n	<li>Providing and improving our services.</li>\r\n	<li>Processing transactions and fulfilling orders.</li>\r\n	<li>Personalizing your experience on our website.</li>\r\n	<li>Communicating with you, including responding to inquiries and providing customer support.</li>\r\n	<li>Sending promotional and marketing materials if you have opted in to receive them.</li>\r\n	<li>Analyzing and understanding usage patterns to enhance our website and services.</li>\r\n	<li>Complying with legal obligations and protecting our rights.</li>\r\n</ul>\r\n\r\n<h3>Information Sharing and Disclosure</h3>\r\n\r\n<p>We may share your personal information in the following circumstances:</p>\r\n\r\n<ul>\r\n	<li>With trusted third-party service providers who assist us in delivering our services.</li>\r\n	<li>To comply with legal obligations, such as responding to legal requests or protecting against fraud.</li>\r\n	<li>In connection with the sale, merger, or acquisition of all or part of our company.</li>\r\n	<li>With your consent or as otherwise disclosed at the time of data collection.</li>\r\n</ul>\r\n\r\n<h3>Your Choices</h3>\r\n\r\n<p>You have the right to:</p>\r\n\r\n<ul>\r\n	<li>Access, update, or delete your personal information.</li>\r\n	<li>Opt out of receiving promotional communications.</li>\r\n	<li>Disable cookies in your web browser.</li>\r\n	<li>Review and update your privacy settings on our website.</li>\r\n</ul>\r\n\r\n<h3>Security</h3>\r\n\r\n<p>We employ reasonable security measures to protect your personal information, but no method of transmission over the internet is completely secure. We cannot guarantee the absolute security of your data.</p>\r\n\r\n<h3>Children&#39;s Privacy</h3>\r\n\r\n<p>Our services are not intended for individuals under the age of 18. If you are a parent or guardian and believe that your child has provided us with personal information, please contact us, and we will take steps to remove such information.</p>\r\n\r\n<h3>Changes to this Privacy Policy</h3>\r\n\r\n<p>We may update this Privacy Policy from time to time to reflect changes in our practices or for other operational, legal, or regulatory reasons. We will post the updated policy on our website with a revised &quot;Last Updated&quot; date.</p>\r\n\r\n<h3>Contact Us</h3>\r\n\r\n<p>If you have any questions, concerns, or requests regarding this Privacy Policy or the way we handle your personal information, please contact us at contact@fokkat.com.</p>\r\n\r\n<p>By using Fokkat.com, you consent to the practices described in this Privacy Policy. Please review this policy periodically for any updates or changes.</p>\r\n', 'privacy', 'privacy', 'privacy');

-- --------------------------------------------------------

--
-- Table structure for table `services`
--

CREATE TABLE `services` (
  `id` int NOT NULL,
  `service_name` varchar(300) COLLATE utf8mb4_general_ci NOT NULL
) ENGINE=InnoDB DEFAULT CHARSET=utf8mb4 COLLATE=utf8mb4_general_ci;

--
-- Dumping data for table `services`
--

INSERT INTO `services` (`id`, `service_name`) VALUES
(2, 'Blowjob'),
(3, 'Handjob'),
(4, 'Girlfriend Experience (GFE)'),
(5, 'Kissing'),
(6, 'Role Play'),
(7, 'Overnight Stays'),
(8, 'Cum on Face'),
(9, 'Cum in Mouth (CIM)'),
(10, '69 Position');

-- --------------------------------------------------------

--
-- Table structure for table `states`
--

CREATE TABLE `states` (
  `id` int NOT NULL,
  `state_name` varchar(255) COLLATE utf8mb4_general_ci DEFAULT NULL,
  `slug` varchar(255) COLLATE utf8mb4_general_ci NOT NULL
) ENGINE=InnoDB DEFAULT CHARSET=utf8mb4 COLLATE=utf8mb4_general_ci;

--
-- Dumping data for table `states`
--

INSERT INTO `states` (`id`, `state_name`, `slug`) VALUES
(1, 'Rajasthan', 'rajasthan'),
(2, 'Maharashtra', 'maharashtra'),
(3, 'Haryana', 'haryana'),
(4, 'Delhi', 'delhi'),
(6, 'Punjab', 'punjab'),
(7, 'Andhra Pradesh', 'andhra-pradesh'),
(9, 'Gujarat', 'gujarat'),
(10, 'Uttar Pradesh', 'uttar-pradesh'),
(11, 'Bihar', 'bihar'),
(12, 'Assam', 'assam'),
(13, 'Karnataka', 'karnataka'),
(15, 'West Bengal', 'west-bengal'),
(17, 'Jharkhand', 'jharkhand'),
(18, 'Tripura', 'tripura'),
(19, 'Manipur', 'manipur'),
(20, 'Mizoram', 'mizoram'),
(21, 'Goa', 'goa'),
(22, 'Kerala', 'kerala'),
(23, 'Himachal Pradesh', 'himachal-pradesh'),
(24, 'Tamil Nadu', 'tamil-nadu'),
(26, 'Madhya Pradesh', 'madhya-pradesh'),
(27, 'Chhattisgarh', 'chhattisgarh'),
(30, 'Odisha', 'odisha'),
(31, 'Telangana', 'telangana'),
(32, 'Uttarakhand', 'uttarakhand');

-- --------------------------------------------------------

--
-- Table structure for table `title`
--

CREATE TABLE `title` (
  `id` int NOT NULL,
  `title_name` varchar(255) COLLATE utf8mb4_general_ci NOT NULL
) ENGINE=InnoDB DEFAULT CHARSET=utf8mb4 COLLATE=utf8mb4_general_ci;

--
-- Dumping data for table `title`
--

INSERT INTO `title` (`id`, `title_name`) VALUES
(1, '{city} Call Girls Verified Photos and Genuine Service 24*7');

-- --------------------------------------------------------

--
-- Table structure for table `website_info`
--

CREATE TABLE `website_info` (
  `id` int NOT NULL,
  `website_name` varchar(255) COLLATE utf8mb4_general_ci NOT NULL,
  `email` varchar(255) COLLATE utf8mb4_general_ci NOT NULL,
  `fb_link` varchar(255) COLLATE utf8mb4_general_ci DEFAULT NULL,
  `insta_link` varchar(255) COLLATE utf8mb4_general_ci DEFAULT NULL,
  `short_about_us` text COLLATE utf8mb4_general_ci,
  `disclaimer` text COLLATE utf8mb4_general_ci,
  `copyright_title` varchar(255) COLLATE utf8mb4_general_ci DEFAULT NULL,
  `meta_description` text COLLATE utf8mb4_general_ci,
  `keywords` varchar(255) COLLATE utf8mb4_general_ci DEFAULT NULL
) ENGINE=InnoDB DEFAULT CHARSET=utf8mb4 COLLATE=utf8mb4_general_ci;

-- --------------------------------------------------------

--
-- Table structure for table `website_settings`
--

CREATE TABLE `website_settings` (
  `id` int NOT NULL,
  `website_name` varchar(255) COLLATE utf8mb4_general_ci DEFAULT NULL,
  `title` varchar(255) COLLATE utf8mb4_general_ci DEFAULT NULL,
  `meta_description` text COLLATE utf8mb4_general_ci,
  `keywords` text COLLATE utf8mb4_general_ci,
  `email` varchar(255) COLLATE utf8mb4_general_ci DEFAULT NULL,
  `fb_link` varchar(255) COLLATE utf8mb4_general_ci DEFAULT NULL,
  `insta_link` varchar(255) COLLATE utf8mb4_general_ci DEFAULT NULL,
  `short_about_us` text COLLATE utf8mb4_general_ci,
  `disclaimer` text COLLATE utf8mb4_general_ci,
  `copyright` varchar(255) COLLATE utf8mb4_general_ci DEFAULT NULL,
  `logo` varchar(255) COLLATE utf8mb4_general_ci DEFAULT NULL
) ENGINE=InnoDB DEFAULT CHARSET=utf8mb4 COLLATE=utf8mb4_general_ci;

--
-- Dumping data for table `website_settings`
--

INSERT INTO `website_settings` (`id`, `website_name`, `title`, `meta_description`, `keywords`, `email`, `fb_link`, `insta_link`, `short_about_us`, `disclaimer`, `copyright`, `logo`) VALUES
(1, 'FOKKAT', 'FOKKAT Escorts Classifieds', 'Do you want to get intimate with call girls and escorts? A superb way to enhance the levels of fun. ', 'call girls, escort service', 'info@fokkat.com', 'https://fb.com/', 'https://instagram.com/', 'The no. 1 website offers to post free adult Ads in India. Also in different categories such as female escorts and massage.', 'In addition to serving as a source of information, this website exists only for advertising. The individuals listed on the website are not associated with us, and none of the websites are responsible for us. Since we offer web services, we have never forged a connection with female escorts or the prostitute industry. By doing this, we expressly disclaim any liability for the information found on these websites. Whatever links, messages, or telephone conversations from these platforms or anyone visiting these websites are not our responsibility.', '© 2023 Fokkat.com | All Rights Reserved', NULL);

--
-- Indexes for table `ads`
--
ALTER TABLE `ads`
  ADD PRIMARY KEY (`id`),
  ADD KEY `city_id` (`city_id`),
  ADD KEY `state_id` (`state_id`);

--
-- Indexes for table `category`
--
ALTER TABLE `category`
  ADD PRIMARY KEY (`id`);

--
-- Indexes for table `city`
--
ALTER TABLE `city`
  ADD PRIMARY KEY (`id`),
  ADD UNIQUE KEY `city_name` (`city_name`),
  ADD KEY `state_id` (`state_id`);

--
-- Indexes for table `content`
--
ALTER TABLE `content`
  ADD PRIMARY KEY (`id`);

--
-- Indexes for table `india_top_location`
--
ALTER TABLE `india_top_location`
  ADD PRIMARY KEY (`id`),
  ADD KEY `city_id` (`city_id`),
  ADD KEY `state_id` (`state_id`);

--
-- Indexes for table `locality`
--
ALTER TABLE `locality`
  ADD PRIMARY KEY (`id`),
  ADD KEY `city_id` (`city_id`),
  ADD KEY `state_id` (`state_id`);

--
-- Indexes for table `pages`
--
ALTER TABLE `pages`
  ADD PRIMARY KEY (`id`);

--
-- Indexes for table `services`
--
ALTER TABLE `services`
  ADD PRIMARY KEY (`id`);

--
-- Indexes for table `states`
--
ALTER TABLE `states`
  ADD PRIMARY KEY (`id`),
  ADD UNIQUE KEY `state_name` (`state_name`);

--
-- Indexes for table `title`
--
ALTER TABLE `title`
  ADD PRIMARY KEY (`id`);

--
-- Indexes for table `website_info`
--
ALTER TABLE `website_info`
  ADD PRIMARY KEY (`id`);

--
-- Indexes for table `website_settings`
--
ALTER TABLE `website_settings`
  ADD PRIMARY KEY (`id`);

--
-- AUTO_INCREMENT for dumped tables
--

--
-- AUTO_INCREMENT for table `ads`
--
ALTER TABLE `ads`
  MODIFY `id` int NOT NULL AUTO_INCREMENT, AUTO_INCREMENT=151;

--
-- AUTO_INCREMENT for table `category`
--
ALTER TABLE `category`
  MODIFY `id` int NOT NULL AUTO_INCREMENT, AUTO_INCREMENT=11;

--
-- AUTO_INCREMENT for table `city`
--
ALTER TABLE `city`
  MODIFY `id` int NOT NULL AUTO_INCREMENT, AUTO_INCREMENT=212;

--
-- AUTO_INCREMENT for table `content`
--
ALTER TABLE `content`
  MODIFY `id` int NOT NULL AUTO_INCREMENT, AUTO_INCREMENT=2;

--
-- AUTO_INCREMENT for table `india_top_location`
--
ALTER TABLE `india_top_location`
  MODIFY `id` int NOT NULL AUTO_INCREMENT, AUTO_INCREMENT=12;

--
-- AUTO_INCREMENT for table `locality`
--
ALTER TABLE `locality`
  MODIFY `id` int NOT NULL AUTO_INCREMENT, AUTO_INCREMENT=288;

--
-- AUTO_INCREMENT for table `pages`
--
ALTER TABLE `pages`
  MODIFY `id` int NOT NULL AUTO_INCREMENT, AUTO_INCREMENT=3;

--
-- AUTO_INCREMENT for table `services`
--
ALTER TABLE `services`
  MODIFY `id` int NOT NULL AUTO_INCREMENT, AUTO_INCREMENT=11;

--
-- AUTO_INCREMENT for table `states`
--
ALTER TABLE `states`
  MODIFY `id` int NOT NULL AUTO_INCREMENT, AUTO_INCREMENT=33;

--
-- AUTO_INCREMENT for table `title`
--
ALTER TABLE `title`
  MODIFY `id` int NOT NULL AUTO_INCREMENT, AUTO_INCREMENT=2;

--
-- AUTO_INCREMENT for table `website_info`
--
ALTER TABLE `website_info`
  MODIFY `id` int NOT NULL AUTO_INCREMENT;

--
-- AUTO_INCREMENT for table `website_settings`
--
ALTER TABLE `website_settings`
  MODIFY `id` int NOT NULL AUTO_INCREMENT, AUTO_INCREMENT=2;

--
-- Constraints for dumped tables
--

--
-- Constraints for table `ads`
--
ALTER TABLE `ads`
  ADD CONSTRAINT `ads_ibfk_1` FOREIGN KEY (`city_id`) REFERENCES `city` (`id`),
  ADD CONSTRAINT `ads_ibfk_2` FOREIGN KEY (`state_id`) REFERENCES `states` (`id`);

--
-- Constraints for table `city`
--
ALTER TABLE `city`
  ADD CONSTRAINT `city_ibfk_1` FOREIGN KEY (`state_id`) REFERENCES `states` (`id`);

--
-- Constraints for table `india_top_location`
--
ALTER TABLE `india_top_location`
  ADD CONSTRAINT `india_top_location_ibfk_1` FOREIGN KEY (`city_id`) REFERENCES `city` (`id`),
  ADD CONSTRAINT `india_top_location_ibfk_2` FOREIGN KEY (`state_id`) REFERENCES `states` (`id`);

--
-- Constraints for table `locality`
--
ALTER TABLE `locality`
  ADD CONSTRAINT `locality_ibfk_1` FOREIGN KEY (`city_id`) REFERENCES `city` (`id`),
  ADD CONSTRAINT `locality_ibfk_2` FOREIGN KEY (`state_id`) REFERENCES `states` (`id`);
COMMIT;

