-- https://www.phpmyadmin.net/
--

START TRANSACTION;



--
-- Database: `diginspire_laravelecomm`
--

-- --------------------------------------------------------

--
-- Table structure for table `brands`
--

CREATE TABLE `brands` (
  `id` bigint UNSIGNED NOT NULL,
  `name` varchar(255) COLLATE utf8mb4_unicode_ci NOT NULL,
  `slug` varchar(255) COLLATE utf8mb4_unicode_ci NOT NULL,
  `status` enum('active','block') COLLATE utf8mb4_unicode_ci NOT NULL DEFAULT 'active',
  `created_at` timestamp NULL DEFAULT NULL,
  `updated_at` timestamp NULL DEFAULT NULL
) ENGINE=InnoDB DEFAULT CHARSET=utf8mb4 COLLATE=utf8mb4_unicode_ci;

--
-- Dumping data for table `brands`
--

INSERT INTO `brands` (`id`, `name`, `slug`, `status`, `created_at`, `updated_at`) VALUES
(1, 'Khaadi', 'khaadi', 'active', '2025-02-06 03:34:13', '2025-02-06 03:37:25'),
(2, 'J. (Junaid Jamshed)', 'junaid-jamshed', 'active', '2025-02-06 03:34:26', '2025-02-06 03:37:50'),
(3, 'Gul Ahmed', 'gul-ahmed', 'active', '2025-02-06 03:34:35', '2025-02-06 03:38:06'),
(4, 'Bonanza Satrangi', 'bonanza-satrangi', 'active', '2025-02-06 03:34:42', '2025-02-06 03:38:18'),
(5, 'Outfitters', 'outfitters', 'active', '2025-02-06 03:34:48', '2025-02-06 03:38:32'),
(6, 'Adidas', 'adidas', 'active', '2025-02-06 03:36:02', '2025-02-06 03:36:02'),
(7, 'Zara', 'zara', 'active', '2025-02-06 03:36:10', '2025-02-06 03:36:10'),
(8, 'Puma', 'puma', 'active', '2025-02-06 03:36:19', '2025-02-06 03:36:19'),
(9, 'Sapphire', 'sapphire', 'active', '2025-02-06 03:39:03', '2025-02-06 03:39:03'),
(10, 'Maria B', 'maria-b', 'active', '2025-02-06 03:39:08', '2025-02-06 03:39:08'),
(11, 'Bata', 'bata', 'active', '2025-02-06 03:39:17', '2025-02-06 03:39:17'),
(12, 'Hush Puppies', 'hush-puppies', 'active', '2025-02-06 03:39:23', '2025-02-06 03:39:23'),
(13, 'Alkaram', 'alkaram', 'active', '2025-02-06 03:39:44', '2025-02-06 03:39:44'),
(14, 'Sufi’s Jewels', 'sufis-jewels', 'active', '2025-02-06 03:39:54', '2025-02-06 03:39:54'),
(15, 'Vision Express', 'vision-express', 'active', '2025-02-06 03:40:11', '2025-02-06 03:40:11'),
(16, 'Gul Ahmed Opticals', 'gul-ahmed-opticals', 'active', '2025-02-06 03:40:17', '2025-02-06 03:40:17'),
(17, 'Eyewear', 'eyewear', 'active', '2025-02-06 03:40:31', '2025-02-06 03:40:31'),
(18, 'Essence', '', 'active', '2025-03-05 03:50:36', '2025-03-05 03:50:36'),
(19, 'Glamour Beauty', '', 'active', '2025-03-05 03:52:01', '2025-03-05 03:52:01'),
(20, 'Velvet Touch', '', 'active', '2025-03-05 03:52:01', '2025-03-05 03:52:01'),
(21, 'Chic Cosmetics', '', 'active', '2025-03-05 03:52:01', '2025-03-05 03:52:01'),
(22, 'Nail Couture', '', 'active', '2025-03-05 03:52:01', '2025-03-05 03:52:01'),
(23, 'Calvin Klein', '', 'active', '2025-03-05 03:52:01', '2025-03-05 03:52:01'),
(24, 'Chanel', '', 'active', '2025-03-05 03:52:02', '2025-03-05 03:52:02'),
(25, 'Dior', '', 'active', '2025-03-05 03:52:02', '2025-03-05 03:52:02'),
(26, 'Dolce & Gabbana', '', 'active', '2025-03-05 03:52:02', '2025-03-05 03:52:02'),
(27, 'Gucci', '', 'active', '2025-03-05 03:52:02', '2025-03-05 03:52:02'),
(28, 'Annibale Colombo', '', 'active', '2025-03-05 03:52:02', '2025-03-05 03:52:02'),
(29, 'Furniture Co.', '', 'active', '2025-03-05 03:52:02', '2025-03-05 03:52:02'),
(30, 'Knoll', '', 'active', '2025-03-05 03:52:02', '2025-03-05 03:52:02'),
(31, 'Bath Trends', '', 'active', '2025-03-05 03:52:03', '2025-03-05 03:52:03');

-- --------------------------------------------------------

--
-- Table structure for table `categories`
--

CREATE TABLE `categories` (
  `id` bigint UNSIGNED NOT NULL,
  `name` varchar(255) COLLATE utf8mb4_unicode_ci NOT NULL,
  `slug` varchar(255) COLLATE utf8mb4_unicode_ci NOT NULL,
  `status` enum('active','block') COLLATE utf8mb4_unicode_ci NOT NULL DEFAULT 'active',
  `image` varchar(255) COLLATE utf8mb4_unicode_ci DEFAULT NULL,
  `created_at` timestamp NULL DEFAULT NULL,
  `updated_at` timestamp NULL DEFAULT NULL
) ENGINE=InnoDB DEFAULT CHARSET=utf8mb4 COLLATE=utf8mb4_unicode_ci;

--
-- Dumping data for table `categories`
--

INSERT INTO `categories` (`id`, `name`, `slug`, `status`, `image`, `created_at`, `updated_at`) VALUES
(1, 'Men', 'men', 'active', NULL, '2025-02-06 03:24:02', '2025-02-06 03:24:02'),
(2, 'Women', 'women', 'active', NULL, '2025-02-06 03:24:15', '2025-02-06 03:24:15'),
(3, 'Bags', 'bags', 'active', NULL, '2025-02-06 03:24:22', '2025-02-06 03:24:22'),
(4, 'Clothing', 'clothing', 'active', NULL, '2025-02-06 03:24:32', '2025-02-06 03:24:32'),
(5, 'Shoes', 'shoes', 'active', NULL, '2025-02-06 03:24:39', '2025-02-06 03:24:39'),
(6, 'Accessories', 'accessories', 'active', NULL, '2025-02-06 03:24:50', '2025-02-06 03:24:50'),
(7, 'Kids', 'kids', 'active', NULL, '2025-02-06 03:24:56', '2025-02-06 03:24:56'),
(8, 'Jewelry', 'jewelry', 'active', NULL, '2025-02-06 03:25:41', '2025-02-06 03:25:41'),
(9, 'Earrings', 'earrings', 'active', NULL, '2025-02-06 03:25:53', '2025-02-06 03:25:53'),
(10, 'Couple Rings', 'couple-rings', 'active', NULL, '2025-02-06 03:26:05', '2025-02-06 03:26:05'),
(11, 'Necklace', 'necklace', 'active', NULL, '2025-02-06 03:26:16', '2025-02-06 03:26:16'),
(12, 'Perfume', 'perfume', 'active', NULL, '2025-02-06 03:26:25', '2025-02-06 03:26:25'),
(13, 'Cosmetics', 'cosmetics', 'active', NULL, '2025-02-06 03:26:53', '2025-02-06 03:26:53'),
(14, 'Glasses', 'glasses', 'active', NULL, '2025-02-06 03:27:17', '2025-02-06 03:27:17'),
(15, 'Shirt', 'shirt', 'active', NULL, '2025-02-06 03:27:34', '2025-02-06 03:27:34'),
(16, 'Shorts & Jeans', 'shorts-jeans', 'active', NULL, '2025-02-06 03:27:47', '2025-02-06 03:27:47'),
(17, 'Jacket', 'jacket', 'active', NULL, '2025-02-06 03:27:55', '2025-02-06 03:27:55'),
(18, 'Dress & Frock', 'dress-frock', 'active', NULL, '2025-02-06 03:28:08', '2025-02-06 03:28:08'),
(19, 'Sports', 'sports', 'active', NULL, '2025-02-06 03:28:18', '2025-02-06 03:28:18'),
(20, 'Formal', 'formal', 'active', NULL, '2025-02-06 03:28:25', '2025-02-06 03:28:25'),
(21, 'Casual', 'casual', 'active', NULL, '2025-02-06 03:28:34', '2025-02-06 03:28:34'),
(22, 'Wallet', 'wallet', 'active', NULL, '2025-02-06 03:29:09', '2025-02-06 03:29:09'),
(23, 'Bracelets', 'bracelets', 'active', NULL, '2025-02-06 03:29:32', '2025-02-06 03:29:32'),
(24, 'beauty', '', 'active', NULL, '2025-03-05 03:50:37', '2025-03-05 03:50:37'),
(25, 'fragrances', '', 'active', NULL, '2025-03-05 03:52:02', '2025-03-05 03:52:02'),
(26, 'furniture', '', 'active', NULL, '2025-03-05 03:52:02', '2025-03-05 03:52:02');

-- --------------------------------------------------------

--
-- Table structure for table `countries`
--

CREATE TABLE `countries` (
  `id` bigint UNSIGNED NOT NULL,
  `name` varchar(255) COLLATE utf8mb4_unicode_ci NOT NULL,
  `code` varchar(255) COLLATE utf8mb4_unicode_ci NOT NULL,
  `created_at` timestamp NULL DEFAULT NULL,
  `updated_at` timestamp NULL DEFAULT NULL
) ENGINE=InnoDB DEFAULT CHARSET=utf8mb4 COLLATE=utf8mb4_unicode_ci;

--
-- Dumping data for table `countries`
--

INSERT INTO `countries` (`id`, `name`, `code`, `created_at`, `updated_at`) VALUES
(1, 'United States', 'US', NULL, NULL),
(2, 'Canada', 'CA', NULL, NULL),
(3, 'Afghanistan', 'AF', NULL, NULL),
(4, 'Albania', 'AL', NULL, NULL),
(5, 'Algeria', 'DZ', NULL, NULL),
(6, 'American Samoa', 'AS', NULL, NULL),
(7, 'Andorra', 'AD', NULL, NULL),
(8, 'Angola', 'AO', NULL, NULL),
(9, 'Anguilla', 'AI', NULL, NULL),
(10, 'Antarctica', 'AQ', NULL, NULL),
(11, 'Antigua and/or Barbuda', 'AG', NULL, NULL),
(12, 'Argentina', 'AR', NULL, NULL),
(13, 'Armenia', 'AM', NULL, NULL),
(14, 'Aruba', 'AW', NULL, NULL),
(15, 'Australia', 'AU', NULL, NULL),
(16, 'Austria', 'AT', NULL, NULL),
(17, 'Azerbaijan', 'AZ', NULL, NULL),
(18, 'Bahamas', 'BS', NULL, NULL),
(19, 'Bahrain', 'BH', NULL, NULL),
(20, 'Bangladesh', 'BD', NULL, NULL),
(21, 'Barbados', 'BB', NULL, NULL),
(22, 'Belarus', 'BY', NULL, NULL),
(23, 'Belgium', 'BE', NULL, NULL),
(24, 'Belize', 'BZ', NULL, NULL),
(25, 'Benin', 'BJ', NULL, NULL),
(26, 'Bermuda', 'BM', NULL, NULL),
(27, 'Bhutan', 'BT', NULL, NULL),
(28, 'Bolivia', 'BO', NULL, NULL),
(29, 'Bosnia and Herzegovina', 'BA', NULL, NULL),
(30, 'Botswana', 'BW', NULL, NULL),
(31, 'Bouvet Island', 'BV', NULL, NULL),
(32, 'Brazil', 'BR', NULL, NULL),
(33, 'British lndian Ocean Territory', 'IO', NULL, NULL),
(34, 'Brunei Darussalam', 'BN', NULL, NULL),
(35, 'Bulgaria', 'BG', NULL, NULL),
(36, 'Burkina Faso', 'BF', NULL, NULL),
(37, 'Burundi', 'BI', NULL, NULL),
(38, 'Cambodia', 'KH', NULL, NULL),
(39, 'Cameroon', 'CM', NULL, NULL),
(40, 'Cape Verde', 'CV', NULL, NULL),
(41, 'Cayman Islands', 'KY', NULL, NULL),
(42, 'Central African Republic', 'CF', NULL, NULL),
(43, 'Chad', 'TD', NULL, NULL),
(44, 'Chile', 'CL', NULL, NULL),
(45, 'China', 'CN', NULL, NULL),
(46, 'Christmas Island', 'CX', NULL, NULL),
(47, 'Cocos (Keeling) Islands', 'CC', NULL, NULL),
(48, 'Colombia', 'CO', NULL, NULL),
(49, 'Comoros', 'KM', NULL, NULL),
(50, 'Congo', 'CG', NULL, NULL),
(51, 'Cook Islands', 'CK', NULL, NULL),
(52, 'Costa Rica', 'CR', NULL, NULL),
(53, 'Croatia (Hrvatska)', 'HR', NULL, NULL),
(54, 'Cuba', 'CU', NULL, NULL),
(55, 'Cyprus', 'CY', NULL, NULL),
(56, 'Czech Republic', 'CZ', NULL, NULL),
(57, 'Democratic Republic of Congo', 'CD', NULL, NULL),
(58, 'Denmark', 'DK', NULL, NULL),
(59, 'Djibouti', 'DJ', NULL, NULL),
(60, 'Dominica', 'DM', NULL, NULL),
(61, 'Dominican Republic', 'DO', NULL, NULL),
(62, 'East Timor', 'TP', NULL, NULL),
(63, 'Ecudaor', 'EC', NULL, NULL),
(64, 'Egypt', 'EG', NULL, NULL),
(65, 'El Salvador', 'SV', NULL, NULL),
(66, 'Equatorial Guinea', 'GQ', NULL, NULL),
(67, 'Eritrea', 'ER', NULL, NULL),
(68, 'Estonia', 'EE', NULL, NULL),
(69, 'Ethiopia', 'ET', NULL, NULL),
(70, 'Falkland Islands (Malvinas)', 'FK', NULL, NULL),
(71, 'Faroe Islands', 'FO', NULL, NULL),
(72, 'Fiji', 'FJ', NULL, NULL),
(73, 'Finland', 'FI', NULL, NULL),
(74, 'France', 'FR', NULL, NULL),
(75, 'France, Metropolitan', 'FX', NULL, NULL),
(76, 'French Guiana', 'GF', NULL, NULL),
(77, 'French Polynesia', 'PF', NULL, NULL),
(78, 'French Southern Territories', 'TF', NULL, NULL),
(79, 'Gabon', 'GA', NULL, NULL),
(80, 'Gambia', 'GM', NULL, NULL),
(81, 'Georgia', 'GE', NULL, NULL),
(82, 'Germany', 'DE', NULL, NULL),
(83, 'Ghana', 'GH', NULL, NULL),
(84, 'Gibraltar', 'GI', NULL, NULL),
(85, 'Greece', 'GR', NULL, NULL),
(86, 'Greenland', 'GL', NULL, NULL),
(87, 'Grenada', 'GD', NULL, NULL),
(88, 'Guadeloupe', 'GP', NULL, NULL),
(89, 'Guam', 'GU', NULL, NULL),
(90, 'Guatemala', 'GT', NULL, NULL),
(91, 'Guinea', 'GN', NULL, NULL),
(92, 'Guinea-Bissau', 'GW', NULL, NULL),
(93, 'Guyana', 'GY', NULL, NULL),
(94, 'Haiti', 'HT', NULL, NULL),
(95, 'Heard and Mc Donald Islands', 'HM', NULL, NULL),
(96, 'Honduras', 'HN', NULL, NULL),
(97, 'Hong Kong', 'HK', NULL, NULL),
(98, 'Hungary', 'HU', NULL, NULL),
(99, 'Iceland', 'IS', NULL, NULL),
(100, 'India', 'IN', NULL, NULL),
(101, 'Indonesia', 'ID', NULL, NULL),
(102, 'Iran (Islamic Republic of)', 'IR', NULL, NULL),
(103, 'Iraq', 'IQ', NULL, NULL),
(104, 'Ireland', 'IE', NULL, NULL),
(105, 'Israel', 'IL', NULL, NULL),
(106, 'Italy', 'IT', NULL, NULL),
(107, 'Ivory Coast', 'CI', NULL, NULL),
(108, 'Jamaica', 'JM', NULL, NULL),
(109, 'Japan', 'JP', NULL, NULL),
(110, 'Jordan', 'JO', NULL, NULL),
(111, 'Kazakhstan', 'KZ', NULL, NULL),
(112, 'Kenya', 'KE', NULL, NULL),
(113, 'Kiribati', 'KI', NULL, NULL),
(114, 'Korea, Democratic People\'s Republic of', 'KP', NULL, NULL),
(115, 'Korea, Republic of', 'KR', NULL, NULL),
(116, 'Kuwait', 'KW', NULL, NULL),
(117, 'Kyrgyzstan', 'KG', NULL, NULL),
(118, 'Lao People\'s Democratic Republic', 'LA', NULL, NULL),
(119, 'Latvia', 'LV', NULL, NULL),
(120, 'Lebanon', 'LB', NULL, NULL),
(121, 'Lesotho', 'LS', NULL, NULL),
(122, 'Liberia', 'LR', NULL, NULL),
(123, 'Libyan Arab Jamahiriya', 'LY', NULL, NULL),
(124, 'Liechtenstein', 'LI', NULL, NULL),
(125, 'Lithuania', 'LT', NULL, NULL),
(126, 'Luxembourg', 'LU', NULL, NULL),
(127, 'Macau', 'MO', NULL, NULL),
(128, 'Macedonia', 'MK', NULL, NULL),
(129, 'Madagascar', 'MG', NULL, NULL),
(130, 'Malawi', 'MW', NULL, NULL),
(131, 'Malaysia', 'MY', NULL, NULL),
(132, 'Maldives', 'MV', NULL, NULL),
(133, 'Mali', 'ML', NULL, NULL),
(134, 'Malta', 'MT', NULL, NULL),
(135, 'Marshall Islands', 'MH', NULL, NULL),
(136, 'Martinique', 'MQ', NULL, NULL),
(137, 'Mauritania', 'MR', NULL, NULL),
(138, 'Mauritius', 'MU', NULL, NULL),
(139, 'Mayotte', 'TY', NULL, NULL),
(140, 'Mexico', 'MX', NULL, NULL),
(141, 'Micronesia, Federated States of', 'FM', NULL, NULL),
(142, 'Moldova, Republic of', 'MD', NULL, NULL),
(143, 'Monaco', 'MC', NULL, NULL),
(144, 'Mongolia', 'MN', NULL, NULL),
(145, 'Montserrat', 'MS', NULL, NULL),
(146, 'Morocco', 'MA', NULL, NULL),
(147, 'Mozambique', 'MZ', NULL, NULL),
(148, 'Myanmar', 'MM', NULL, NULL),
(149, 'Namibia', 'NA', NULL, NULL),
(150, 'Nauru', 'NR', NULL, NULL),
(151, 'Nepal', 'NP', NULL, NULL),
(152, 'Netherlands', 'NL', NULL, NULL),
(153, 'Netherlands Antilles', 'AN', NULL, NULL),
(154, 'New Caledonia', 'NC', NULL, NULL),
(155, 'New Zealand', 'NZ', NULL, NULL),
(156, 'Nicaragua', 'NI', NULL, NULL),
(157, 'Niger', 'NE', NULL, NULL),
(158, 'Nigeria', 'NG', NULL, NULL),
(159, 'Niue', 'NU', NULL, NULL),
(160, 'Norfork Island', 'NF', NULL, NULL),
(161, 'Northern Mariana Islands', 'MP', NULL, NULL),
(162, 'Norway', 'NO', NULL, NULL),
(163, 'Oman', 'OM', NULL, NULL),
(164, 'Pakistan', 'PK', NULL, NULL),
(165, 'Palau', 'PW', NULL, NULL),
(166, 'Panama', 'PA', NULL, NULL),
(167, 'Papua New Guinea', 'PG', NULL, NULL),
(168, 'Paraguay', 'PY', NULL, NULL),
(169, 'Peru', 'PE', NULL, NULL),
(170, 'Philippines', 'PH', NULL, NULL),
(171, 'Pitcairn', 'PN', NULL, NULL),
(172, 'Poland', 'PL', NULL, NULL),
(173, 'Portugal', 'PT', NULL, NULL),
(174, 'Puerto Rico', 'PR', NULL, NULL),
(175, 'Qatar', 'QA', NULL, NULL),
(176, 'Republic of South Sudan', 'SS', NULL, NULL),
(177, 'Reunion', 'RE', NULL, NULL),
(178, 'Romania', 'RO', NULL, NULL),
(179, 'Russian Federation', 'RU', NULL, NULL),
(180, 'Rwanda', 'RW', NULL, NULL),
(181, 'Saint Kitts and Nevis', 'KN', NULL, NULL),
(182, 'Saint Lucia', 'LC', NULL, NULL),
(183, 'Saint Vincent and the Grenadines', 'VC', NULL, NULL),
(184, 'Samoa', 'WS', NULL, NULL),
(185, 'San Marino', 'SM', NULL, NULL),
(186, 'Sao Tome and Principe', 'ST', NULL, NULL),
(187, 'Saudi Arabia', 'SA', NULL, NULL),
(188, 'Senegal', 'SN', NULL, NULL),
(189, 'Serbia', 'RS', NULL, NULL),
(190, 'Seychelles', 'SC', NULL, NULL),
(191, 'Sierra Leone', 'SL', NULL, NULL),
(192, 'Singapore', 'SG', NULL, NULL),
(193, 'Slovakia', 'SK', NULL, NULL),
(194, 'Slovenia', 'SI', NULL, NULL),
(195, 'Solomon Islands', 'SB', NULL, NULL),
(196, 'Somalia', 'SO', NULL, NULL),
(197, 'South Africa', 'ZA', NULL, NULL),
(198, 'South Georgia South Sandwich Islands', 'GS', NULL, NULL),
(199, 'Spain', 'ES', NULL, NULL),
(200, 'Sri Lanka', 'LK', NULL, NULL),
(201, 'St. Helena', 'SH', NULL, NULL),
(202, 'St. Pierre and Miquelon', 'PM', NULL, NULL),
(203, 'Sudan', 'SD', NULL, NULL),
(204, 'Suriname', 'SR', NULL, NULL),
(205, 'Svalbarn and Jan Mayen Islands', 'SJ', NULL, NULL),
(206, 'Swaziland', 'SZ', NULL, NULL),
(207, 'Sweden', 'SE', NULL, NULL),
(208, 'Switzerland', 'CH', NULL, NULL),
(209, 'Syrian Arab Republic', 'SY', NULL, NULL),
(210, 'Taiwan', 'TW', NULL, NULL),
(211, 'Tajikistan', 'TJ', NULL, NULL),
(212, 'Tanzania, United Republic of', 'TZ', NULL, NULL),
(213, 'Thailand', 'TH', NULL, NULL),
(214, 'Togo', 'TG', NULL, NULL),
(215, 'Tokelau', 'TK', NULL, NULL),
(216, 'Tonga', 'TO', NULL, NULL),
(217, 'Trinidad and Tobago', 'TT', NULL, NULL),
(218, 'Tunisia', 'TN', NULL, NULL),
(219, 'Turkey', 'TR', NULL, NULL),
(220, 'Turkmenistan', 'TM', NULL, NULL),
(221, 'Turks and Caicos Islands', 'TC', NULL, NULL),
(222, 'Tuvalu', 'TV', NULL, NULL),
(223, 'Uganda', 'UG', NULL, NULL),
(224, 'Ukraine', 'UA', NULL, NULL),
(225, 'United Arab Emirates', 'AE', NULL, NULL),
(226, 'United Kingdom', 'GB', NULL, NULL),
(227, 'United States minor outlying islands', 'UM', NULL, NULL),
(228, 'Uruguay', 'UY', NULL, NULL),
(229, 'Uzbekistan', 'UZ', NULL, NULL),
(230, 'Vanuatu', 'VU', NULL, NULL),
(231, 'Vatican City State', 'VA', NULL, NULL),
(232, 'Venezuela', 'VE', NULL, NULL),
(233, 'Vietnam', 'VN', NULL, NULL),
(234, 'Virgin Islands (British)', 'VG', NULL, NULL),
(235, 'Virgin Islands (U.S.)', 'VI', NULL, NULL),
(236, 'Wallis and Futuna Islands', 'WF', NULL, NULL),
(237, 'Western Sahara', 'EH', NULL, NULL),
(238, 'Yemen', 'YE', NULL, NULL),
(239, 'Yugoslavia', 'YU', NULL, NULL),
(240, 'Zaire', 'ZR', NULL, NULL),
(241, 'Zambia', 'ZM', NULL, NULL),
(242, 'Zimbabwe', 'ZW', NULL, NULL);

-- --------------------------------------------------------

--
-- Table structure for table `customer_addresses`
--

CREATE TABLE `customer_addresses` (
  `id` bigint UNSIGNED NOT NULL,
  `user_id` bigint UNSIGNED NOT NULL,
  `first_name` varchar(255) COLLATE utf8mb4_unicode_ci NOT NULL,
  `last_name` varchar(255) COLLATE utf8mb4_unicode_ci NOT NULL,
  `email` varchar(255) COLLATE utf8mb4_unicode_ci NOT NULL,
  `phone` varchar(255) COLLATE utf8mb4_unicode_ci NOT NULL,
  `country_id` bigint UNSIGNED NOT NULL,
  `address` text COLLATE utf8mb4_unicode_ci NOT NULL,
  `apartment` varchar(255) COLLATE utf8mb4_unicode_ci DEFAULT NULL,
  `city` varchar(255) COLLATE utf8mb4_unicode_ci NOT NULL,
  `state` varchar(255) COLLATE utf8mb4_unicode_ci NOT NULL,
  `zip` varchar(255) COLLATE utf8mb4_unicode_ci NOT NULL,
  `note` text COLLATE utf8mb4_unicode_ci,
  `created_at` timestamp NULL DEFAULT NULL,
  `updated_at` timestamp NULL DEFAULT NULL
) ENGINE=InnoDB DEFAULT CHARSET=utf8mb4 COLLATE=utf8mb4_unicode_ci;

--
-- Dumping data for table `customer_addresses`
--

INSERT INTO `customer_addresses` (`id`, `user_id`, `first_name`, `last_name`, `email`, `phone`, `country_id`, `address`, `apartment`, `city`, `state`, `zip`, `note`, `created_at`, `updated_at`) VALUES
(3, 4, 'Dr. Camron', 'Miller', 'lonnie39@example.org', '3135925050', 1, '1234 Elm Street', 'Apt 567', 'new york', 'Los Angeles, CA 90001', '90001', NULL, '2025-03-04 11:57:01', '2025-03-04 11:57:01');

-- --------------------------------------------------------

--
-- Table structure for table `customer_reviews`
--

CREATE TABLE `customer_reviews` (
  `id` bigint UNSIGNED NOT NULL,
  `user_id` bigint UNSIGNED NOT NULL,
  `product_id` bigint UNSIGNED NOT NULL,
  `rating` int NOT NULL,
  `review_text` text COLLATE utf8mb4_unicode_ci NOT NULL,
  `approved` tinyint(1) NOT NULL DEFAULT '1',
  `created_at` timestamp NULL DEFAULT NULL,
  `updated_at` timestamp NULL DEFAULT NULL
) ENGINE=InnoDB DEFAULT CHARSET=utf8mb4 COLLATE=utf8mb4_unicode_ci;

--
-- Dumping data for table `customer_reviews`
--

INSERT INTO `customer_reviews` (`id`, `user_id`, `product_id`, `rating`, `review_text`, `approved`, `created_at`, `updated_at`) VALUES
(19, 4, 1, 5, 'testing', 1, '2025-11-18 10:28:14', '2025-11-18 10:28:14');

-- --------------------------------------------------------

--
-- Table structure for table `failed_jobs`
--

CREATE TABLE `failed_jobs` (
  `id` bigint UNSIGNED NOT NULL,
  `uuid` varchar(255) COLLATE utf8mb4_unicode_ci NOT NULL,
  `connection` text COLLATE utf8mb4_unicode_ci NOT NULL,
  `queue` text COLLATE utf8mb4_unicode_ci NOT NULL,
  `payload` longtext COLLATE utf8mb4_unicode_ci NOT NULL,
  `exception` longtext COLLATE utf8mb4_unicode_ci NOT NULL,
  `failed_at` timestamp NOT NULL DEFAULT CURRENT_TIMESTAMP
) ENGINE=InnoDB DEFAULT CHARSET=utf8mb4 COLLATE=utf8mb4_unicode_ci;

-- --------------------------------------------------------

--
-- Table structure for table `jobs`
--

CREATE TABLE `jobs` (
  `id` bigint UNSIGNED NOT NULL,
  `queue` varchar(255) COLLATE utf8mb4_unicode_ci NOT NULL,
  `payload` longtext COLLATE utf8mb4_unicode_ci NOT NULL,
  `attempts` tinyint UNSIGNED NOT NULL,
  `reserved_at` int UNSIGNED DEFAULT NULL,
  `available_at` int UNSIGNED NOT NULL,
  `created_at` int UNSIGNED NOT NULL
) ENGINE=InnoDB DEFAULT CHARSET=utf8mb4 COLLATE=utf8mb4_unicode_ci;

-- --------------------------------------------------------

--
-- Table structure for table `job_batches`
--

CREATE TABLE `job_batches` (
  `id` varchar(255) COLLATE utf8mb4_unicode_ci NOT NULL,
  `name` varchar(255) COLLATE utf8mb4_unicode_ci NOT NULL,
  `total_jobs` int NOT NULL,
  `pending_jobs` int NOT NULL,
  `failed_jobs` int NOT NULL,
  `failed_job_ids` longtext COLLATE utf8mb4_unicode_ci NOT NULL,
  `options` mediumtext COLLATE utf8mb4_unicode_ci,
  `cancelled_at` int DEFAULT NULL,
  `created_at` int NOT NULL,
  `finished_at` int DEFAULT NULL
) ENGINE=InnoDB DEFAULT CHARSET=utf8mb4 COLLATE=utf8mb4_unicode_ci;

-- --------------------------------------------------------

--
-- Table structure for table `migrations`
--

CREATE TABLE `migrations` (
  `id` int UNSIGNED NOT NULL,
  `migration` varchar(255) COLLATE utf8mb4_unicode_ci NOT NULL,
  `batch` int NOT NULL
) ENGINE=InnoDB DEFAULT CHARSET=utf8mb4 COLLATE=utf8mb4_unicode_ci;

--
-- Dumping data for table `migrations`
--

INSERT INTO `migrations` (`id`, `migration`, `batch`) VALUES
(1, '0001_01_01_000000_create_users_table', 1),
(2, '0001_01_01_000001_create_cache_table', 1),
(3, '0001_01_01_000002_create_jobs_table', 1),
(4, '2025_01_18_070037_create_categories_table', 1),
(5, '2025_01_18_110226_create_sub_categories_table', 1),
(6, '2025_01_19_122516_create_brands_table', 1),
(7, '2025_01_21_090916_create_products_table', 1),
(8, '2025_01_21_102418_create_product_categories_table', 1),
(9, '2025_01_21_115005_create_product_brands_table', 1),
(10, '2025_01_22_091208_create_product_images_table', 1),
(11, '2025_02_05_121315_create_whishlists_table', 1),
(12, '2025_02_08_073159_create_countries_table', 2),
(13, '2025_02_08_074008_create_customer_addresses_table', 3),
(14, '2025_02_08_095242_create_shippings_table', 4),
(15, '2025_02_08_102145_create_orders_table', 5),
(16, '2025_02_08_102313_create_order_items_table', 6),
(17, '2025_02_11_074037_alter_orders_table', 7),
(18, '2025_02_11_104202_create_personal_access_tokens_table', 8),
(19, '2025_03_05_124558_create_customer_reviews_table', 9);

-- --------------------------------------------------------

--
-- Table structure for table `orders`
--

CREATE TABLE `orders` (
  `id` bigint UNSIGNED NOT NULL,
  `user_id` bigint UNSIGNED NOT NULL,
  `subtotal` double NOT NULL,
  `shipping` double NOT NULL,
  `coupen_code` double DEFAULT NULL,
  `discount` double DEFAULT NULL,
  `grand_total` double NOT NULL,
  `payment_status` enum('paid','not paid') COLLATE utf8mb4_unicode_ci NOT NULL DEFAULT 'not paid',
  `status` enum('pending','shipped','delivered') COLLATE utf8mb4_unicode_ci NOT NULL DEFAULT 'pending',
  `first_name` varchar(255) COLLATE utf8mb4_unicode_ci NOT NULL,
  `last_name` varchar(255) COLLATE utf8mb4_unicode_ci NOT NULL,
  `email` varchar(255) COLLATE utf8mb4_unicode_ci NOT NULL,
  `phone` varchar(255) COLLATE utf8mb4_unicode_ci NOT NULL,
  `country_id` bigint UNSIGNED NOT NULL,
  `address` text COLLATE utf8mb4_unicode_ci NOT NULL,
  `apartment` varchar(255) COLLATE utf8mb4_unicode_ci DEFAULT NULL,
  `city` varchar(255) COLLATE utf8mb4_unicode_ci NOT NULL,
  `state` varchar(255) COLLATE utf8mb4_unicode_ci NOT NULL,
  `zip` varchar(255) COLLATE utf8mb4_unicode_ci NOT NULL,
  `note` text COLLATE utf8mb4_unicode_ci,
  `created_at` timestamp NULL DEFAULT NULL,
  `updated_at` timestamp NULL DEFAULT NULL
) ENGINE=InnoDB DEFAULT CHARSET=utf8mb4 COLLATE=utf8mb4_unicode_ci;

--
-- Dumping data for table `orders`
--

INSERT INTO `orders` (`id`, `user_id`, `subtotal`, `shipping`, `coupen_code`, `discount`, `grand_total`, `payment_status`, `status`, `first_name`, `last_name`, `email`, `phone`, `country_id`, `address`, `apartment`, `city`, `state`, `zip`, `note`, `created_at`, `updated_at`) VALUES
(1, 4, 60.9, 10, NULL, NULL, 70.9, 'paid', 'pending', 'Dr. Camron', 'Miller', 'lonnie39@example.org', '3135925050', 1, '1234 Elm Street', 'Apt 567', 'new york', 'Los Angeles, CA 90001', '90001', NULL, '2025-11-10 03:35:08', '2025-11-10 03:58:42'),
(2, 4, 165.28, 30, NULL, NULL, 195.28, 'not paid', 'pending', 'Dr. Camron', 'Miller', 'lonnie39@example.org', '3135925050', 1, '1234 Elm Street', 'Apt 567', 'new york', 'Los Angeles, CA 90001', '90001', NULL, '2025-11-28 03:54:41', '2025-11-28 03:54:41'),
(3, 4, 200, 10, NULL, NULL, 210, 'not paid', 'pending', 'Dr. Camron', 'Miller', 'lonnie39@example.org', '3135925050', 1, '1234 Elm Street', 'Apt 567', 'new york', 'Los Angeles, CA 90001', '90001', NULL, '2025-12-09 09:05:22', '2025-12-09 09:05:22'),
(4, 4, 200, 10, NULL, NULL, 210, 'paid', 'pending', 'Dr. Camron', 'Miller', 'lonnie39@example.org', '3135925050', 1, '1234 Elm Street', 'Apt 567', 'new york', 'Los Angeles, CA 90001', '90001', NULL, '2025-12-09 09:06:18', '2025-12-09 09:06:18');

-- --------------------------------------------------------

--
-- Table structure for table `order_items`
--

CREATE TABLE `order_items` (
  `id` bigint UNSIGNED NOT NULL,
  `order_id` bigint UNSIGNED NOT NULL,
  `product_id` bigint UNSIGNED NOT NULL,
  `name` varchar(255) COLLATE utf8mb4_unicode_ci NOT NULL,
  `qty` int NOT NULL,
  `price` double NOT NULL,
  `total` double NOT NULL,
  `created_at` timestamp NULL DEFAULT NULL,
  `updated_at` timestamp NULL DEFAULT NULL
) ENGINE=InnoDB DEFAULT CHARSET=utf8mb4 COLLATE=utf8mb4_unicode_ci;

--
-- Dumping data for table `order_items`
--

INSERT INTO `order_items` (`id`, `order_id`, `product_id`, `name`, `qty`, `price`, `total`, `created_at`, `updated_at`) VALUES
(1, 1, 4, 'Diagonal Textured Cap', 1, 60.9, 60.9, '2025-11-10 03:35:08', '2025-11-10 03:35:08'),
(2, 2, 4, 'Diagonal Textured Cap', 2, 60.9, 121.8, '2025-11-28 03:54:41', '2025-11-28 03:54:41'),
(3, 2, 3, 'Handball Spezial Shoes', 1, 43.48, 43.48, '2025-11-28 03:54:41', '2025-11-28 03:54:41'),
(4, 3, 1, 'Hooded thermal anorak', 1, 200, 200, '2025-12-09 09:05:22', '2025-12-09 09:05:22'),
(5, 4, 1, 'Hooded thermal anorak', 1, 200, 200, '2025-12-09 09:06:18', '2025-12-09 09:06:18');

-- --------------------------------------------------------

--
-- Table structure for table `products`
--

CREATE TABLE `products` (
  `id` bigint UNSIGNED NOT NULL,
  `title` varchar(255) COLLATE utf8mb4_unicode_ci NOT NULL,
  `slug` varchar(255) COLLATE utf8mb4_unicode_ci NOT NULL,
  `description` text COLLATE utf8mb4_unicode_ci,
  `price` double NOT NULL,
  `sale_price` double DEFAULT NULL,
  `user_id` bigint UNSIGNED NOT NULL,
  `is_featured` enum('yes','no') COLLATE utf8mb4_unicode_ci NOT NULL DEFAULT 'no',
  `sku` varchar(255) COLLATE utf8mb4_unicode_ci DEFAULT NULL,
  `barcode` varchar(255) COLLATE utf8mb4_unicode_ci DEFAULT NULL,
  `track_id` enum('yes','no') COLLATE utf8mb4_unicode_ci NOT NULL DEFAULT 'yes',
  `qty` int DEFAULT NULL,
  `status` enum('publish','draft') COLLATE utf8mb4_unicode_ci NOT NULL DEFAULT 'publish',
  `short_desc` text COLLATE utf8mb4_unicode_ci,
  `image` varchar(255) COLLATE utf8mb4_unicode_ci DEFAULT NULL,
  `created_at` timestamp NULL DEFAULT NULL,
  `updated_at` timestamp NULL DEFAULT NULL
) ENGINE=InnoDB DEFAULT CHARSET=utf8mb4 COLLATE=utf8mb4_unicode_ci;

--
-- Dumping data for table `products`
--

INSERT INTO `products` (`id`, `title`, `slug`, `description`, `price`, `sale_price`, `user_id`, `is_featured`, `sku`, `barcode`, `track_id`, `qty`, `status`, `short_desc`, `image`, `created_at`, `updated_at`) VALUES
(1, 'Hooded thermal anorak', 'hooded-thermal-anorak', '<p><span style=\"font-weight: 600;\">Nam tempus turpis at metus scelerisque placerat nulla deumantos solicitud felis. Pellentesque diam dolor, elementum etos lobortis des mollis ut risus. Sedcus faucibus an sullamcorper mattis drostique des commodo pharetras loremos.</span></p><h2 class=\"\" style=\"margin-right: 0px; margin-bottom: 12px; margin-left: 0px; line-height: 1.2; color: rgb(0, 0, 0);\"><font color=\"#111111\" face=\"Nunito Sans, sans-serif\"><span style=\"font-size: 20px;\">Products Infomation</span></font></h2><p class=\"\" style=\"margin-right: 0px; margin-bottom: 12px; margin-left: 0px; line-height: 1.2;\">A Pocket PC is a handheld computer, which features many of the same capabilities as a modern PC. These handy little devices allow individuals to retrieve and store e-mail messages, create a contact file, coordinate appointments, surf the internet, exchange text messages and more. Every product that is labeled as a Pocket PC must be accompanied with specific software to operate the unit and must feature a touchscreen and touchpad.<br>As is the case with any new technology product, the cost of a Pocket PC was substantial during it’s early release. For approximately $700.00, consumers could purchase one of top-of-the-line Pocket PCs in 2003. These days, customers are finding that prices have become much more reasonable now that the newness is wearing off. For approximately $350.00, a new Pocket PC can now be purchased.</p><h2 class=\"\" style=\"margin-right: 0px; margin-bottom: 12px; margin-left: 0px; line-height: 1.2; color: rgb(0, 0, 0);\"><font color=\"#111111\" face=\"Nunito Sans, sans-serif\"><span style=\"font-size: 20px;\">Material used</span></font></h2><p class=\"\" style=\"margin-right: 0px; margin-bottom: 12px; margin-left: 0px; line-height: 1.2;\">Polyester is deemed lower quality due to its none natural quality’s. Made from synthetic materials, not natural like wool. Polyester suits become creased easily and are known for not being breathable. Polyester suits tend to have a shine to them compared to wool and cotton suits, this can make the suit look cheap. The texture of velvet is luxurious and breathable. Velvet is a great choice for dinner party jacket and can be worn all year round.</p>', 270, 200, 1, 'no', 'SKU-20250206-67A47C1F69F0C', '486665209676', 'yes', 85, 'publish', 'Coat with quilted lining and an adjustable hood. Featuring long sleeves with adjustable cuff tabs, adjustable asymmetric hem with elastic side tabs and a front zip fastening with placket.', '1.png', '2025-02-06 03:59:28', '2025-12-09 09:06:18'),
(2, 'Piqué Biker Jacket', 'pique-biker-jacket', NULL, 67.24, 20, 1, 'no', 'SKU-20250206-66E', '690395970646', 'yes', 0, 'publish', NULL, '2.jpg', '2025-02-06 07:52:42', '2025-11-18 05:57:07'),
(3, 'Handball Spezial Shoes', 'handball-spezial-shoes', '<h2 class=\"\">A style embraced by football fans and fashionistas, done in suede.</h2><p>First introduced in 1979 for elite handball players, these shoes are now beloved for their classic style. This version is built with a suede upper for a supple feel. A soft gum rubber outsole keeps them true to their vintage roots.</p>', 43.48, NULL, 1, 'no', 'SKU-20250206-E3B', '645871421917', 'yes', 99, 'publish', 'Collegiate Navy / Clear Sky / Gum', '3.jpg', '2025-02-06 07:53:49', '2025-11-28 03:54:41'),
(4, 'Diagonal Textured Cap', 'diagonal-textured-cap', NULL, 60.9, NULL, 1, 'no', 'SKU-20250206-B09', '712668915834', 'yes', 98, 'publish', NULL, '4.jpg', '2025-02-06 07:55:02', '2025-11-28 03:54:41');

-- --------------------------------------------------------

--
-- Table structure for table `product_brands`
--

CREATE TABLE `product_brands` (
  `id` bigint UNSIGNED NOT NULL,
  `product_id` bigint UNSIGNED NOT NULL,
  `brand_id` bigint UNSIGNED NOT NULL,
  `created_at` timestamp NULL DEFAULT CURRENT_TIMESTAMP,
  `updated_at` timestamp NULL DEFAULT CURRENT_TIMESTAMP
) ENGINE=InnoDB DEFAULT CHARSET=utf8mb4 COLLATE=utf8mb4_unicode_ci;

--
-- Dumping data for table `product_brands`
--

INSERT INTO `product_brands` (`id`, `product_id`, `brand_id`, `created_at`, `updated_at`) VALUES
(1, 1, 3, NULL, NULL),
(2, 2, 2, NULL, NULL),
(3, 3, 6, NULL, NULL),
(4, 4, 2, NULL, NULL),
(5, 4, 5, NULL, NULL),
(39, 2, 6, '2025-11-18 12:29:52', '2025-11-18 12:29:52');

-- --------------------------------------------------------

--
-- Table structure for table `product_categories`
--

CREATE TABLE `product_categories` (
  `id` bigint UNSIGNED NOT NULL,
  `product_id` bigint UNSIGNED NOT NULL,
  `category_id` bigint UNSIGNED NOT NULL,
  `created_at` timestamp NULL DEFAULT NULL,
  `updated_at` timestamp NULL DEFAULT NULL
) ENGINE=InnoDB DEFAULT CHARSET=utf8mb4 COLLATE=utf8mb4_unicode_ci;

--
-- Dumping data for table `product_categories`
--

INSERT INTO `product_categories` (`id`, `product_id`, `category_id`, `created_at`, `updated_at`) VALUES
(1, 1, 4, NULL, NULL),
(2, 1, 1, NULL, NULL),
(3, 2, 21, NULL, NULL),
(4, 2, 4, NULL, NULL),
(5, 2, 1, NULL, NULL),
(6, 3, 1, NULL, NULL),
(7, 3, 5, NULL, NULL),
(9, 4, 4, NULL, NULL),
(10, 4, 20, NULL, NULL),
(11, 4, 17, NULL, NULL),
(12, 4, 1, NULL, NULL),
(46, 2, 6, NULL, NULL),
(47, 2, 3, NULL, NULL);

-- --------------------------------------------------------

--
-- Table structure for table `product_images`
--

CREATE TABLE `product_images` (
  `id` bigint UNSIGNED NOT NULL,
  `product_id` bigint UNSIGNED NOT NULL,
  `gallery` varchar(255) COLLATE utf8mb4_unicode_ci NOT NULL,
  `created_at` timestamp NULL DEFAULT NULL,
  `updated_at` timestamp NULL DEFAULT NULL
) ENGINE=InnoDB DEFAULT CHARSET=utf8mb4 COLLATE=utf8mb4_unicode_ci;

--
-- Dumping data for table `product_images`
--

INSERT INTO `product_images` (`id`, `product_id`, `gallery`, `created_at`, `updated_at`) VALUES
(1, 1, '1_1738832368_67a479f0c891c.png', '2025-02-06 03:59:28', '2025-02-06 03:59:28'),
(2, 1, '1_1738832368_67a479f0c9230.png', '2025-02-06 03:59:28', '2025-02-06 03:59:28'),
(3, 1, '1_1738832368_67a479f0c96dc.png', '2025-02-06 03:59:28', '2025-02-06 03:59:28'),
(4, 1, '1_1738832368_67a479f0c9a8b.png', '2025-02-06 03:59:29', '2025-02-06 03:59:29'),
(9, 3, '3_1738850621_67a4c13d3eca2.jpg', '2025-02-06 09:03:41', '2025-02-06 09:03:41'),
(10, 3, '3_1738850621_67a4c13d51384.jpg', '2025-02-06 09:03:41', '2025-02-06 09:03:41'),
(11, 3, '3_1738850621_67a4c13d57034.jpg', '2025-02-06 09:03:41', '2025-02-06 09:03:41');

-- --------------------------------------------------------

--
-- Table structure for table `sessions`
--

CREATE TABLE `sessions` (
  `id` varchar(255) COLLATE utf8mb4_unicode_ci NOT NULL,
  `user_id` bigint UNSIGNED DEFAULT NULL,
  `ip_address` varchar(45) COLLATE utf8mb4_unicode_ci DEFAULT NULL,
  `user_agent` text COLLATE utf8mb4_unicode_ci,
  `payload` longtext COLLATE utf8mb4_unicode_ci NOT NULL,
  `last_activity` int NOT NULL
) ENGINE=InnoDB DEFAULT CHARSET=utf8mb4 COLLATE=utf8mb4_unicode_ci;

--
-- Dumping data for table `sessions`
--

INSERT INTO `sessions` (`id`, `user_id`, `ip_address`, `user_agent`, `payload`, `last_activity`) VALUES
('0LTeyyTceWXA63Q5jur0tjO1XLyi7SiToyDAV4zT', NULL, '205.210.31.162', 'Hello from Palo Alto Networks, find out more about our scans in https://docs-cortex.paloaltonetworks.com/r/1/Cortex-Xpanse/Scanning-activity', 'YTozOntzOjY6Il90b2tlbiI7czo0MDoiVE1JcDN1b2lpckpVU1BOZnhlVTJMd1E1Z3ZqUDU1eWVuWm5GVTl6dSI7czo5OiJfcHJldmlvdXMiO2E6MTp7czozOiJ1cmwiO3M6MzE6Imh0dHBzOi8vZWNvbW1lcmNlLmRpZ2luc3BpcmUuaW4iO31zOjY6Il9mbGFzaCI7YToyOntzOjM6Im9sZCI7YTowOnt9czozOiJuZXciO2E6MDp7fX19', 1769475511),
('0QoVkyd1uTpSF6yQRYOWEHXB25wuJz57GK6kPRuH', NULL, '91.134.69.56', 'Mozilla/5.0 (X11; Ubuntu; Linux x86_64; rv:115.0) Gecko/20100101 Chrome/115.0.0.0 Safari/537.36', 'YTozOntzOjY6Il90b2tlbiI7czo0MDoicElxM0t2R0ZLcWpPVUdFcHZkQ0YxejUzT1Y0aWpPZk9yQmpwZjNleiI7czo5OiJfcHJldmlvdXMiO2E6MTp7czozOiJ1cmwiO3M6NDQ6Imh0dHBzOi8vZWNvbW1lcmNlLmRpZ2luc3BpcmUuaW4vbWFsZS1mYXNoaW9uIjt9czo2OiJfZmxhc2giO2E6Mjp7czozOiJvbGQiO2E6MDp7fXM6MzoibmV3IjthOjA6e319fQ==', 1771671473),
('0zv9bLTidivP9wGgoEhzqwFpNrv2ejHUPQjrDxmt', NULL, '107.172.58.36', 'Mozilla/5.0 (Macintosh; Intel Mac OS X 15_7_3) AppleWebKit/605.1.15 (KHTML, like Gecko) Version/26.0 Safari/605.1.15', 'YTozOntzOjY6Il90b2tlbiI7czo0MDoiWnFQMWR2TVBFVnFsM1pQRVFHYVFtT2hLRmdRdUM3eUgwcEdYOWhXMiI7czo5OiJfcHJldmlvdXMiO2E6MTp7czozOiJ1cmwiO3M6NDc6Imh0dHA6Ly93d3cuZWNvbW1lcmNlLmRpZ2luc3BpcmUuaW4vbWFsZS1mYXNoaW9uIjt9czo2OiJfZmxhc2giO2E6Mjp7czozOiJvbGQiO2E6MDp7fXM6MzoibmV3IjthOjA6e319fQ==', 1769863672),
('15Ot4OHLXwJHrdvzjGsOWg05QjNwak1yu5jLZqLq', NULL, '98.95.177.220', 'Mozilla/5.0 (Windows NT 10.0; Win64; x64) AppleWebKit/537.36 (KHTML, like Gecko) HeadlessChrome/131.0.0.0 Safari/537.36', 'YTozOntzOjY6Il90b2tlbiI7czo0MDoiTzhHM3BvVEhGbWcwelUwMnRIRkQ1bkZ3ZjZyOXNZcXBXVFJmRWhLYyI7czo5OiJfcHJldmlvdXMiO2E6MTp7czozOiJ1cmwiO3M6NDc6Imh0dHA6Ly93d3cuZWNvbW1lcmNlLmRpZ2luc3BpcmUuaW4vbWFsZS1mYXNoaW9uIjt9czo2OiJfZmxhc2giO2E6Mjp7czozOiJvbGQiO2E6MDp7fXM6MzoibmV3IjthOjA6e319fQ==', 1770144338),
('1DeUN0U8ARxcudsYAI1tzNkfWGgrNaVcWWyEQdpm', NULL, '66.132.153.117', 'Mozilla/5.0 (compatible; CensysInspect/1.1; +https://about.censys.io/)', 'YTozOntzOjY6Il90b2tlbiI7czo0MDoiUmJONnl2d25vSXp6ZnhnMnZ1MjZyUW1YY3Q2VVRIWTV4V2ZBTnF1ZyI7czo5OiJfcHJldmlvdXMiO2E6MTp7czozOiJ1cmwiO3M6MzU6Imh0dHBzOi8vd3d3LmVjb21tZXJjZS5kaWdpbnNwaXJlLmluIjt9czo2OiJfZmxhc2giO2E6Mjp7czozOiJvbGQiO2E6MDp7fXM6MzoibmV3IjthOjA6e319fQ==', 1771624964),
('1HPo13w9kONpyqi66PskpWreYRoMbXF1UnF8Lnbp', NULL, '167.94.138.35', 'Mozilla/5.0 (compatible; CensysInspect/1.1; +https://about.censys.io/)', 'YTozOntzOjY6Il90b2tlbiI7czo0MDoiV2dhQ0xuencyZ2k0VVNXU3pXcHdiVVB0VEV2NFR0QnI3YVhKcm50VCI7czo5OiJfcHJldmlvdXMiO2E6MTp7czozOiJ1cmwiO3M6MzQ6Imh0dHA6Ly93d3cuZWNvbW1lcmNlLmRpZ2luc3BpcmUuaW4iO31zOjY6Il9mbGFzaCI7YToyOntzOjM6Im9sZCI7YTowOnt9czozOiJuZXciO2E6MDp7fX19', 1772704130),
('1HSTfppynzELHuA7db8ma7mMphelHehR3QMAARlq', NULL, '98.87.115.128', 'Mozilla/5.0 (Macintosh; Intel Mac OS X 10.15; rv:141.0) Gecko/20100101 Firefox/141.0', 'YTozOntzOjY6Il90b2tlbiI7czo0MDoiWkVmOEhRQ21Wdnp5UmVZQTlqZ0wzWjdaMjJuTkpteGU4dHp1T3JteiI7czo5OiJfcHJldmlvdXMiO2E6MTp7czozOiJ1cmwiO3M6MzA6Imh0dHA6Ly9lY29tbWVyY2UuZGlnaW5zcGlyZS5pbiI7fXM6NjoiX2ZsYXNoIjthOjI6e3M6Mzoib2xkIjthOjA6e31zOjM6Im5ldyI7YTowOnt9fX0=', 1772231625),
('1Si2RMW8NNLBAoDijwNe67Ib1zDwKQLvxKkVVMgX', NULL, '205.210.31.58', '', 'YTozOntzOjY6Il90b2tlbiI7czo0MDoiM0VEZW9GNmZRYVRoeTRiS3l4MGdCcUtvNmhwbGpaWURhUzRQWjloUCI7czo5OiJfcHJldmlvdXMiO2E6MTp7czozOiJ1cmwiO3M6MzU6Imh0dHBzOi8vd3d3LmVjb21tZXJjZS5kaWdpbnNwaXJlLmluIjt9czo2OiJfZmxhc2giO2E6Mjp7czozOiJvbGQiO2E6MDp7fXM6MzoibmV3IjthOjA6e319fQ==', 1769415107),
('1wjN7vsBdmBJvLPOU2jACwZ4Vzhw4qg4Yep3LBAz', NULL, '108.131.35.204', 'Mozilla/5.0 (compatible; NetcraftSurveyAgent/1.0; +info@netcraft.com)', 'YTozOntzOjY6Il90b2tlbiI7czo0MDoiWjNIY0tyWjBTSGNnUXE0bmxWOGcxOUY4ZG5qRFphVVY4UTlLSkE2bSI7czo5OiJfcHJldmlvdXMiO2E6MTp7czozOiJ1cmwiO3M6MzU6Imh0dHBzOi8vd3d3LmVjb21tZXJjZS5kaWdpbnNwaXJlLmluIjt9czo2OiJfZmxhc2giO2E6Mjp7czozOiJvbGQiO2E6MDp7fXM6MzoibmV3IjthOjA6e319fQ==', 1770988384),
('2h5nkDhzYlzZYd7TixqGJHGqDoAcwGwAHRCxzgel', NULL, '162.142.125.220', 'Mozilla/5.0 (compatible; CensysInspect/1.1; +https://about.censys.io/)', 'YTozOntzOjY6Il90b2tlbiI7czo0MDoiMWlQU3pHak8xczVCUm9NeFZ3UHpnWml5aVZ0ZFJXYjFzcVVDam9LayI7czo5OiJfcHJldmlvdXMiO2E6MTp7czozOiJ1cmwiO3M6MzQ6Imh0dHA6Ly93d3cuZWNvbW1lcmNlLmRpZ2luc3BpcmUuaW4iO31zOjY6Il9mbGFzaCI7YToyOntzOjM6Im9sZCI7YTowOnt9czozOiJuZXciO2E6MDp7fX19', 1772704135),
('2LH4q3gjGg8vpJKcwm2RlrU2GDVoXF50ybdDoYtC', NULL, '204.76.203.25', 'Mozilla/5.0 (Windows NT 10.0; Win64; x64) AppleWebKit/537.36 (KHTML, like Gecko) Chrome/134.0.0.0 Safari/537.3', 'YTozOntzOjY6Il90b2tlbiI7czo0MDoiS2l6OTh0d01GN1laZkJjR0pkQ2hnSTNMdzVJalN2ME1hWG5jdDl1byI7czo5OiJfcHJldmlvdXMiO2E6MTp7czozOiJ1cmwiO3M6NDQ6Imh0dHBzOi8vZWNvbW1lcmNlLmRpZ2luc3BpcmUuaW4vbWFsZS1mYXNoaW9uIjt9czo2OiJfZmxhc2giO2E6Mjp7czozOiJvbGQiO2E6MDp7fXM6MzoibmV3IjthOjA6e319fQ==', 1769381108),
('3Q983WzIcsembgxLJLt1vqRmkabNkIQH2DimK5Ii', NULL, '66.132.153.143', 'Mozilla/5.0 (compatible; CensysInspect/1.1; +https://about.censys.io/)', 'YTozOntzOjY6Il90b2tlbiI7czo0MDoidzkwaWQxYTBUcnk1dVN4dWN0WDZmNTgxQXFkTlRsdDFTekJ3N2ZxTiI7czo5OiJfcHJldmlvdXMiO2E6MTp7czozOiJ1cmwiO3M6MzQ6Imh0dHA6Ly93d3cuZWNvbW1lcmNlLmRpZ2luc3BpcmUuaW4iO31zOjY6Il9mbGFzaCI7YToyOntzOjM6Im9sZCI7YTowOnt9czozOiJuZXciO2E6MDp7fX19', 1769760721),
('46vtYJDczygcvGmRXD44ZvvafRzBNBi5kGTiC7MR', NULL, '172.86.90.207', 'Mozilla/5.0 (X11; Ubuntu; Linux i686; rv:28.0) Gecko/20100101 Firefox/28.0', 'YTozOntzOjY6Il90b2tlbiI7czo0MDoiMFdVZERpazdSTXpoWXI5cHBRWW1xTGlvckFFTnJsalZTOUdxWUgzVCI7czo5OiJfcHJldmlvdXMiO2E6MTp7czozOiJ1cmwiO3M6NDc6Imh0dHA6Ly93d3cuZWNvbW1lcmNlLmRpZ2luc3BpcmUuaW4vbWFsZS1mYXNoaW9uIjt9czo2OiJfZmxhc2giO2E6Mjp7czozOiJvbGQiO2E6MDp7fXM6MzoibmV3IjthOjA6e319fQ==', 1771394662),
('4gHyqtCiWZPDLPi8NENGNaUu4BSOMKs2x6rF0DhO', NULL, '16.144.17.106', 'Mozilla/5.0 (Macintosh; Intel Mac OS X 10_13_6) AppleWebKit/605.1.15 (KHTML, like Gecko) Version/11.1.2 Safari/605.1.15', 'YTozOntzOjY6Il90b2tlbiI7czo0MDoiT01Xb3JlTzhIZDVNZUNHZHlwWHQ3UWxPb1hlN2F5c20xUVFwQUZVUyI7czo5OiJfcHJldmlvdXMiO2E6MTp7czozOiJ1cmwiO3M6MzQ6Imh0dHA6Ly93d3cuZWNvbW1lcmNlLmRpZ2luc3BpcmUuaW4iO31zOjY6Il9mbGFzaCI7YToyOntzOjM6Im9sZCI7YTowOnt9czozOiJuZXciO2E6MDp7fX19', 1772974558),
('4iSDb8LGkfu7ujCkj1gVAVYnuJHODkN5VIuRzt93', NULL, '204.76.203.25', 'Mozilla/5.0 (Windows NT 10.0; Win64; x64) AppleWebKit/537.36 (KHTML, like Gecko) Chrome/134.0.0.0 Safari/537.3', 'YTozOntzOjY6Il90b2tlbiI7czo0MDoiOVUybGxCMWU5RjlueUppSlhCMnhJWlNwTXVwYUtKQ1g4UHR4azFheCI7czo5OiJfcHJldmlvdXMiO2E6MTp7czozOiJ1cmwiO3M6NDQ6Imh0dHBzOi8vZWNvbW1lcmNlLmRpZ2luc3BpcmUuaW4vbWFsZS1mYXNoaW9uIjt9czo2OiJfZmxhc2giO2E6Mjp7czozOiJvbGQiO2E6MDp7fXM6MzoibmV3IjthOjA6e319fQ==', 1771185413),
('4ZyPKIW9eCXZmJoeWLhsQtUdlyCg05nQUTxDsOZR', NULL, '204.76.203.25', 'Mozilla/5.0 (Windows NT 10.0; Win64; x64) AppleWebKit/537.36 (KHTML, like Gecko) Chrome/134.0.0.0 Safari/537.3', 'YTozOntzOjY6Il90b2tlbiI7czo0MDoiVjlheDloczJhWlhQOGNZU2ZGa21NRjRESVJIdVJtc2N0b01aeEZwQiI7czo5OiJfcHJldmlvdXMiO2E6MTp7czozOiJ1cmwiO3M6MzE6Imh0dHBzOi8vZWNvbW1lcmNlLmRpZ2luc3BpcmUuaW4iO31zOjY6Il9mbGFzaCI7YToyOntzOjM6Im9sZCI7YTowOnt9czozOiJuZXciO2E6MDp7fX19', 1771185413),
('6pQE8uVnkEljxCMlkEthUtS7i51uVvg13PDwmf6z', NULL, '176.65.148.161', 'Mozilla/5.0 (compatible; Let\'s Encrypt validation server; +https://www.letsencrypt.org)', 'YToyOntzOjY6Il90b2tlbiI7czo0MDoiZ3hFR2dEaldnTE9Ya2xMMW1HRjZJOHZkcWE1Q1pBWldnRFd5dEFaTSI7czo2OiJfZmxhc2giO2E6Mjp7czozOiJvbGQiO2E6MDp7fXM6MzoibmV3IjthOjA6e319fQ==', 1772885382),
('6WX4QMUuiXbmn4E0vQGC9p54R3e0zi4lOXiNYH3r', NULL, '176.65.148.161', 'Mozilla/5.0 (compatible; Let\'s Encrypt validation server; +https://www.letsencrypt.org)', 'YToyOntzOjY6Il90b2tlbiI7czo0MDoiYU5jd3VGVW5GbTdRM0IyVmV0aW43QUpQOWxnZHE1Mm1yaU94ZGhHZCI7czo2OiJfZmxhc2giO2E6Mjp7czozOiJvbGQiO2E6MDp7fXM6MzoibmV3IjthOjA6e319fQ==', 1772885487),
('7xeKJC3kS1XgjFiHKIwFhVGb6Jg0681v9CE5lO2F', NULL, '198.235.24.58', 'Hello from Palo Alto Networks, find out more about our scans in https://docs-cortex.paloaltonetworks.com/r/1/Cortex-Xpanse/Scanning-activity', 'YTozOntzOjY6Il90b2tlbiI7czo0MDoicEdITHlIWVZzVkgyTnhqTnlUOWtFMHhaSHR5RkFtZ3QzYjVwcjFDRiI7czo5OiJfcHJldmlvdXMiO2E6MTp7czozOiJ1cmwiO3M6NDg6Imh0dHBzOi8vd3d3LmVjb21tZXJjZS5kaWdpbnNwaXJlLmluL21hbGUtZmFzaGlvbiI7fXM6NjoiX2ZsYXNoIjthOjI6e3M6Mzoib2xkIjthOjA6e31zOjM6Im5ldyI7YTowOnt9fX0=', 1770201115),
('8g9jzo19K3PpGqc8x89Nc5GTSFb8PZlKWjjn3mYj', NULL, '54.162.95.96', 'Mozilla/5.0 (Windows NT 10.0; Win64; x64) AppleWebKit/537.36 (KHTML, like Gecko) Chrome/103.0.0.0 Safari/537.36', 'YTozOntzOjY6Il90b2tlbiI7czo0MDoiZWxiUXJTYXY1a2s5QTB1QktKdlZSZ3dtSlFEVWdCVHVxZUU4TVNlViI7czo5OiJfcHJldmlvdXMiO2E6MTp7czozOiJ1cmwiO3M6MzU6Imh0dHBzOi8vd3d3LmVjb21tZXJjZS5kaWdpbnNwaXJlLmluIjt9czo2OiJfZmxhc2giO2E6Mjp7czozOiJvbGQiO2E6MDp7fXM6MzoibmV3IjthOjA6e319fQ==', 1771068700),
('9b7mnf5bvYJCLcITawi1ExsPpDdzqbl2coj9bDxg', NULL, '199.45.154.123', 'Mozilla/5.0 (compatible; CensysInspect/1.1; +https://about.censys.io/)', 'YTozOntzOjY6Il90b2tlbiI7czo0MDoiVEVaYmpkejJHb092OWVxTktSeDJycFB0WmNPNUtIN1RCcVJ5WVJRciI7czo5OiJfcHJldmlvdXMiO2E6MTp7czozOiJ1cmwiO3M6MzQ6Imh0dHA6Ly93d3cuZWNvbW1lcmNlLmRpZ2luc3BpcmUuaW4iO31zOjY6Il9mbGFzaCI7YToyOntzOjM6Im9sZCI7YTowOnt9czozOiJuZXciO2E6MDp7fX19', 1772152420),
('9DChRomGSjTrLjkIHT7zYMF5DWuk8W0i7DLImSLV', NULL, '54.195.15.72', 'Mozilla/5.0 (compatible; NetcraftSurveyAgent/1.0; +info@netcraft.com)', 'YTozOntzOjY6Il90b2tlbiI7czo0MDoiMmtadlVVNU41bTVEeVE0RXJiRm5yUlI5OE9SSXlUWG1kTHVXbTR0RSI7czo5OiJfcHJldmlvdXMiO2E6MTp7czozOiJ1cmwiO3M6MzQ6Imh0dHA6Ly93d3cuZWNvbW1lcmNlLmRpZ2luc3BpcmUuaW4iO31zOjY6Il9mbGFzaCI7YToyOntzOjM6Im9sZCI7YTowOnt9czozOiJuZXciO2E6MDp7fX19', 1772967286),
('9EMrUsHrGvwRl8e3l2F85k08utMUMn3QAJUYm2cm', NULL, '79.127.221.66', 'Mozilla/5.0 (Macintosh; Intel Mac OS X 10_15_7) AppleWebKit/537.36 (KHTML, like Gecko) Chrome/120.0.0.0 Safari/537.36', 'YTozOntzOjY6Il90b2tlbiI7czo0MDoiY0U2VEEzODBqMHpJVVQxbDVUbmh1RWU4c1pYQkY0cnZaYXQ0MjR6UyI7czo5OiJfcHJldmlvdXMiO2E6MTp7czozOiJ1cmwiO3M6MzU6Imh0dHBzOi8vd3d3LmVjb21tZXJjZS5kaWdpbnNwaXJlLmluIjt9czo2OiJfZmxhc2giO2E6Mjp7czozOiJvbGQiO2E6MDp7fXM6MzoibmV3IjthOjA6e319fQ==', 1770329414),
('AFDqfW9o8sAIF4sXYc9QE7kB1Bja7Dk3u8D1V3Xz', NULL, '136.113.160.40', 'Mozilla/5.0 (compatible; CMS-Checker/1.0; +https://example.com)', 'YTozOntzOjY6Il90b2tlbiI7czo0MDoibDdVa3NlaVVURVJMSFpKQkhha2szV3UyNHRvZXE2N3dSeHlsSUJPQSI7czo5OiJfcHJldmlvdXMiO2E6MTp7czozOiJ1cmwiO3M6MzQ6Imh0dHA6Ly93d3cuZWNvbW1lcmNlLmRpZ2luc3BpcmUuaW4iO31zOjY6Il9mbGFzaCI7YToyOntzOjM6Im9sZCI7YTowOnt9czozOiJuZXciO2E6MDp7fX19', 1772974596),
('afWHU5ccL9d2M6wFfNWloxBywxz6ZjYbsjzHXz51', NULL, '47.236.240.191', 'Mozilla/5.0 (Macintosh; Intel Mac OS X 10_14_6) AppleWebKit/537.36 (KHTML, like Gecko) Chrome/76.0.3809.132 Safari/537.36', 'YTozOntzOjY6Il90b2tlbiI7czo0MDoiTzJIRHAzWnQ5WjVNb2lzbERQZDdHQVdtSWZLTFNNWTZjVjAyMWpwOCI7czo5OiJfcHJldmlvdXMiO2E6MTp7czozOiJ1cmwiO3M6MzQ6Imh0dHA6Ly93d3cuZWNvbW1lcmNlLmRpZ2luc3BpcmUuaW4iO31zOjY6Il9mbGFzaCI7YToyOntzOjM6Im9sZCI7YTowOnt9czozOiJuZXciO2E6MDp7fX19', 1770403817),
('aqgjPI6T4Glk0E35UJL77wovfQmwVyXR8OlpurZ0', NULL, '205.210.31.198', 'Hello from Palo Alto Networks, find out more about our scans in https://docs-cortex.paloaltonetworks.com/r/1/Cortex-Xpanse/Scanning-activity', 'YTozOntzOjY6Il90b2tlbiI7czo0MDoiQVNrajFjTWEzampjek50dzhDTGNFVlpKYmYzU2E5RjZWSVFDWHNYUSI7czo5OiJfcHJldmlvdXMiO2E6MTp7czozOiJ1cmwiO3M6MzU6Imh0dHBzOi8vd3d3LmVjb21tZXJjZS5kaWdpbnNwaXJlLmluIjt9czo2OiJfZmxhc2giO2E6Mjp7czozOiJvbGQiO2E6MDp7fXM6MzoibmV3IjthOjA6e319fQ==', 1769539173),
('AxmDBS58vs2HL7OgBtfN1YCNZ6DQ6W1kDkHudzjy', NULL, '204.76.203.25', 'Mozilla/5.0 (Windows NT 10.0; Win64; x64) AppleWebKit/537.36 (KHTML, like Gecko) Chrome/134.0.0.0 Safari/537.3', 'YTozOntzOjY6Il90b2tlbiI7czo0MDoiT1NkeEtmSGF1a1RyVzZiWks2dk5xWFhpZmx2RnQ2VUJKV0FFb3lrVCI7czo5OiJfcHJldmlvdXMiO2E6MTp7czozOiJ1cmwiO3M6NDQ6Imh0dHBzOi8vZWNvbW1lcmNlLmRpZ2luc3BpcmUuaW4vbWFsZS1mYXNoaW9uIjt9czo2OiJfZmxhc2giO2E6Mjp7czozOiJvbGQiO2E6MDp7fXM6MzoibmV3IjthOjA6e319fQ==', 1771633449),
('BeqXPjGtxakSQ5AdmZtKnG8sxlyzLJNUGYr0ltug', NULL, '54.229.181.169', 'Mozilla/5.0 (compatible; NetcraftSurveyAgent/1.0; +info@netcraft.com)', 'YTozOntzOjY6Il90b2tlbiI7czo0MDoiaWs1dkczQ1JnVnlxWXVCZE9jSVN0WEQyQU5UMDlxM2ZDOXNaMUxXcSI7czo5OiJfcHJldmlvdXMiO2E6MTp7czozOiJ1cmwiO3M6NDc6Imh0dHA6Ly93d3cuZWNvbW1lcmNlLmRpZ2luc3BpcmUuaW4vbWFsZS1mYXNoaW9uIjt9czo2OiJfZmxhc2giO2E6Mjp7czozOiJvbGQiO2E6MDp7fXM6MzoibmV3IjthOjA6e319fQ==', 1770669832),
('bGrGggWZEPdMOyLMMKuJ0YwNodk13d3oPzq6lGGO', NULL, '74.7.227.34', 'Mozilla/5.0 AppleWebKit/537.36 (KHTML, like Gecko; compatible; GPTBot/1.3; +https://openai.com/gptbot)', 'YTozOntzOjY6Il90b2tlbiI7czo0MDoiS01MVjFMM3hMVExJNmFDbDVHYWRySWNNclFzYXJuY2FhcmZrUlFwQiI7czo5OiJfcHJldmlvdXMiO2E6MTp7czozOiJ1cmwiO3M6NDg6Imh0dHBzOi8vd3d3LmVjb21tZXJjZS5kaWdpbnNwaXJlLmluL21hbGUtZmFzaGlvbiI7fXM6NjoiX2ZsYXNoIjthOjI6e3M6Mzoib2xkIjthOjA6e31zOjM6Im5ldyI7YTowOnt9fX0=', 1770269441),
('BoDV6h7FaRv4ccpvYy1Cc6dHtuobOqRABdk9eFUn', NULL, '198.235.24.152', 'Hello from Palo Alto Networks, find out more about our scans in https://docs-cortex.paloaltonetworks.com/r/1/Cortex-Xpanse/Scanning-activity', 'YTozOntzOjY6Il90b2tlbiI7czo0MDoiVmhLUXMzNWhOUlg1YXNONVM5NlFNcTVYbjFkQXpxYjh5cGp3UWlrcyI7czo5OiJfcHJldmlvdXMiO2E6MTp7czozOiJ1cmwiO3M6MzE6Imh0dHBzOi8vZWNvbW1lcmNlLmRpZ2luc3BpcmUuaW4iO31zOjY6Il9mbGFzaCI7YToyOntzOjM6Im9sZCI7YTowOnt9czozOiJuZXciO2E6MDp7fX19', 1769867063),
('bpNEUkqremmkymmryXghlTxCmJLK2t53kbkjOGon', NULL, '34.206.74.121', 'Mozilla/5.0 (Windows NT 10.0; Win64; x64) AppleWebKit/537.36 (KHTML, like Gecko) Chrome/138.0.7204.97 Safari/537.36', 'YTozOntzOjY6Il90b2tlbiI7czo0MDoiOG5UNlJ0NmtBdHJ5ZEo0QkU1YWpJTnV1S0RmeFRIYlpRb05zNVA0diI7czo5OiJfcHJldmlvdXMiO2E6MTp7czozOiJ1cmwiO3M6MzU6Imh0dHBzOi8vd3d3LmVjb21tZXJjZS5kaWdpbnNwaXJlLmluIjt9czo2OiJfZmxhc2giO2E6Mjp7czozOiJvbGQiO2E6MDp7fXM6MzoibmV3IjthOjA6e319fQ==', 1770281833),
('bq7tWC3u9XA3R9ZbVkNk7zLstOMXf9tYTxCzpZLC', NULL, '185.177.72.56', 'curl/8.7.1', 'YTozOntzOjY6Il90b2tlbiI7czo0MDoiVkZpTm9xRHFpSWVFaHdGMldBRkgyczZuajBEbk1Fb0tORlRaUzFxViI7czo5OiJfcHJldmlvdXMiO2E6MTp7czozOiJ1cmwiO3M6MzA6Imh0dHA6Ly9lY29tbWVyY2UuZGlnaW5zcGlyZS5pbiI7fXM6NjoiX2ZsYXNoIjthOjI6e3M6Mzoib2xkIjthOjA6e31zOjM6Im5ldyI7YTowOnt9fX0=', 1773138452),
('C6GF19dMJ4yTOndI2gN2d4vnevdXsJN98qnwSfa5', NULL, '98.83.57.80', 'Mozilla/5.0 (Macintosh; Intel Mac OS X 10_15_7) AppleWebKit/537.36 (KHTML, like Gecko) Chrome/128.0.0.0 Safari/537.36', 'YTozOntzOjY6Il90b2tlbiI7czo0MDoiUVB6OG9QUlZGMmRDZXp0Y0tzNWEyQ2F6QUVTQzNGM0E5VWdmb2lveCI7czo5OiJfcHJldmlvdXMiO2E6MTp7czozOiJ1cmwiO3M6NDc6Imh0dHA6Ly93d3cuZWNvbW1lcmNlLmRpZ2luc3BpcmUuaW4vbWFsZS1mYXNoaW9uIjt9czo2OiJfZmxhc2giO2E6Mjp7czozOiJvbGQiO2E6MDp7fXM6MzoibmV3IjthOjA6e319fQ==', 1771856781),
('C9WYeDwYytICJv5qS2nUG4SYVRvrmBLvdUixNrgF', NULL, '165.245.182.42', 'Mozilla/5.0 (Windows NT 10.0; Win64; x64) AppleWebKit/537.36 (KHTML, like Gecko) Chrome/79.0 Safari/537.36', 'YTozOntzOjY6Il90b2tlbiI7czo0MDoiU2ZxZmxxMEZ2ZFBmWDJ0bmJUVkFoZnZLWW9zZG5aSFc0STg5dmg1NCI7czo5OiJfcHJldmlvdXMiO2E6MTp7czozOiJ1cmwiO3M6NDM6Imh0dHA6Ly9lY29tbWVyY2UuZGlnaW5zcGlyZS5pbi9tYWxlLWZhc2hpb24iO31zOjY6Il9mbGFzaCI7YToyOntzOjM6Im9sZCI7YTowOnt9czozOiJuZXciO2E6MDp7fX19', 1771842400),
('cds9RRvJAdFlbXcxHKvo3WupfeWN3Yq1vFDI85o9', NULL, '123.6.49.10', 'Mozilla/5.0 (Macintosh; Intel Mac OS X 10_15_7) AppleWebKit/537.36 (KHTML, like Gecko) Chrome/120.0.0.0 Safari/537.36 Edg/120.0.0.0', 'YTozOntzOjY6Il90b2tlbiI7czo0MDoiWkc3ZjM4cjIzQUdyT3BWUk5jMjVkRE1HUVJJbm5lMmEzbW5mT2VNMyI7czo5OiJfcHJldmlvdXMiO2E6MTp7czozOiJ1cmwiO3M6Mzc6Imh0dHA6Ly93d3cuZWNvbW1lcmNlLmRpZ2luc3BpcmUuaW46ODEiO31zOjY6Il9mbGFzaCI7YToyOntzOjM6Im9sZCI7YTowOnt9czozOiJuZXciO2E6MDp7fX19', 1771562677),
('CgSGbJMVygrLabH15GjFF91oyYrXZjgq8V5q4bm3', NULL, '74.7.243.210', 'Mozilla/5.0 AppleWebKit/537.36 (KHTML, like Gecko; compatible; GPTBot/1.3; +https://openai.com/gptbot)', 'YTozOntzOjY6Il90b2tlbiI7czo0MDoia25rZzVGaUp5VXV0Vm9iU1N3TEJIQWY0cmtBcFVPNTJrMENrb2Y3ayI7czo5OiJfcHJldmlvdXMiO2E6MTp7czozOiJ1cmwiO3M6NDg6Imh0dHBzOi8vd3d3LmVjb21tZXJjZS5kaWdpbnNwaXJlLmluL21hbGUtZmFzaGlvbiI7fXM6NjoiX2ZsYXNoIjthOjI6e3M6Mzoib2xkIjthOjA6e31zOjM6Im5ldyI7YTowOnt9fX0=', 1771323579),
('cKDnD4pnJffQQQxORjZx8KgrUnLdZ77rh0w0mnLr', NULL, '35.226.99.235', 'Mozilla/5.0 (compatible; CMS-Checker/1.0; +https://example.com)', 'YTozOntzOjY6Il90b2tlbiI7czo0MDoiVGJsczJyeERweWVESkdzaUZFTlNRZmNHb3pGcGt3bmdpa1RNQUQwSiI7czo5OiJfcHJldmlvdXMiO2E6MTp7czozOiJ1cmwiO3M6MzQ6Imh0dHA6Ly93d3cuZWNvbW1lcmNlLmRpZ2luc3BpcmUuaW4iO31zOjY6Il9mbGFzaCI7YToyOntzOjM6Im9sZCI7YTowOnt9czozOiJuZXciO2E6MDp7fX19', 1769356905),
('cUnfBej1j2jdmPmzNwbKmHXk3BLvRCqk7H0QA96A', NULL, '54.86.115.253', 'RecordedFuture Global Inventory Crawler', 'YTozOntzOjY6Il90b2tlbiI7czo0MDoiOUpKS1RZVVp2RDRYcTc5RzJoSjFId253cUY0SmJDSzdBNHZrd2JvRCI7czo5OiJfcHJldmlvdXMiO2E6MTp7czozOiJ1cmwiO3M6NDg6Imh0dHBzOi8vd3d3LmVjb21tZXJjZS5kaWdpbnNwaXJlLmluL21hbGUtZmFzaGlvbiI7fXM6NjoiX2ZsYXNoIjthOjI6e3M6Mzoib2xkIjthOjA6e31zOjM6Im5ldyI7YTowOnt9fX0=', 1771162563),
('CYRBJ71Vf5tYpuAM0doTe6omcLl6qp6Lczhvy0Fq', NULL, '72.11.155.223', 'Mozilla/5.0 (Macintosh; Intel Mac OS X 15_7_3) AppleWebKit/605.1.15 (KHTML, like Gecko) Version/26.0 Safari/605.1.15', 'YTozOntzOjY6Il90b2tlbiI7czo0MDoieG5MakVYWmtHdjhRVXRYTmROaWt4MXppVWRhMzNPWW9uMDB5eGJsVCI7czo5OiJfcHJldmlvdXMiO2E6MTp7czozOiJ1cmwiO3M6NDc6Imh0dHA6Ly93d3cuZWNvbW1lcmNlLmRpZ2luc3BpcmUuaW4vbWFsZS1mYXNoaW9uIjt9czo2OiJfZmxhc2giO2E6Mjp7czozOiJvbGQiO2E6MDp7fXM6MzoibmV3IjthOjA6e319fQ==', 1770362114),
('DAamdXKdKtDgyX3IodvCEVgc6qMBByaVM1cUftFO', NULL, '64.23.228.42', 'Mozilla/5.0 (X11; Linux x86_64) AppleWebKit/537.36 (KHTML, like Gecko) Chrome/142.0.0.0 Safari/537.36', 'YTozOntzOjY6Il90b2tlbiI7czo0MDoiZnprVVF5NTI1RjRWMlFmeHBTRW1pZjB6UWtycHlMYVk0Y25rSHBidyI7czo5OiJfcHJldmlvdXMiO2E6MTp7czozOiJ1cmwiO3M6MzA6Imh0dHA6Ly9lY29tbWVyY2UuZGlnaW5zcGlyZS5pbiI7fXM6NjoiX2ZsYXNoIjthOjI6e3M6Mzoib2xkIjthOjA6e31zOjM6Im5ldyI7YTowOnt9fX0=', 1771497536),
('dHSddQmCme8FPi5qQGfwMSqkmMRGqUVduzi2aBkY', NULL, '64.23.228.42', 'Mozilla/5.0 (X11; Linux x86_64; rv:142.0) Gecko/20100101 Firefox/142.0', 'YTozOntzOjY6Il90b2tlbiI7czo0MDoieHFwRTBLYTBrbWpscnRjS0JzeVhhMDlyRnNiUWE4aXFtRVFjaFh6YiI7czo5OiJfcHJldmlvdXMiO2E6MTp7czozOiJ1cmwiO3M6NDQ6Imh0dHBzOi8vZWNvbW1lcmNlLmRpZ2luc3BpcmUuaW4vbWFsZS1mYXNoaW9uIjt9czo2OiJfZmxhc2giO2E6Mjp7czozOiJvbGQiO2E6MDp7fXM6MzoibmV3IjthOjA6e319fQ==', 1771497540),
('DLj7REF3OYFqB5BiGXQ4E4cJr4lilWfazjzi6C81', NULL, '205.210.31.182', 'Hello from Palo Alto Networks, find out more about our scans in https://docs-cortex.paloaltonetworks.com/r/1/Cortex-Xpanse/Scanning-activity', 'YTozOntzOjY6Il90b2tlbiI7czo0MDoiVlI0YUVzM0pyaEFvOE9saUFkR0tGVnQ1TU1YaDcyeW95NnVVU2xDTyI7czo5OiJfcHJldmlvdXMiO2E6MTp7czozOiJ1cmwiO3M6MzU6Imh0dHBzOi8vd3d3LmVjb21tZXJjZS5kaWdpbnNwaXJlLmluIjt9czo2OiJfZmxhc2giO2E6Mjp7czozOiJvbGQiO2E6MDp7fXM6MzoibmV3IjthOjA6e319fQ==', 1769534440),
('DPwYKI5JxdfxUYrxDoW5b7TNx76pQSOWYugIRWWf', NULL, '167.94.146.56', 'Mozilla/5.0 (compatible; CensysInspect/1.1; +https://about.censys.io/)', 'YTozOntzOjY6Il90b2tlbiI7czo0MDoidDdSZUlDRVY0SE5UT3BqSFhDcHdXQmtvVktHek9STG5YSnBnOHVYTiI7czo5OiJfcHJldmlvdXMiO2E6MTp7czozOiJ1cmwiO3M6NDc6Imh0dHA6Ly93d3cuZWNvbW1lcmNlLmRpZ2luc3BpcmUuaW4vbWFsZS1mYXNoaW9uIjt9czo2OiJfZmxhc2giO2E6Mjp7czozOiJvbGQiO2E6MDp7fXM6MzoibmV3IjthOjA6e319fQ==', 1771012979),
('DQnSZB3zZ6u2tHZSAQLGtxPWCEqvwazVprJ5GW5W', NULL, '3.20.201.240', 'air.ai/scanning Mozilla/5.0 (Macintosh; Intel Mac OS X 10_15_7) Chrome/126.0.0.0 Safari/537.36', 'YTozOntzOjY6Il90b2tlbiI7czo0MDoiNHduM3Zib25jNkNCNml4YzRFRGJEMm1uVVhOZWd6bmZ4UUh2alBlNSI7czo5OiJfcHJldmlvdXMiO2E6MTp7czozOiJ1cmwiO3M6MzA6Imh0dHA6Ly9lY29tbWVyY2UuZGlnaW5zcGlyZS5pbiI7fXM6NjoiX2ZsYXNoIjthOjI6e3M6Mzoib2xkIjthOjA6e31zOjM6Im5ldyI7YTowOnt9fX0=', 1769876469),
('e8ElrkFfPy8L8qFK2YDJvaWQLx03rMPR8tS9pBVz', NULL, '204.76.203.25', 'Mozilla/5.0 (Windows NT 10.0; Win64; x64) AppleWebKit/537.36 (KHTML, like Gecko) Chrome/134.0.0.0 Safari/537.3', 'YTozOntzOjY6Il90b2tlbiI7czo0MDoiM1BtTjZsdWU2dkp6UnlWQlVBd1h3a3JSVzZJbjNlRE9jT1ZnS204RCI7czo5OiJfcHJldmlvdXMiO2E6MTp7czozOiJ1cmwiO3M6MzE6Imh0dHBzOi8vZWNvbW1lcmNlLmRpZ2luc3BpcmUuaW4iO31zOjY6Il9mbGFzaCI7YToyOntzOjM6Im9sZCI7YTowOnt9czozOiJuZXciO2E6MDp7fX19', 1771633449),
('EabTjsOnz8hHLL86TWwotDfISXE2LJdcVF0YiQTH', NULL, '204.76.203.25', 'Mozilla/5.0 (Windows NT 10.0; Win64; x64) AppleWebKit/537.36 (KHTML, like Gecko) Chrome/134.0.0.0 Safari/537.3', 'YTozOntzOjY6Il90b2tlbiI7czo0MDoiNHNNRjA0OTB4ZmZRUmhRdUZ1SzlHTlZuTHhtTGUxVDVweXF3ZVU2YyI7czo5OiJfcHJldmlvdXMiO2E6MTp7czozOiJ1cmwiO3M6NDQ6Imh0dHBzOi8vZWNvbW1lcmNlLmRpZ2luc3BpcmUuaW4vbWFsZS1mYXNoaW9uIjt9czo2OiJfZmxhc2giO2E6Mjp7czozOiJvbGQiO2E6MDp7fXM6MzoibmV3IjthOjA6e319fQ==', 1770605847),
('eD9gSBeB7yjECEQmXFIMi0u2EELVgkQTO3eOMYCH', NULL, '136.117.199.30', 'Mozilla/5.0 (compatible; CMS-Checker/1.0; +https://example.com)', 'YTozOntzOjY6Il90b2tlbiI7czo0MDoiRktYZjJIdnM5dmtjQ2RyTVNUVm5CQjRWUHlCeUNzbVhGWndwblJYRSI7czo5OiJfcHJldmlvdXMiO2E6MTp7czozOiJ1cmwiO3M6MzQ6Imh0dHA6Ly93d3cuZWNvbW1lcmNlLmRpZ2luc3BpcmUuaW4iO31zOjY6Il9mbGFzaCI7YToyOntzOjM6Im9sZCI7YTowOnt9czozOiJuZXciO2E6MDp7fX19', 1772965411),
('eElCJiFzWUVtmGvY4s820HOKRwMEo2oPV02yfjq2', NULL, '98.95.177.220', 'Mozilla/5.0 (Windows NT 10.0; Win64; x64) AppleWebKit/537.36 (KHTML, like Gecko) HeadlessChrome/131.0.0.0 Safari/537.36', 'YTozOntzOjY6Il90b2tlbiI7czo0MDoiOHA3OXg0VVg4azczMjMxMHd0OWdqSDB1NndvWjdBdVJVZGZJYnFReCI7czo5OiJfcHJldmlvdXMiO2E6MTp7czozOiJ1cmwiO3M6MzQ6Imh0dHA6Ly93d3cuZWNvbW1lcmNlLmRpZ2luc3BpcmUuaW4iO31zOjY6Il9mbGFzaCI7YToyOntzOjM6Im9sZCI7YTowOnt9czozOiJuZXciO2E6MDp7fX19', 1770144338),
('eQioKJxicrpjo751Hx6EM24Wv6Det1ylSdQlv7fX', NULL, '104.168.98.195', 'Mozilla/5.0 (Macintosh; Intel Mac OS X 15_7_3) AppleWebKit/605.1.15 (KHTML, like Gecko) Version/26.0 Safari/605.1.15', 'YTozOntzOjY6Il90b2tlbiI7czo0MDoiVlBTbHlDWXQ0bXhlSENTbHZPdVVlZHJZR2xwWlBvaHE5b3k1dnpmbiI7czo5OiJfcHJldmlvdXMiO2E6MTp7czozOiJ1cmwiO3M6MzQ6Imh0dHA6Ly93d3cuZWNvbW1lcmNlLmRpZ2luc3BpcmUuaW4iO31zOjY6Il9mbGFzaCI7YToyOntzOjM6Im9sZCI7YTowOnt9czozOiJuZXciO2E6MDp7fX19', 1772876234),
('ERFi7AYHcyapX1bz9fkLaqQAleAzutUKLeVimvTO', NULL, '198.235.24.10', 'Hello from Palo Alto Networks, find out more about our scans in https://docs-cortex.paloaltonetworks.com/r/1/Cortex-Xpanse/Scanning-activity', 'YTozOntzOjY6Il90b2tlbiI7czo0MDoiZ2dhbmc5azFIYzRQcURoRG1DSmZrZWpSVFkwMzRYMWlIeU9wcW9GMyI7czo5OiJfcHJldmlvdXMiO2E6MTp7czozOiJ1cmwiO3M6NDg6Imh0dHBzOi8vd3d3LmVjb21tZXJjZS5kaWdpbnNwaXJlLmluL21hbGUtZmFzaGlvbiI7fXM6NjoiX2ZsYXNoIjthOjI6e3M6Mzoib2xkIjthOjA6e31zOjM6Im5ldyI7YTowOnt9fX0=', 1771320246),
('FFLk6epeOlHZp7LCEZqdUXamvIRdrmD6fiUEk2sW', NULL, '185.247.137.191', 'Mozilla/5.0 (compatible; InternetMeasurement/1.0; +https://internet-measurement.com/)', 'YTozOntzOjY6Il90b2tlbiI7czo0MDoiYllzRzREOTgwUHZxajdHZmJ0MUFYaWZnVjlrV0ZiaUhTazI5MkhQQiI7czo5OiJfcHJldmlvdXMiO2E6MTp7czozOiJ1cmwiO3M6NDg6Imh0dHBzOi8vd3d3LmVjb21tZXJjZS5kaWdpbnNwaXJlLmluL21hbGUtZmFzaGlvbiI7fXM6NjoiX2ZsYXNoIjthOjI6e3M6Mzoib2xkIjthOjA6e31zOjM6Im5ldyI7YTowOnt9fX0=', 1771612960),
('FN5JrryyBAPTdsdHyc1gIpWarfeS6741NAf0XM7W', NULL, '95.173.220.89', 'Mozilla/5.0 (Macintosh; Intel Mac OS X 10_15_7) AppleWebKit/537.36 (KHTML, like Gecko) Chrome/120.0.0.0 Safari/537.36', 'YTozOntzOjY6Il90b2tlbiI7czo0MDoidGlLbVJvOGV2a0pZaU9uZllKZ3c0UWFKZ1FGREdyaHNSVVJhNUEyQSI7czo5OiJfcHJldmlvdXMiO2E6MTp7czozOiJ1cmwiO3M6NDc6Imh0dHA6Ly93d3cuZWNvbW1lcmNlLmRpZ2luc3BpcmUuaW4vbWFsZS1mYXNoaW9uIjt9czo2OiJfZmxhc2giO2E6Mjp7czozOiJvbGQiO2E6MDp7fXM6MzoibmV3IjthOjA6e319fQ==', 1770378168),
('fRkUmwo9NgSbWVfIgZvc5LIjOHioMDdSbA41Y27Y', NULL, '185.247.137.191', 'Mozilla/5.0 (compatible; InternetMeasurement/1.0; +https://internet-measurement.com/)', 'YTozOntzOjY6Il90b2tlbiI7czo0MDoiQUtsZE0yYnJkQWdWZU16cnJLOWM3aXo1ZDJmZVhTdlVxMzBQekRkQSI7czo5OiJfcHJldmlvdXMiO2E6MTp7czozOiJ1cmwiO3M6MzU6Imh0dHBzOi8vd3d3LmVjb21tZXJjZS5kaWdpbnNwaXJlLmluIjt9czo2OiJfZmxhc2giO2E6Mjp7czozOiJvbGQiO2E6MDp7fXM6MzoibmV3IjthOjA6e319fQ==', 1771612960),
('fsiOypaurWCxHlpjmALWx8RROtLpUuGlqZoKeNxp', NULL, '185.247.137.195', 'Mozilla/5.0 (compatible; InternetMeasurement/1.0; +https://internet-measurement.com/)', 'YTozOntzOjY6Il90b2tlbiI7czo0MDoiN0NwZFBncWlURmxJSnpOQkVmWXNBdWhFZ2ZiSHd6Zks2SXlLdHQ1ViI7czo5OiJfcHJldmlvdXMiO2E6MTp7czozOiJ1cmwiO3M6Mzk6Imh0dHBzOi8vd3d3LmVjb21tZXJjZS5kaWdpbnNwaXJlLmluOjQ0NCI7fXM6NjoiX2ZsYXNoIjthOjI6e3M6Mzoib2xkIjthOjA6e31zOjM6Im5ldyI7YTowOnt9fX0=', 1771631620),
('fsrbEm5dkYmnz4Ivs3cOgtEkuTBGlm3Caw1yw2gq', NULL, '54.86.115.253', 'RecordedFuture Global Inventory Crawler', 'YTozOntzOjY6Il90b2tlbiI7czo0MDoia0JzS1NCTjhUTmRxMkk2RHZxenNCbHpHM1VIanhZRXUxek5tQnp0aCI7czo5OiJfcHJldmlvdXMiO2E6MTp7czozOiJ1cmwiO3M6MzU6Imh0dHBzOi8vd3d3LmVjb21tZXJjZS5kaWdpbnNwaXJlLmluIjt9czo2OiJfZmxhc2giO2E6Mjp7czozOiJvbGQiO2E6MDp7fXM6MzoibmV3IjthOjA6e319fQ==', 1771162554),
('FtrUewLW4o6RUwbsF8X5lbOm4hhgfNhUuYT5YjnL', NULL, '147.185.132.222', 'Hello from Palo Alto Networks, find out more about our scans in https://docs-cortex.paloaltonetworks.com/r/1/Cortex-Xpanse/Scanning-activity', 'YTozOntzOjY6Il90b2tlbiI7czo0MDoiZ3ZpUHM1WFJFdXpCYWs5TW4yaWsxN0JUQ1ExSGdpT3cxc21ZdW54MiI7czo5OiJfcHJldmlvdXMiO2E6MTp7czozOiJ1cmwiO3M6MzU6Imh0dHBzOi8vd3d3LmVjb21tZXJjZS5kaWdpbnNwaXJlLmluIjt9czo2OiJfZmxhc2giO2E6Mjp7czozOiJvbGQiO2E6MDp7fXM6MzoibmV3IjthOjA6e319fQ==', 1770983134),
('FYnnGTeXvUGVxACLInKqb9uAeiVGvSGoN8ytDxw7', NULL, '198.235.24.58', 'Hello from Palo Alto Networks, find out more about our scans in https://docs-cortex.paloaltonetworks.com/r/1/Cortex-Xpanse/Scanning-activity', 'YTozOntzOjY6Il90b2tlbiI7czo0MDoiTXR1QWlMaVFzVmdEcGRhcGRKc1pmWHZUYzJ6MzdsNjdxNnc3S3FYVCI7czo5OiJfcHJldmlvdXMiO2E6MTp7czozOiJ1cmwiO3M6MzU6Imh0dHBzOi8vd3d3LmVjb21tZXJjZS5kaWdpbnNwaXJlLmluIjt9czo2OiJfZmxhc2giO2E6Mjp7czozOiJvbGQiO2E6MDp7fXM6MzoibmV3IjthOjA6e319fQ==', 1770201114),
('geWQ7DQDb6J8wvtdhiEzk6p7jAXjB3kc83weK8q5', NULL, '95.173.220.89', 'Mozilla/5.0 (Macintosh; Intel Mac OS X 10_15_7) AppleWebKit/537.36 (KHTML, like Gecko) Chrome/114.0.0.0 Safari/537.36', 'YTozOntzOjY6Il90b2tlbiI7czo0MDoiTnRRRlZIMlk1VnhreHd5ZVNnb3hHcXlqZzl3QUJPUTJPV1dlV1psOCI7czo5OiJfcHJldmlvdXMiO2E6MTp7czozOiJ1cmwiO3M6NDc6Imh0dHA6Ly93d3cuZWNvbW1lcmNlLmRpZ2luc3BpcmUuaW4vbWFsZS1mYXNoaW9uIjt9czo2OiJfZmxhc2giO2E6Mjp7czozOiJvbGQiO2E6MDp7fXM6MzoibmV3IjthOjA6e319fQ==', 1770247605),
('GJCUIRDxYtKbfavHpjaQeraoYnZU4gHvkhDErQjL', NULL, '205.210.31.42', 'Hello from Palo Alto Networks, find out more about our scans in https://docs-cortex.paloaltonetworks.com/r/1/Cortex-Xpanse/Scanning-activity', 'YTozOntzOjY6Il90b2tlbiI7czo0MDoiR0ljTVZhbHUxdnduMGd3Z2I2M3ZCdmVJR0dFUVRCcEc4NGh2aE9obiI7czo5OiJfcHJldmlvdXMiO2E6MTp7czozOiJ1cmwiO3M6MzU6Imh0dHBzOi8vd3d3LmVjb21tZXJjZS5kaWdpbnNwaXJlLmluIjt9czo2OiJfZmxhc2giO2E6Mjp7czozOiJvbGQiO2E6MDp7fXM6MzoibmV3IjthOjA6e319fQ==', 1769840581),
('GpLUQu0FteRKhKeLfGek92CLVyLELhyeIxN2wK3v', NULL, '198.235.24.10', 'Hello from Palo Alto Networks, find out more about our scans in https://docs-cortex.paloaltonetworks.com/r/1/Cortex-Xpanse/Scanning-activity', 'YTozOntzOjY6Il90b2tlbiI7czo0MDoiNnhOYzZ0OExHc2dCZDVid2JvcDl2RVZkT0VOZGNHVm5kbVpuVzBQSCI7czo5OiJfcHJldmlvdXMiO2E6MTp7czozOiJ1cmwiO3M6MzU6Imh0dHBzOi8vd3d3LmVjb21tZXJjZS5kaWdpbnNwaXJlLmluIjt9czo2OiJfZmxhc2giO2E6Mjp7czozOiJvbGQiO2E6MDp7fXM6MzoibmV3IjthOjA6e319fQ==', 1771320245),
('GVg41T2YHOjWtxllGFIv3qCfVGohyEiPegnspEvx', NULL, '176.65.132.217', 'Mozilla/5.0 (X11; Linux x86_64; rv:133.0) Gecko/20100101 Firefox/133.0', 'YTozOntzOjY6Il90b2tlbiI7czo0MDoiUFhCeVVIbWFkTm92eTJYS1dSaHpvYmJHOVFVeEloMk5DY3V5bnpVSSI7czo5OiJfcHJldmlvdXMiO2E6MTp7czozOiJ1cmwiO3M6NDc6Imh0dHA6Ly9lY29tbWVyY2UuZGlnaW5zcGlyZS5pbi9wdWJsaWMvaW5kZXgucGhwIjt9czo2OiJfZmxhc2giO2E6Mjp7czozOiJvbGQiO2E6MDp7fXM6MzoibmV3IjthOjA6e319fQ==', 1771787628),
('GXMSPKanx3eTcxiZNU7KHegHAwzrID1uAfDhzTKk', NULL, '35.80.16.60', 'Mozilla/5.0 (compatible; wpbot/1.4; +https://forms.gle/ajBaxygz9jSR8p8G9)', 'YTozOntzOjY6Il90b2tlbiI7czo0MDoiUmg1bnZWT1FEZkc4MmtoREU5Y0ZvajZPODRiYXFRR0FoQk96VHcxQyI7czo5OiJfcHJldmlvdXMiO2E6MTp7czozOiJ1cmwiO3M6MzE6Imh0dHBzOi8vZWNvbW1lcmNlLmRpZ2luc3BpcmUuaW4iO31zOjY6Il9mbGFzaCI7YToyOntzOjM6Im9sZCI7YTowOnt9czozOiJuZXciO2E6MDp7fX19', 1773135368),
('haMw3jySoqQDsINbYOsiSs4ZIyctBzg8TBqyD2vB', NULL, '104.131.176.114', 'Mozilla/5.0 (Macintosh; Intel Mac OS X 10_15_7) AppleWebKit/537.36 (KHTML, like Gecko) Chrome/136.0.0.0 Safari/537.36', 'YTozOntzOjY6Il90b2tlbiI7czo0MDoiNmNLTG9rOEFsZ2g0TkpoRG1JTlMyWEZYenBtR1RxYW00aUtiREhuRiI7czo5OiJfcHJldmlvdXMiO2E6MTp7czozOiJ1cmwiO3M6NDQ6Imh0dHBzOi8vZWNvbW1lcmNlLmRpZ2luc3BpcmUuaW4vbWFsZS1mYXNoaW9uIjt9czo2OiJfZmxhc2giO2E6Mjp7czozOiJvbGQiO2E6MDp7fXM6MzoibmV3IjthOjA6e319fQ==', 1769252379),
('hqvODjrjHOGglctwmWwW9Vezk0Gtm79XDcDGuEZF', NULL, '66.132.153.117', 'Mozilla/5.0 (compatible; CensysInspect/1.1; +https://about.censys.io/)', 'YTozOntzOjY6Il90b2tlbiI7czo0MDoiMG96WFJrb0JYZENXUzFtSnoxYUg0UnNnRGhBYWhvQVFCbENYSEtFSCI7czo5OiJfcHJldmlvdXMiO2E6MTp7czozOiJ1cmwiO3M6NDg6Imh0dHBzOi8vd3d3LmVjb21tZXJjZS5kaWdpbnNwaXJlLmluL21hbGUtZmFzaGlvbiI7fXM6NjoiX2ZsYXNoIjthOjI6e3M6Mzoib2xkIjthOjA6e31zOjM6Im5ldyI7YTowOnt9fX0=', 1771624965),
('hR5ZtUtCVNfITocfI1uymDb4VBSnC4qYPGwIMk8S', NULL, '54.227.223.64', 'Mozilla/5.0 (Windows NT 10.0; Win64; x64) AppleWebKit/537.36 (KHTML, like Gecko) Chrome/130.0.0.0 Safari/537.36', 'YTozOntzOjY6Il90b2tlbiI7czo0MDoiaEYyUm4zYlJaR3d4MXg3d0dleUhkcXJhWDY3cU9oRVVVQ0FSVHBobiI7czo5OiJfcHJldmlvdXMiO2E6MTp7czozOiJ1cmwiO3M6MzE6Imh0dHBzOi8vZWNvbW1lcmNlLmRpZ2luc3BpcmUuaW4iO31zOjY6Il9mbGFzaCI7YToyOntzOjM6Im9sZCI7YTowOnt9czozOiJuZXciO2E6MDp7fX19', 1771365102),
('HtcZGn6M1awk9VsLDmBAEJQoFAuwiQHKGENetTKL', NULL, '54.229.181.169', 'Mozilla/5.0 (compatible; NetcraftSurveyAgent/1.0; +info@netcraft.com)', 'YTozOntzOjY6Il90b2tlbiI7czo0MDoiY1p3ZnNTSjdYb25PYmFVVzdLOHl5R1ZKa0t1cWhoR1ZpMFRnRW1WbCI7czo5OiJfcHJldmlvdXMiO2E6MTp7czozOiJ1cmwiO3M6MzQ6Imh0dHA6Ly93d3cuZWNvbW1lcmNlLmRpZ2luc3BpcmUuaW4iO31zOjY6Il9mbGFzaCI7YToyOntzOjM6Im9sZCI7YTowOnt9czozOiJuZXciO2E6MDp7fX19', 1770669830),
('i1aMym5oKaAXJA2ovXqCb2u7CbFyhAlbLd0aBiUl', NULL, '34.90.235.227', 'Scrapy/2.13.4 (+https://scrapy.org)', 'YTozOntzOjY6Il90b2tlbiI7czo0MDoieFdUSU5oSkhJNFlCQ0x6eklFRVBNTDVCeEFnUnc1WWZwbXlJQk51OCI7czo5OiJfcHJldmlvdXMiO2E6MTp7czozOiJ1cmwiO3M6NDg6Imh0dHBzOi8vd3d3LmVjb21tZXJjZS5kaWdpbnNwaXJlLmluL21hbGUtZmFzaGlvbiI7fXM6NjoiX2ZsYXNoIjthOjI6e3M6Mzoib2xkIjthOjA6e31zOjM6Im5ldyI7YTowOnt9fX0=', 1771116228),
('I7WFaOgSRxG2N7NBH8fPLoGhu6whcIKMzs1hdByu', NULL, '165.227.73.228', 'Mozilla/5.0 (X11; Linux x86_64) AppleWebKit/537.36 (KHTML, like Gecko) Chrome/142.0.0.0 Safari/537.36', 'YTozOntzOjY6Il90b2tlbiI7czo0MDoiekVMRk9WSTBTRzBwNTNUTE1QaFNWdmlvdXNaY29kbWxwRUtEUkZ4SSI7czo5OiJfcHJldmlvdXMiO2E6MTp7czozOiJ1cmwiO3M6MzE6Imh0dHBzOi8vZWNvbW1lcmNlLmRpZ2luc3BpcmUuaW4iO31zOjY6Il9mbGFzaCI7YToyOntzOjM6Im9sZCI7YTowOnt9czozOiJuZXciO2E6MDp7fX19', 1770298892),
('i9Gras83CYH6GyLnGo12wEGdWNpQ7Z0MD3qxhnEw', NULL, '198.235.24.27', 'Hello from Palo Alto Networks, find out more about our scans in https://docs-cortex.paloaltonetworks.com/r/1/Cortex-Xpanse/Scanning-activity', 'YTozOntzOjY6Il90b2tlbiI7czo0MDoiY1lqZTdJWmNGM0I1bFE4aktEUTVONVpOaGZWOEJ4TzFER0pwWlYwMCI7czo5OiJfcHJldmlvdXMiO2E6MTp7czozOiJ1cmwiO3M6NDg6Imh0dHBzOi8vd3d3LmVjb21tZXJjZS5kaWdpbnNwaXJlLmluL21hbGUtZmFzaGlvbiI7fXM6NjoiX2ZsYXNoIjthOjI6e3M6Mzoib2xkIjthOjA6e31zOjM6Im5ldyI7YTowOnt9fX0=', 1771133873),
('inwnwMvoVHAOooEr3fj6y57EmDMSMCklsGbrLlWB', NULL, '111.7.100.26', 'Mozilla/5.0 (Windows NT 10.0; Win64; x64) AppleWebKit/537.36 (KHTML, like Gecko) Chrome/92.0.4515.107 Safari/537.36', 'YTozOntzOjY6Il90b2tlbiI7czo0MDoiMWR1enkzNDJxUFVTTnYwSEk4ekYzTDYxNDJGV3gzQlZsUUVSbWw0byI7czo5OiJfcHJldmlvdXMiO2E6MTp7czozOiJ1cmwiO3M6MzQ6Imh0dHA6Ly93d3cuZWNvbW1lcmNlLmRpZ2luc3BpcmUuaW4iO31zOjY6Il9mbGFzaCI7YToyOntzOjM6Im9sZCI7YTowOnt9czozOiJuZXciO2E6MDp7fX19', 1770263871),
('IS1GionAipGdaYtNYWBFP4X9uf7YnoTcwy7u6Dxc', NULL, '205.210.31.182', 'Hello from Palo Alto Networks, find out more about our scans in https://docs-cortex.paloaltonetworks.com/r/1/Cortex-Xpanse/Scanning-activity', 'YTozOntzOjY6Il90b2tlbiI7czo0MDoiTjZ6a1NqcVhSMG5vMVlXeHZZTkZtemE5TWFBeEpPT1Jzc1Bad0U1diI7czo5OiJfcHJldmlvdXMiO2E6MTp7czozOiJ1cmwiO3M6NDg6Imh0dHBzOi8vd3d3LmVjb21tZXJjZS5kaWdpbnNwaXJlLmluL21hbGUtZmFzaGlvbiI7fXM6NjoiX2ZsYXNoIjthOjI6e3M6Mzoib2xkIjthOjA6e31zOjM6Im5ldyI7YTowOnt9fX0=', 1769534441),
('ivnMxvNni755cpVPJ1YDUaF6KC3vs1IDF2pHSJhm', NULL, '167.94.146.59', 'Mozilla/5.0 (compatible; CensysInspect/1.1; +https://about.censys.io/)', 'YTozOntzOjY6Il90b2tlbiI7czo0MDoiSlU2ZDNrNU50OWtab1hYR2Nrak9EeUFtanA5U3E2TGZ2VXRnMXdUbSI7czo5OiJfcHJldmlvdXMiO2E6MTp7czozOiJ1cmwiO3M6NDg6Imh0dHBzOi8vd3d3LmVjb21tZXJjZS5kaWdpbnNwaXJlLmluL21hbGUtZmFzaGlvbiI7fXM6NjoiX2ZsYXNoIjthOjI6e3M6Mzoib2xkIjthOjA6e31zOjM6Im5ldyI7YTowOnt9fX0=', 1769737405),
('JBUJcPe1WE0b7Vgt0jFvWSJDcYNV1pZqdeNIlgBm', NULL, '54.162.95.96', 'Mozilla/5.0 (X11; Linux x86_64; rv:104.0) Gecko/20100101 Firefox/104.0', 'YTozOntzOjY6Il90b2tlbiI7czo0MDoiUVlTQ0ZNSHZIcXhGeHg1YVJ6SFFYT2dFMkNSV3ZoQWRVbVFSNkM5NiI7czo5OiJfcHJldmlvdXMiO2E6MTp7czozOiJ1cmwiO3M6NDc6Imh0dHA6Ly93d3cuZWNvbW1lcmNlLmRpZ2luc3BpcmUuaW4vbWFsZS1mYXNoaW9uIjt9czo2OiJfZmxhc2giO2E6Mjp7czozOiJvbGQiO2E6MDp7fXM6MzoibmV3IjthOjA6e319fQ==', 1771170819),
('JJwRoLy425pKztOGRyQTOF8kAmXJ2VW5mesV47vP', NULL, '216.150.13.23', 'Mozilla/5.0 (Macintosh; Intel Mac OS X 10_15_7) AppleWebKit/537.36 (KHTML, like Gecko) Chrome/143.0.0.0 Safari/537.36', 'YTozOntzOjY6Il90b2tlbiI7czo0MDoiWTdJU0kweWwxT0pnRkRYdXROUHM0bnVhc2IwRXU1NjBwTzd2RHQ3ViI7czo5OiJfcHJldmlvdXMiO2E6MTp7czozOiJ1cmwiO3M6NDQ6Imh0dHBzOi8vZWNvbW1lcmNlLmRpZ2luc3BpcmUuaW4vbWFsZS1mYXNoaW9uIjt9czo2OiJfZmxhc2giO2E6Mjp7czozOiJvbGQiO2E6MDp7fXM6MzoibmV3IjthOjA6e319fQ==', 1771637998),
('Jl3KySBQVlZSyovR3FtB8wMj9u4YMHg3O1Q4NVTt', NULL, '204.76.203.25', 'Mozilla/5.0 (Windows NT 10.0; Win64; x64) AppleWebKit/537.36 (KHTML, like Gecko) Chrome/134.0.0.0 Safari/537.3', 'YTozOntzOjY6Il90b2tlbiI7czo0MDoiUjF1bUdVT0dZMUQ2N0ZXUFQwcGFFSzcxb2Rra2ROdnR5ejlvRnhrciI7czo5OiJfcHJldmlvdXMiO2E6MTp7czozOiJ1cmwiO3M6MzE6Imh0dHBzOi8vZWNvbW1lcmNlLmRpZ2luc3BpcmUuaW4iO31zOjY6Il9mbGFzaCI7YToyOntzOjM6Im9sZCI7YTowOnt9czozOiJuZXciO2E6MDp7fX19', 1769381108),
('jNFqXqtDJnJ0Y5nYb4DjJANGsFhegGgzIN9wBAeQ', NULL, '87.236.176.104', 'Mozilla/5.0 (compatible; InternetMeasurement/1.0; +https://internet-measurement.com/)', 'YTozOntzOjY6Il90b2tlbiI7czo0MDoiaDVreHNWVVYzZ3VTZXpvNWw4YnNWN2FNdGtiamI2bWE3U2xlNHUzaiI7czo5OiJfcHJldmlvdXMiO2E6MTp7czozOiJ1cmwiO3M6NTA6Imh0dHA6Ly93d3cuZWNvbW1lcmNlLmRpZ2luc3BpcmUuaW46ODEvbWFsZS1mYXNoaW9uIjt9czo2OiJfZmxhc2giO2E6Mjp7czozOiJvbGQiO2E6MDp7fXM6MzoibmV3IjthOjA6e319fQ==', 1771583632),
('kas9cgMaPZy6HlKpKJMge3CeYYBKwJmcIPu38wp7', NULL, '198.235.24.13', 'Hello from Palo Alto Networks, find out more about our scans in https://docs-cortex.paloaltonetworks.com/r/1/Cortex-Xpanse/Scanning-activity', 'YTozOntzOjY6Il90b2tlbiI7czo0MDoieENnUWk4eEo1Z2JpMXNESXExYkFkQlVWOGZhV1p4czlrV2g1VmVmQiI7czo5OiJfcHJldmlvdXMiO2E6MTp7czozOiJ1cmwiO3M6MzE6Imh0dHBzOi8vZWNvbW1lcmNlLmRpZ2luc3BpcmUuaW4iO31zOjY6Il9mbGFzaCI7YToyOntzOjM6Im9sZCI7YTowOnt9czozOiJuZXciO2E6MDp7fX19', 1771213866),
('KAuedvNiv3tz0jA37JMWrl888jWdLL25UZX8etAz', NULL, '204.76.203.25', 'Mozilla/5.0 (Windows NT 10.0; Win64; x64) AppleWebKit/537.36 (KHTML, like Gecko) Chrome/134.0.0.0 Safari/537.3', 'YTozOntzOjY6Il90b2tlbiI7czo0MDoiS3dSUGhJcnB0aWdvbEN0ZHJQc2hqZGRDcHJNWkZOanFVT0w4MGZoNyI7czo5OiJfcHJldmlvdXMiO2E6MTp7czozOiJ1cmwiO3M6MzE6Imh0dHBzOi8vZWNvbW1lcmNlLmRpZ2luc3BpcmUuaW4iO31zOjY6Il9mbGFzaCI7YToyOntzOjM6Im9sZCI7YTowOnt9czozOiJuZXciO2E6MDp7fX19', 1770605846),
('Klmez4cfjHzMqhluq6shOV87ak8yiKDBPkT7IvTq', NULL, '147.185.132.249', 'Hello from Palo Alto Networks, find out more about our scans in https://docs-cortex.paloaltonetworks.com/r/1/Cortex-Xpanse/Scanning-activity', 'YTozOntzOjY6Il90b2tlbiI7czo0MDoiQ2hXc0d3OWcwcHd1S0IxaFV4UHBMeE5uQ2ZKZHV6WHNqS2lxNDRIMSI7czo5OiJfcHJldmlvdXMiO2E6MTp7czozOiJ1cmwiO3M6MzU6Imh0dHBzOi8vd3d3LmVjb21tZXJjZS5kaWdpbnNwaXJlLmluIjt9czo2OiJfZmxhc2giO2E6Mjp7czozOiJvbGQiO2E6MDp7fXM6MzoibmV3IjthOjA6e319fQ==', 1769871835),
('KMuFnM9Wv9BPhLdbxLcZOpNYia6VfYTkwDg9VEWg', NULL, '167.94.138.200', 'Mozilla/5.0 (compatible; CensysInspect/1.1; +https://about.censys.io/)', 'YTozOntzOjY6Il90b2tlbiI7czo0MDoidDl5TTJBNlludFk5TXAzZThHbGx2N29LOGY4dWdQbng1VkQ3bVc2QSI7czo5OiJfcHJldmlvdXMiO2E6MTp7czozOiJ1cmwiO3M6NDg6Imh0dHBzOi8vd3d3LmVjb21tZXJjZS5kaWdpbnNwaXJlLmluL21hbGUtZmFzaGlvbiI7fXM6NjoiX2ZsYXNoIjthOjI6e3M6Mzoib2xkIjthOjA6e31zOjM6Im5ldyI7YTowOnt9fX0=', 1770984117),
('kU9hicy3V3A2DFfLPkahrwbLtfSvilUq4tU7hxUr', NULL, '74.7.227.25', 'Mozilla/5.0 AppleWebKit/537.36 (KHTML, like Gecko; compatible; GPTBot/1.3; +https://openai.com/gptbot)', 'YTozOntzOjY6Il90b2tlbiI7czo0MDoiSnNxa25iOXo0Y21DQmJ2TzI1cXU2S29PWERaQVVXMWdzMkRaZW1BeiI7czo5OiJfcHJldmlvdXMiO2E6MTp7czozOiJ1cmwiO3M6MzU6Imh0dHBzOi8vd3d3LmVjb21tZXJjZS5kaWdpbnNwaXJlLmluIjt9czo2OiJfZmxhc2giO2E6Mjp7czozOiJvbGQiO2E6MDp7fXM6MzoibmV3IjthOjA6e319fQ==', 1772727907),
('kUWoftIK9cx7WoK3yoPCaJgWKST5nUCnxBRP5Ixd', NULL, '206.168.34.216', 'Mozilla/5.0 (compatible; CensysInspect/1.1; +https://about.censys.io/)', 'YTozOntzOjY6Il90b2tlbiI7czo0MDoiaERtbkk2NmFDcm5VeDc1ekJiZ0o1QjUyZ1NReUpta2tKYWlKRU8xdyI7czo5OiJfcHJldmlvdXMiO2E6MTp7czozOiJ1cmwiO3M6NDc6Imh0dHA6Ly93d3cuZWNvbW1lcmNlLmRpZ2luc3BpcmUuaW4vbWFsZS1mYXNoaW9uIjt9czo2OiJfZmxhc2giO2E6Mjp7czozOiJvbGQiO2E6MDp7fXM6MzoibmV3IjthOjA6e319fQ==', 1771634707),
('KX6k8TPxgpeJmmad3kwm1F8wuDTwEurHvMOlVMWK', NULL, '164.92.144.12', 'Mozilla/5.0 (X11; Linux x86_64; rv:142.0) Gecko/20100101 Firefox/142.0', 'YTozOntzOjY6Il90b2tlbiI7czo0MDoidDM3QWRiaGdkQjhMczMyR2NiaW1ITmdhaW1pV2I2YkJnZzdqTlltZyI7czo5OiJfcHJldmlvdXMiO2E6MTp7czozOiJ1cmwiO3M6NDg6Imh0dHBzOi8vd3d3LmVjb21tZXJjZS5kaWdpbnNwaXJlLmluL21hbGUtZmFzaGlvbiI7fXM6NjoiX2ZsYXNoIjthOjI6e3M6Mzoib2xkIjthOjA6e31zOjM6Im5ldyI7YTowOnt9fX0=', 1770112335),
('l3eNtghMVug7TW9yog3xS5pGLPFCv8d6RWJTL3AN', NULL, '172.86.90.207', 'Mozilla/5.0 (X11; Ubuntu; Linux i686; rv:28.0) Gecko/20100101 Firefox/28.0', 'YTozOntzOjY6Il90b2tlbiI7czo0MDoiYXFnU2J6bld4Q1JuRHU5VlBVRTdUaHN2MnV0QXVCV05tNllMdFM2ciI7czo5OiJfcHJldmlvdXMiO2E6MTp7czozOiJ1cmwiO3M6NDc6Imh0dHA6Ly93d3cuZWNvbW1lcmNlLmRpZ2luc3BpcmUuaW4vbWFsZS1mYXNoaW9uIjt9czo2OiJfZmxhc2giO2E6Mjp7czozOiJvbGQiO2E6MDp7fXM6MzoibmV3IjthOjA6e319fQ==', 1771394632),
('l6onnA6pie0RAAorbAwDpNEKlY8Z5ndIhNP9pV71', NULL, '205.210.31.42', 'Hello from Palo Alto Networks, find out more about our scans in https://docs-cortex.paloaltonetworks.com/r/1/Cortex-Xpanse/Scanning-activity', 'YTozOntzOjY6Il90b2tlbiI7czo0MDoiYkZDV0JCS3NBblBGeUFaeXZDVWRtUmVLRUtjQzgyZFhBbmZ0YldxNyI7czo5OiJfcHJldmlvdXMiO2E6MTp7czozOiJ1cmwiO3M6NDg6Imh0dHBzOi8vd3d3LmVjb21tZXJjZS5kaWdpbnNwaXJlLmluL21hbGUtZmFzaGlvbiI7fXM6NjoiX2ZsYXNoIjthOjI6e3M6Mzoib2xkIjthOjA6e31zOjM6Im5ldyI7YTowOnt9fX0=', 1769840581),
('l6Os14r8IBpp3oJWmgskNkLVjVxAObO8n4CBlBF9', NULL, '123.160.223.72', 'Mozilla/5.0 (Macintosh; Intel Mac OS X 10_15_7) AppleWebKit/537.36 (KHTML, like Gecko) Chrome/120.0.0.0 Safari/537.36', 'YTozOntzOjY6Il90b2tlbiI7czo0MDoiSnVHVzlSdFRFVDBaakVralh4QmY5aEtTYTlVNXFQdGZnVWNtZHlZdiI7czo5OiJfcHJldmlvdXMiO2E6MTp7czozOiJ1cmwiO3M6Mzc6Imh0dHA6Ly93d3cuZWNvbW1lcmNlLmRpZ2luc3BpcmUuaW46ODEiO31zOjY6Il9mbGFzaCI7YToyOntzOjM6Im9sZCI7YTowOnt9czozOiJuZXciO2E6MDp7fX19', 1770247498),
('lBjHs89MUkgzyvFef4CnDI3STTyClvnYSWNnphLH', NULL, '72.11.155.223', 'Mozilla/5.0 (Macintosh; Intel Mac OS X 15_7_3) AppleWebKit/605.1.15 (KHTML, like Gecko) Version/26.0 Safari/605.1.15', 'YTozOntzOjY6Il90b2tlbiI7czo0MDoiTFZSMXo1NlVBTDNCclJCeWl2MHl1MmxWRWVoenBRQngxelQxcnkwMyI7czo5OiJfcHJldmlvdXMiO2E6MTp7czozOiJ1cmwiO3M6MzQ6Imh0dHA6Ly93d3cuZWNvbW1lcmNlLmRpZ2luc3BpcmUuaW4iO31zOjY6Il9mbGFzaCI7YToyOntzOjM6Im9sZCI7YTowOnt9czozOiJuZXciO2E6MDp7fX19', 1770362114),
('lLcnFUCvw7qQ2cReu4x78AlpNDCnBvORLgfeRMyT', NULL, '34.27.119.221', 'Mozilla/5.0 (compatible; CMS-Checker/1.0; +https://example.com)', 'YTozOntzOjY6Il90b2tlbiI7czo0MDoiTm0yMFB4cW93bFczbEF4OVZ3a0ZpdGdNR3JDZzVRZEY0R1RTRDRKNCI7czo5OiJfcHJldmlvdXMiO2E6MTp7czozOiJ1cmwiO3M6NDc6Imh0dHA6Ly93d3cuZWNvbW1lcmNlLmRpZ2luc3BpcmUuaW4vbWFsZS1mYXNoaW9uIjt9czo2OiJfZmxhc2giO2E6Mjp7czozOiJvbGQiO2E6MDp7fXM6MzoibmV3IjthOjA6e319fQ==', 1771777939),
('LohCQbDyjVv8DbLOktVGx9h5RMkh7sUuza30wBns', NULL, '204.76.203.25', 'Mozilla/5.0 (Windows NT 10.0; Win64; x64) AppleWebKit/537.36 (KHTML, like Gecko) Chrome/134.0.0.0 Safari/537.3', 'YTozOntzOjY6Il90b2tlbiI7czo0MDoic21DRDVEN0w1Z1hKdXZKUGxUREpjZDJqMnV4T2g1emp0R20zc3BDdCI7czo5OiJfcHJldmlvdXMiO2E6MTp7czozOiJ1cmwiO3M6MzE6Imh0dHBzOi8vZWNvbW1lcmNlLmRpZ2luc3BpcmUuaW4iO31zOjY6Il9mbGFzaCI7YToyOntzOjM6Im9sZCI7YTowOnt9czozOiJuZXciO2E6MDp7fX19', 1769835152),
('lQLbzIsq3yfDmyRVU64txDOuh4pqyWy04J1hQREq', NULL, '60.13.7.129', 'Mozilla/5.0 (Linux; Android 6.0; Nexus 5 Build/MRA58N) AppleWebKit/537.36 (KHTML, like Gecko) Chrome/55.0.2883.87 Mobile Safari/537.36', 'YTozOntzOjY6Il90b2tlbiI7czo0MDoiazF6Tzc4ODFJREx3Wm8zNk12YlVMWTVZNjRueVlMbUJQTTAyUHdqUyI7czo5OiJfcHJldmlvdXMiO2E6MTp7czozOiJ1cmwiO3M6NDg6Imh0dHBzOi8vd3d3LmVjb21tZXJjZS5kaWdpbnNwaXJlLmluL21hbGUtZmFzaGlvbiI7fXM6NjoiX2ZsYXNoIjthOjI6e3M6Mzoib2xkIjthOjA6e31zOjM6Im5ldyI7YTowOnt9fX0=', 1770249450),
('LTHEJarXLmBYf9oezx1AqnrPiO7vCcdYFlmZgZsJ', NULL, '205.210.31.209', 'Hello from Palo Alto Networks, find out more about our scans in https://docs-cortex.paloaltonetworks.com/r/1/Cortex-Xpanse/Scanning-activity', 'YTozOntzOjY6Il90b2tlbiI7czo0MDoieTAyeDZjd0I2NHRHbkNnTkNPTlJJTzBnZjdDR2h6RTd6cjZNY2N1ciI7czo5OiJfcHJldmlvdXMiO2E6MTp7czozOiJ1cmwiO3M6MzQ6Imh0dHA6Ly93d3cuZWNvbW1lcmNlLmRpZ2luc3BpcmUuaW4iO31zOjY6Il9mbGFzaCI7YToyOntzOjM6Im9sZCI7YTowOnt9czozOiJuZXciO2E6MDp7fX19', 1769545935),
('LXc66SLLJLfid8AdW0pbrwQDMJFCIEEhGi6dBUPR', NULL, '54.162.53.4', 'Mozilla/5.0 (X11; Linux i686; rv:124.0) Gecko/20100101 Firefox/124.0', 'YTozOntzOjY6Il90b2tlbiI7czo0MDoicGtxN2Q0c3dpMGdadFFJa3ExZ2tMTmh1NXNkb29aVG84YzRKRWxUTCI7czo5OiJfcHJldmlvdXMiO2E6MTp7czozOiJ1cmwiO3M6MzU6Imh0dHBzOi8vd3d3LmVjb21tZXJjZS5kaWdpbnNwaXJlLmluIjt9czo2OiJfZmxhc2giO2E6Mjp7czozOiJvbGQiO2E6MDp7fXM6MzoibmV3IjthOjA6e319fQ==', 1772965411),
('LYPep8dywHl1BKk9VCFQ22yY7WvcSHEaWwE8i8bw', NULL, '45.148.10.79', 'Mozilla/5.0 (X11; Linux x86_64) AppleWebKit/537.36 Chrome/122.0.0.0 Safari/537.36', 'YTozOntzOjY6Il90b2tlbiI7czo0MDoiY1RSWW1XeGk2bDFEVk9NOXRYWDB1aUIzZnZqQndrT3NRRHF2YXpyWCI7czo5OiJfcHJldmlvdXMiO2E6MTp7czozOiJ1cmwiO3M6MzU6Imh0dHBzOi8vd3d3LmVjb21tZXJjZS5kaWdpbnNwaXJlLmluIjt9czo2OiJfZmxhc2giO2E6Mjp7czozOiJvbGQiO2E6MDp7fXM6MzoibmV3IjthOjA6e319fQ==', 1771398495),
('LZb3zuwUNCCXr99fofmLTsitdoeWsUZKqRlLQNJJ', NULL, '52.4.193.97', 'Mozilla/5.0 (Windows NT 10.0; Win64; x64) AppleWebKit/537.36 (KHTML, like Gecko) Chrome/107.0.0.0 Safari/537.36 Edg/107.0.1418.62', 'YTozOntzOjY6Il90b2tlbiI7czo0MDoib3ZLRTJnak9UZjZaZXI4ZFRKNmZUVDJQU0tmWThqVFlFSXQ4ZVlmUCI7czo5OiJfcHJldmlvdXMiO2E6MTp7czozOiJ1cmwiO3M6NDg6Imh0dHBzOi8vd3d3LmVjb21tZXJjZS5kaWdpbnNwaXJlLmluL21hbGUtZmFzaGlvbiI7fXM6NjoiX2ZsYXNoIjthOjI6e3M6Mzoib2xkIjthOjA6e31zOjM6Im5ldyI7YTowOnt9fX0=', 1770143173),
('M6U1dVwRWsxpJvWyPtOUR8fYlUZEWeBH2INNITNq', NULL, '167.94.146.57', 'Mozilla/5.0 (compatible; CensysInspect/1.1; +https://about.censys.io/)', 'YTozOntzOjY6Il90b2tlbiI7czo0MDoiSTNqemZ0NlJURkJpVkFvZ0NybHNKbVV4Qndyb2QzeWhVbDFOYWF6SCI7czo5OiJfcHJldmlvdXMiO2E6MTp7czozOiJ1cmwiO3M6NDg6Imh0dHBzOi8vd3d3LmVjb21tZXJjZS5kaWdpbnNwaXJlLmluL21hbGUtZmFzaGlvbiI7fXM6NjoiX2ZsYXNoIjthOjI6e3M6Mzoib2xkIjthOjA6e31zOjM6Im5ldyI7YTowOnt9fX0=', 1770358617),
('maGPrfWqt3lmyoq1vTl1lP4OcF4JTaMcchtccVgG', NULL, '176.65.148.161', 'Mozilla/5.0 (compatible; Let\'s Encrypt validation server; +https://www.letsencrypt.org)', 'YToyOntzOjY6Il90b2tlbiI7czo0MDoicWJKSlRlWVA1OWdkN2ZDaDM2SjdBMk5SdmJ0S1p5MHByY28zNmVOdyI7czo2OiJfZmxhc2giO2E6Mjp7czozOiJvbGQiO2E6MDp7fXM6MzoibmV3IjthOjA6e319fQ==', 1772885377),
('MEPZjDta6k1Z0sHKSeqPwknA9jJQ7QR1pRydLUFb', NULL, '54.162.95.96', 'Mozilla/5.0 (Windows NT 10.0; Win64; x64) AppleWebKit/537.36 (KHTML, like Gecko) Chrome/103.0.0.0 Safari/537.36', 'YTozOntzOjY6Il90b2tlbiI7czo0MDoieXU0UFExUDBRdTlpd2lYYmFZaGJ2YVBRZ3R5Nk1aRkFXTXl3c0FxTCI7czo5OiJfcHJldmlvdXMiO2E6MTp7czozOiJ1cmwiO3M6NDg6Imh0dHBzOi8vd3d3LmVjb21tZXJjZS5kaWdpbnNwaXJlLmluL21hbGUtZmFzaGlvbiI7fXM6NjoiX2ZsYXNoIjthOjI6e3M6Mzoib2xkIjthOjA6e31zOjM6Im5ldyI7YTowOnt9fX0=', 1771068701),
('mRyU7qTVeKukPiMSw3GSD4seX1LyzvCefgRsLt4J', NULL, '205.210.31.253', 'Hello from Palo Alto Networks, find out more about our scans in https://docs-cortex.paloaltonetworks.com/r/1/Cortex-Xpanse/Scanning-activity', 'YTozOntzOjY6Il90b2tlbiI7czo0MDoiMDJJcE0ybmlMVmVDa0JFZDh2QjExa2hQVlp6dFhxZmNLSmdYblJJYSI7czo5OiJfcHJldmlvdXMiO2E6MTp7czozOiJ1cmwiO3M6MzU6Imh0dHBzOi8vd3d3LmVjb21tZXJjZS5kaWdpbnNwaXJlLmluIjt9czo2OiJfZmxhc2giO2E6Mjp7czozOiJvbGQiO2E6MDp7fXM6MzoibmV3IjthOjA6e319fQ==', 1770088307),
('MtwMShDH6JTCYJeF1VGpHmMkYLUGambgVhZuStDe', NULL, '121.127.34.138', 'Mozilla/5.0 (Windows NT 10.0; Win64; x64) AppleWebKit/537.36 (KHTML, like Gecko) Chrome/131.0.0.0 Safari/537.36 Edg/131.0.0.0', 'YTozOntzOjY6Il90b2tlbiI7czo0MDoiaHNHUzFHS0ZSSllwSHZVVjFnWlNGMXVhOU0yUWkxVTFadnhmZEUwVyI7czo5OiJfcHJldmlvdXMiO2E6MTp7czozOiJ1cmwiO3M6NDM6Imh0dHA6Ly9lY29tbWVyY2UuZGlnaW5zcGlyZS5pbi9tYWxlLWZhc2hpb24iO31zOjY6Il9mbGFzaCI7YToyOntzOjM6Im9sZCI7YTowOnt9czozOiJuZXciO2E6MDp7fX19', 1771734633),
('mzKahogHWdVdFfw6wK2R5q6VQsLqoNmx9Bl32JMc', NULL, '185.247.137.195', 'Mozilla/5.0 (compatible; InternetMeasurement/1.0; +https://internet-measurement.com/)', 'YTozOntzOjY6Il90b2tlbiI7czo0MDoiMHRqTERlM0haSmEwbVdCQTl1QnlUa2FWZDhUMDdnc0V5VVZFQ3ZWbyI7czo5OiJfcHJldmlvdXMiO2E6MTp7czozOiJ1cmwiO3M6NTI6Imh0dHBzOi8vd3d3LmVjb21tZXJjZS5kaWdpbnNwaXJlLmluOjQ0NC9tYWxlLWZhc2hpb24iO31zOjY6Il9mbGFzaCI7YToyOntzOjM6Im9sZCI7YTowOnt9czozOiJuZXciO2E6MDp7fX19', 1771631621),
('n4MTMf21aVQvyur25bK9W4lcvHE5QHnCx9JWAg0l', NULL, '95.173.220.89', 'Mozilla/5.0 (Macintosh; Intel Mac OS X 10_15_7) AppleWebKit/537.36 (KHTML, like Gecko) Chrome/120.0.0.0 Safari/537.36', 'YTozOntzOjY6Il90b2tlbiI7czo0MDoiWk8yMzZvMXV2ZEFSbWFBNFdmTTR0YnNaMU9YaXpESDdZQVNIRE50WCI7czo5OiJfcHJldmlvdXMiO2E6MTp7czozOiJ1cmwiO3M6MzU6Imh0dHBzOi8vd3d3LmVjb21tZXJjZS5kaWdpbnNwaXJlLmluIjt9czo2OiJfZmxhc2giO2E6Mjp7czozOiJvbGQiO2E6MDp7fXM6MzoibmV3IjthOjA6e319fQ==', 1770248784),
('N8ujlPI3CjH3uU4Kvj0lkqrpjLzbSHWySgiWSShS', NULL, '152.42.222.143', 'Mozilla/5.0', 'YTozOntzOjY6Il90b2tlbiI7czo0MDoiRXU3S0haOFY3eTd2REU0UmxOTTB3NTZLTWR0YWM1WGpjQkpZcXNyRCI7czo5OiJfcHJldmlvdXMiO2E6MTp7czozOiJ1cmwiO3M6MzQ6Imh0dHA6Ly93d3cuZWNvbW1lcmNlLmRpZ2luc3BpcmUuaW4iO31zOjY6Il9mbGFzaCI7YToyOntzOjM6Im9sZCI7YTowOnt9czozOiJuZXciO2E6MDp7fX19', 1772974955),
('nDW9ChozE0sBG3j3hbo9s9S8EXYWQLp4IPlQHqqu', NULL, '195.221.56.3', 'Mozilla/5.0 (Windows NT 10.0; Win64; x64) AppleWebKit/537.36 (KHTML, like Gecko) Chrome/131.0.0.0 Safari/537.36', 'YTozOntzOjY6Il90b2tlbiI7czo0MDoiRUtEdm13N2tSeEVGMTdHcDBjMkNTcnNVMkwzbTlUZlE0V29GanZYaSI7czo5OiJfcHJldmlvdXMiO2E6MTp7czozOiJ1cmwiO3M6MzU6Imh0dHBzOi8vd3d3LmVjb21tZXJjZS5kaWdpbnNwaXJlLmluIjt9czo2OiJfZmxhc2giO2E6Mjp7czozOiJvbGQiO2E6MDp7fXM6MzoibmV3IjthOjA6e319fQ==', 1772889357),
('NEGNhCUhI2keo04xac64CVxE2FBFefUMAb4EIOeY', NULL, '34.142.209.175', 'Mozilla/5.0 (Linux; Android 12) Chrome/111.0 Mobile Safari/537.36', 'YTozOntzOjY6Il90b2tlbiI7czo0MDoicWp5QXpMQ2NxZFNrR2pSNUJWQmt3aVBLNXU1TnFvRkQzNm9Rdm00dCI7czo5OiJfcHJldmlvdXMiO2E6MTp7czozOiJ1cmwiO3M6MzQ6Imh0dHA6Ly93d3cuZWNvbW1lcmNlLmRpZ2luc3BpcmUuaW4iO31zOjY6Il9mbGFzaCI7YToyOntzOjM6Im9sZCI7YTowOnt9czozOiJuZXciO2E6MDp7fX19', 1772987454),
('oIaSujPJWzUGhK6KC3LIi5uOUxzCbm5GqUqqDmJQ', NULL, '3.230.41.50', 'Mozilla/5.0 (Windows NT 6.1; WOW64; Trident/7.0; rv:11.0) like Gecko', 'YTozOntzOjY6Il90b2tlbiI7czo0MDoiMGcwZTVRd3c5NEN5VjYxQnJ6RWtBSVpDUjdRclp2NWtTVGRwamNydiI7czo5OiJfcHJldmlvdXMiO2E6MTp7czozOiJ1cmwiO3M6MzU6Imh0dHBzOi8vd3d3LmVjb21tZXJjZS5kaWdpbnNwaXJlLmluIjt9czo2OiJfZmxhc2giO2E6Mjp7czozOiJvbGQiO2E6MDp7fXM6MzoibmV3IjthOjA6e319fQ==', 1770541827),
('Ok8YeUxTNeqo1Dj1RYP9XuByHLQgt25ZHS2O6Cu9', NULL, '54.162.95.96', 'Mozilla/5.0 (X11; Linux x86_64; rv:104.0) Gecko/20100101 Firefox/104.0', 'YTozOntzOjY6Il90b2tlbiI7czo0MDoiVkRQUW1kQXliN3VKZVZpNmhuaUIzQ09DMERtRXFaRklsTW9JR1FwcyI7czo5OiJfcHJldmlvdXMiO2E6MTp7czozOiJ1cmwiO3M6MzQ6Imh0dHA6Ly93d3cuZWNvbW1lcmNlLmRpZ2luc3BpcmUuaW4iO31zOjY6Il9mbGFzaCI7YToyOntzOjM6Im9sZCI7YTowOnt9czozOiJuZXciO2E6MDp7fX19', 1771170819),
('ONIFTF6DqaW8PYr6x2cl3JvvlKbrjM3YH64LdbVW', NULL, '34.27.119.221', 'Mozilla/5.0 (compatible; CMS-Checker/1.0; +https://example.com)', 'YTozOntzOjY6Il90b2tlbiI7czo0MDoiTUo4MTdvbGhid2pBZGJuOXlFNlJBMG55UkE2MFhPeXNZSnhncElLRyI7czo5OiJfcHJldmlvdXMiO2E6MTp7czozOiJ1cmwiO3M6MzQ6Imh0dHA6Ly93d3cuZWNvbW1lcmNlLmRpZ2luc3BpcmUuaW4iO31zOjY6Il9mbGFzaCI7YToyOntzOjM6Im9sZCI7YTowOnt9czozOiJuZXciO2E6MDp7fX19', 1771777937),
('oYNutHq9elyoWCkeXnjnBTABPbe06APzz5uoBlyN', NULL, '167.94.146.57', 'Mozilla/5.0 (compatible; CensysInspect/1.1; +https://about.censys.io/)', 'YTozOntzOjY6Il90b2tlbiI7czo0MDoiWVh5OFEwYmNVREVXT0ljRENqeXRkSml5RXc1QkpPMnFRb2VLdTdSMSI7czo5OiJfcHJldmlvdXMiO2E6MTp7czozOiJ1cmwiO3M6MzU6Imh0dHBzOi8vd3d3LmVjb21tZXJjZS5kaWdpbnNwaXJlLmluIjt9czo2OiJfZmxhc2giO2E6Mjp7czozOiJvbGQiO2E6MDp7fXM6MzoibmV3IjthOjA6e319fQ==', 1770358616),
('OzEO0gWDS7rUrr8xU5rAeNFgNrXjb1edgNkIc6XL', NULL, '206.168.34.49', 'Mozilla/5.0 (compatible; CensysInspect/1.1; +https://about.censys.io/)', 'YTozOntzOjY6Il90b2tlbiI7czo0MDoiZE5qTUtiTFdha1RKR09oTmxMVXhSZXJuYzUxSmJRWkNxVnBkUVBsZyI7czo5OiJfcHJldmlvdXMiO2E6MTp7czozOiJ1cmwiO3M6MzQ6Imh0dHA6Ly93d3cuZWNvbW1lcmNlLmRpZ2luc3BpcmUuaW4iO31zOjY6Il9mbGFzaCI7YToyOntzOjM6Im9sZCI7YTowOnt9czozOiJuZXciO2E6MDp7fX19', 1770380298),
('PedbimmG4r27dfn7qR6wniY2p5rGEvB8cPZMDPDv', NULL, '205.210.31.251', 'Hello from Palo Alto Networks, find out more about our scans in https://docs-cortex.paloaltonetworks.com/r/1/Cortex-Xpanse/Scanning-activity', 'YTozOntzOjY6Il90b2tlbiI7czo0MDoiOU5qclRBZmlGaFNqZnF6SWoxTmp0RmV4Yjc3bXJ0OElDOExFVUtTQyI7czo5OiJfcHJldmlvdXMiO2E6MTp7czozOiJ1cmwiO3M6MzQ6Imh0dHA6Ly93d3cuZWNvbW1lcmNlLmRpZ2luc3BpcmUuaW4iO31zOjY6Il9mbGFzaCI7YToyOntzOjM6Im9sZCI7YTowOnt9czozOiJuZXciO2E6MDp7fX19', 1769720993),
('PzZYBOm86vfdrpkjyRA9Agibhp9fZpKhFgm1Q3Gp', NULL, '205.210.31.169', 'Hello from Palo Alto Networks, find out more about our scans in https://docs-cortex.paloaltonetworks.com/r/1/Cortex-Xpanse/Scanning-activity', 'YTozOntzOjY6Il90b2tlbiI7czo0MDoiRU1JclduRFFiVnByZ3I1T0J5R0ZtTkQxTHpNeW41SVU5SU9oUmJSNyI7czo5OiJfcHJldmlvdXMiO2E6MTp7czozOiJ1cmwiO3M6NDQ6Imh0dHBzOi8vZWNvbW1lcmNlLmRpZ2luc3BpcmUuaW4vbWFsZS1mYXNoaW9uIjt9czo2OiJfZmxhc2giO2E6Mjp7czozOiJvbGQiO2E6MDp7fXM6MzoibmV3IjthOjA6e319fQ==', 1771267156);
INSERT INTO `sessions` (`id`, `user_id`, `ip_address`, `user_agent`, `payload`, `last_activity`) VALUES
('q9SpiIA3kaUMuSXuCkUeYTTLYaeGv9eNEU1Bw3mi', NULL, '68.183.95.184', 'Mozilla/5.0 (X11; Linux x86_64; rv:142.0) Gecko/20100101 Firefox/142.0', 'YTozOntzOjY6Il90b2tlbiI7czo0MDoidDFKWjZYSUl1VmFTWEE3MGVTQzZUYXBMOVhLZjRPWnNiTEdCeFp6eSI7czo5OiJfcHJldmlvdXMiO2E6MTp7czozOiJ1cmwiO3M6NDc6Imh0dHA6Ly93d3cuZWNvbW1lcmNlLmRpZ2luc3BpcmUuaW4vbWFsZS1mYXNoaW9uIjt9czo2OiJfZmxhc2giO2E6Mjp7czozOiJvbGQiO2E6MDp7fXM6MzoibmV3IjthOjA6e319fQ==', 1771325845),
('Qh40HzWmVQV9aGi2aN2qj7Eq9yHQ2eoda98P0XLN', NULL, '205.210.31.58', '', 'YTozOntzOjY6Il90b2tlbiI7czo0MDoieEF0eTlVUVdBOE1wOE5xWXFSRUVBSnVZbGhpaWdUQ3Z4c1ZVYVE5eCI7czo5OiJfcHJldmlvdXMiO2E6MTp7czozOiJ1cmwiO3M6NDg6Imh0dHBzOi8vd3d3LmVjb21tZXJjZS5kaWdpbnNwaXJlLmluL21hbGUtZmFzaGlvbiI7fXM6NjoiX2ZsYXNoIjthOjI6e3M6Mzoib2xkIjthOjA6e31zOjM6Im5ldyI7YTowOnt9fX0=', 1769415107),
('Qiw6WGmMg7pRanwIIH1keQv3BdTHeHOzxzZ4KGxU', NULL, '206.168.34.44', 'Mozilla/5.0 (compatible; CensysInspect/1.1; +https://about.censys.io/)', 'YTozOntzOjY6Il90b2tlbiI7czo0MDoiaW1SaXR2eEtQOGxIc1NPUDlnQzBmODBCdTNuWnlydEp5OEc5dW1tQSI7czo5OiJfcHJldmlvdXMiO2E6MTp7czozOiJ1cmwiO3M6MzU6Imh0dHBzOi8vd3d3LmVjb21tZXJjZS5kaWdpbnNwaXJlLmluIjt9czo2OiJfZmxhc2giO2E6Mjp7czozOiJvbGQiO2E6MDp7fXM6MzoibmV3IjthOjA6e319fQ==', 1772059784),
('qmasvaxbwaisxZAwXyTGgxQqhQHVCAopICbQjmpG', NULL, '205.210.31.169', 'Hello from Palo Alto Networks, find out more about our scans in https://docs-cortex.paloaltonetworks.com/r/1/Cortex-Xpanse/Scanning-activity', 'YTozOntzOjY6Il90b2tlbiI7czo0MDoiUkRKYk1XZWxvOXd3THQ1UUh4a0hmM2QxNXc2MDQwMVdKc1NBNTVEbSI7czo5OiJfcHJldmlvdXMiO2E6MTp7czozOiJ1cmwiO3M6MzE6Imh0dHBzOi8vZWNvbW1lcmNlLmRpZ2luc3BpcmUuaW4iO31zOjY6Il9mbGFzaCI7YToyOntzOjM6Im9sZCI7YTowOnt9czozOiJuZXciO2E6MDp7fX19', 1771267155),
('QmxAHa0mIJzNHAln9G5K0uyulnd9MMk3oUz8zrAz', NULL, '107.21.11.47', 'Mozilla/5.0 (Windows NT 10.0; Win64; x64) AppleWebKit/537.36 (KHTML, like Gecko) Chrome/137.0.0.0 Safari/537.36', 'YTozOntzOjY6Il90b2tlbiI7czo0MDoic3Npcjg0WFVBSzRKZDlyVUpRZTRhNWl3b1RScnJ1WkdGMDNoUnlrNSI7czo5OiJfcHJldmlvdXMiO2E6MTp7czozOiJ1cmwiO3M6MzU6Imh0dHBzOi8vd3d3LmVjb21tZXJjZS5kaWdpbnNwaXJlLmluIjt9czo2OiJfZmxhc2giO2E6Mjp7czozOiJvbGQiO2E6MDp7fXM6MzoibmV3IjthOjA6e319fQ==', 1771739201),
('rcFeUbJrVRJ0HgpeM8FDi1X48PvaFZJYc4Xy35AR', NULL, '164.92.144.12', 'Mozilla/5.0 (X11; Linux x86_64; rv:142.0) Gecko/20100101 Firefox/142.0', 'YTozOntzOjY6Il90b2tlbiI7czo0MDoibHBjM1JoUmNaNnpOWTVpVExJdHNhT1pDdkdFeWh5TEhnNzY3STFmWiI7czo5OiJfcHJldmlvdXMiO2E6MTp7czozOiJ1cmwiO3M6NDc6Imh0dHA6Ly93d3cuZWNvbW1lcmNlLmRpZ2luc3BpcmUuaW4vbWFsZS1mYXNoaW9uIjt9czo2OiJfZmxhc2giO2E6Mjp7czozOiJvbGQiO2E6MDp7fXM6MzoibmV3IjthOjA6e319fQ==', 1770112334),
('RDHqwmqkutpzD1qn2GVShsN5Y9h3kVakIuMBZeoj', NULL, '123.160.223.75', 'Mozilla/5.0 (Macintosh; Intel Mac OS X 10_15_7) AppleWebKit/537.36 (KHTML, like Gecko) Chrome/120.0.0.0 Safari/537.36', 'YTozOntzOjY6Il90b2tlbiI7czo0MDoicWRXc1U4WFlYZE40VW5PYkl2R3BhcWJrbjhzTWVYdVFaQmZ3UFdneCI7czo5OiJfcHJldmlvdXMiO2E6MTp7czozOiJ1cmwiO3M6NDc6Imh0dHA6Ly93d3cuZWNvbW1lcmNlLmRpZ2luc3BpcmUuaW4vbWFsZS1mYXNoaW9uIjt9czo2OiJfZmxhc2giO2E6Mjp7czozOiJvbGQiO2E6MDp7fXM6MzoibmV3IjthOjA6e319fQ==', 1770247559),
('RTANduusmMgIZg4Xf0EN5a2PoVAScgXbsnpYz3KJ', NULL, '123.6.49.9', 'Mozilla/5.0 (Macintosh; Intel Mac OS X 10_7_0) AppleWebKit/535.11 (KHTML, like Gecko) Chrome/17.0.963.56 Safari/535.11', 'YTozOntzOjY6Il90b2tlbiI7czo0MDoiZlJVTmo0NTRxU2tKd2gxMm1saDI4bjNKMXRVd2RPQ3QzTXgwVHZoVCI7czo5OiJfcHJldmlvdXMiO2E6MTp7czozOiJ1cmwiO3M6NTA6Imh0dHA6Ly93d3cuZWNvbW1lcmNlLmRpZ2luc3BpcmUuaW46ODEvbWFsZS1mYXNoaW9uIjt9czo2OiJfZmxhc2giO2E6Mjp7czozOiJvbGQiO2E6MDp7fXM6MzoibmV3IjthOjA6e319fQ==', 1771562692),
('RZrGLQtkfB8fRxRGgGRXNnfNhiGJAl5pJ2tdfCQM', NULL, '176.65.148.161', 'Mozilla/5.0 (compatible; Let\'s Encrypt validation server; +https://www.letsencrypt.org)', 'YToyOntzOjY6Il90b2tlbiI7czo0MDoiUFllYVgzTnh0c29HTDdJTk9Cd015YVZMR09CeUNCTVcxS0k3ZzdOQSI7czo2OiJfZmxhc2giO2E6Mjp7czozOiJvbGQiO2E6MDp7fXM6MzoibmV3IjthOjA6e319fQ==', 1769235718),
('Sca9jC4eZY9gTsCVE3DJ2fPY0BpNT1uIrDWdPGcg', NULL, '205.210.31.130', 'Hello from Palo Alto Networks, find out more about our scans in https://docs-cortex.paloaltonetworks.com/r/1/Cortex-Xpanse/Scanning-activity', 'YTozOntzOjY6Il90b2tlbiI7czo0MDoiTks1Sk5QdFVKWVhPbVh2S1JJM0Zhc1pnNEpIbmp6TjZJWDZuWHI5TiI7czo5OiJfcHJldmlvdXMiO2E6MTp7czozOiJ1cmwiO3M6MzQ6Imh0dHA6Ly93d3cuZWNvbW1lcmNlLmRpZ2luc3BpcmUuaW4iO31zOjY6Il9mbGFzaCI7YToyOntzOjM6Im9sZCI7YTowOnt9czozOiJuZXciO2E6MDp7fX19', 1770177599),
('sUOX2PfiEz1E2e2unnMmBz1jKHBPtY5qfhmxNrND', NULL, '206.168.34.49', 'Mozilla/5.0 (compatible; CensysInspect/1.1; +https://about.censys.io/)', 'YTozOntzOjY6Il90b2tlbiI7czo0MDoiWHRZODRGbU1ZRkNiTFBJNkRVSlRnTkR2RVFqRFl4RWQ1SjJUZVBtRiI7czo5OiJfcHJldmlvdXMiO2E6MTp7czozOiJ1cmwiO3M6NDc6Imh0dHA6Ly93d3cuZWNvbW1lcmNlLmRpZ2luc3BpcmUuaW4vbWFsZS1mYXNoaW9uIjt9czo2OiJfZmxhc2giO2E6Mjp7czozOiJvbGQiO2E6MDp7fXM6MzoibmV3IjthOjA6e319fQ==', 1770380303),
('sw5RG5ErLiLUA2XfXD2KRjA9x1fv4Ui8wczJhMWT', NULL, '47.251.88.238', 'Mozilla/5.0 (Macintosh; Intel Mac OS X 10_15_7) AppleWebKit/537.36 (KHTML, like Gecko) Chrome/120.0.0.0 Safari/537.36', 'YTozOntzOjY6Il90b2tlbiI7czo0MDoiYVdPSmtmTjlPNFpDekc0TzRyZ2pHM3Q3eUJnRjI4b0Rna3Y3ZG1wMiI7czo5OiJfcHJldmlvdXMiO2E6MTp7czozOiJ1cmwiO3M6Mzc6Imh0dHA6Ly93d3cuZWNvbW1lcmNlLmRpZ2luc3BpcmUuaW46ODEiO31zOjY6Il9mbGFzaCI7YToyOntzOjM6Im9sZCI7YTowOnt9czozOiJuZXciO2E6MDp7fX19', 1770727893),
('sWEZFOL1jFtOoEmWEdDR7oywTdNMUH6S0O2ot9Q7', NULL, '167.94.146.56', 'Mozilla/5.0 (compatible; CensysInspect/1.1; +https://about.censys.io/)', 'YTozOntzOjY6Il90b2tlbiI7czo0MDoiWTFVZ1lzOEFUcUVHdFNXbjFMVks5R0o4VzlUb1cwU1UwaWlybjYzUiI7czo5OiJfcHJldmlvdXMiO2E6MTp7czozOiJ1cmwiO3M6MzQ6Imh0dHA6Ly93d3cuZWNvbW1lcmNlLmRpZ2luc3BpcmUuaW4iO31zOjY6Il9mbGFzaCI7YToyOntzOjM6Im9sZCI7YTowOnt9czozOiJuZXciO2E6MDp7fX19', 1771012978),
('t3BbiXtS3FewHheJYF68ChHlzXhUChQDMBAFQ4X6', NULL, '199.45.155.109', 'Mozilla/5.0 (compatible; CensysInspect/1.1; +https://about.censys.io/)', 'YTozOntzOjY6Il90b2tlbiI7czo0MDoiMnlMZGUyRzZNQ2haVkdxS2FqdjJHMFBIT2prWlhPOEtPVkFCWmlQVCI7czo5OiJfcHJldmlvdXMiO2E6MTp7czozOiJ1cmwiO3M6MzQ6Imh0dHA6Ly93d3cuZWNvbW1lcmNlLmRpZ2luc3BpcmUuaW4iO31zOjY6Il9mbGFzaCI7YToyOntzOjM6Im9sZCI7YTowOnt9czozOiJuZXciO2E6MDp7fX19', 1772059780),
('tcwMgInkBChzyOCQTs2O6y4f1fyd7bQlmF62EliT', NULL, '91.134.69.56', 'Mozilla/5.0 (X11; Ubuntu; Linux x86_64; rv:115.0) Gecko/20100101 Chrome/115.0.0.0 Safari/537.36', 'YTozOntzOjY6Il90b2tlbiI7czo0MDoiRW5RWUxKSzN5MXp5Y3Z5ajl6b0VVTzFPNnFGUThuZFdER21vT296eSI7czo5OiJfcHJldmlvdXMiO2E6MTp7czozOiJ1cmwiO3M6NDQ6Imh0dHBzOi8vZWNvbW1lcmNlLmRpZ2luc3BpcmUuaW4vbWFsZS1mYXNoaW9uIjt9czo2OiJfZmxhc2giO2E6Mjp7czozOiJvbGQiO2E6MDp7fXM6MzoibmV3IjthOjA6e319fQ==', 1771671271),
('TGllODJbJjr8syWIhe8kBluNcE3ZFEUwghpzuBUZ', NULL, '123.160.223.75', 'Mozilla/5.0 (Macintosh; Intel Mac OS X 10_15_7) AppleWebKit/537.36 (KHTML, like Gecko) Chrome/120.0.0.0 Safari/537.36', 'YTozOntzOjY6Il90b2tlbiI7czo0MDoiUHJ3UEYxSDNNN3V4SGwyeUJna3VzM240cEFyclczM0dnaWV6Ukk0NSI7czo5OiJfcHJldmlvdXMiO2E6MTp7czozOiJ1cmwiO3M6NTI6Imh0dHBzOi8vd3d3LmVjb21tZXJjZS5kaWdpbnNwaXJlLmluOjQ0NC9tYWxlLWZhc2hpb24iO31zOjY6Il9mbGFzaCI7YToyOntzOjM6Im9sZCI7YTowOnt9czozOiJuZXciO2E6MDp7fX19', 1770249322),
('TM1n7gCqBIeab4nqmT822YiWGfPOdCxw1nqqSuAl', NULL, '205.210.31.158', 'Hello from Palo Alto Networks, find out more about our scans in https://docs-cortex.paloaltonetworks.com/r/1/Cortex-Xpanse/Scanning-activity', 'YTozOntzOjY6Il90b2tlbiI7czo0MDoiUUVXSXBsaFlVZHpidVAwZVNCWU55amdPM0k4N3ppcUwwclFUREcyMCI7czo5OiJfcHJldmlvdXMiO2E6MTp7czozOiJ1cmwiO3M6MzE6Imh0dHBzOi8vZWNvbW1lcmNlLmRpZ2luc3BpcmUuaW4iO31zOjY6Il9mbGFzaCI7YToyOntzOjM6Im9sZCI7YTowOnt9czozOiJuZXciO2E6MDp7fX19', 1769978281),
('tTYyMK9nGokBBUyY61rZzxAUUiKEqMNQgKGX8LRd', NULL, '44.248.183.163', 'Mozilla/5.0 (compatible; wpbot/1.4; +https://forms.gle/ajBaxygz9jSR8p8G9)', 'YTozOntzOjY6Il90b2tlbiI7czo0MDoiUXNSZ1lRVlIzNzFpc0F5RnNOdENSN2d0bjhnZkJMR0FqUTBxS2JxdyI7czo5OiJfcHJldmlvdXMiO2E6MTp7czozOiJ1cmwiO3M6NDQ6Imh0dHBzOi8vZWNvbW1lcmNlLmRpZ2luc3BpcmUuaW4vbWFsZS1mYXNoaW9uIjt9czo2OiJfZmxhc2giO2E6Mjp7czozOiJvbGQiO2E6MDp7fXM6MzoibmV3IjthOjA6e319fQ==', 1770725842),
('tuNliNlweXz0kTXIthYNyYFl7YyeZYim85ZQclNT', NULL, '167.94.138.200', 'Mozilla/5.0 (compatible; CensysInspect/1.1; +https://about.censys.io/)', 'YTozOntzOjY6Il90b2tlbiI7czo0MDoiMGVtb3djZVFxSUVTSU5TalJ3a1kwc0ZiQXU5MUVuWU1IeExQRmJVUyI7czo5OiJfcHJldmlvdXMiO2E6MTp7czozOiJ1cmwiO3M6MzU6Imh0dHBzOi8vd3d3LmVjb21tZXJjZS5kaWdpbnNwaXJlLmluIjt9czo2OiJfZmxhc2giO2E6Mjp7czozOiJvbGQiO2E6MDp7fXM6MzoibmV3IjthOjA6e319fQ==', 1770984114),
('ty2tKjxPxuX6MNAxs5GrBygpyZE2wCINg7YkIQax', NULL, '123.160.223.73', 'Mozilla/5.0 (Macintosh; Intel Mac OS X 10_15_7) AppleWebKit/537.36 (KHTML, like Gecko) Chrome/120.0.0.0 Safari/537.36', 'YTozOntzOjY6Il90b2tlbiI7czo0MDoiQmFFb0lRSFBtajlGRTdlR05JeWMyRE1xaEdRUFljeEkwbUR2RVA1TiI7czo5OiJfcHJldmlvdXMiO2E6MTp7czozOiJ1cmwiO3M6MzU6Imh0dHBzOi8vd3d3LmVjb21tZXJjZS5kaWdpbnNwaXJlLmluIjt9czo2OiJfZmxhc2giO2E6Mjp7czozOiJvbGQiO2E6MDp7fXM6MzoibmV3IjthOjA6e319fQ==', 1770248784),
('u4rrCLcnLHtJX8cpuQDLwfyqMts4gR1IuQ1npGR0', NULL, '74.7.243.250', 'Mozilla/5.0 AppleWebKit/537.36 (KHTML, like Gecko; compatible; GPTBot/1.3; +https://openai.com/gptbot)', 'YTozOntzOjY6Il90b2tlbiI7czo0MDoiaVBEUGVYSmFtcUFyTlFsb0dvaWFQMkVtdWN0QlBGbDJMbFF0SjI1cCI7czo5OiJfcHJldmlvdXMiO2E6MTp7czozOiJ1cmwiO3M6NDg6Imh0dHBzOi8vd3d3LmVjb21tZXJjZS5kaWdpbnNwaXJlLmluL21hbGUtZmFzaGlvbiI7fXM6NjoiX2ZsYXNoIjthOjI6e3M6Mzoib2xkIjthOjA6e31zOjM6Im5ldyI7YTowOnt9fX0=', 1769476418),
('u7jcgeVP0dfOLcTXVg6KUr7LwSdfW3QF0F1tXKo1', NULL, '138.68.144.227', 'Mozilla/5.0 (l9scan/2.0.7353e2834313e293e253; +https://leakix.net)', 'YTozOntzOjY6Il90b2tlbiI7czo0MDoiNWM4dDNEZmF3NHF0RHlDb2VLNnduV01tZ2Z1Q25YM2NhWDZRZFo3UyI7czo5OiJfcHJldmlvdXMiO2E6MTp7czozOiJ1cmwiO3M6MzU6Imh0dHBzOi8vd3d3LmVjb21tZXJjZS5kaWdpbnNwaXJlLmluIjt9czo2OiJfZmxhc2giO2E6Mjp7czozOiJvbGQiO2E6MDp7fXM6MzoibmV3IjthOjA6e319fQ==', 1772886321),
('urX2ov218bBy3b4jtI4pxy6BtU5tN3CKy4ZOPByb', NULL, '54.227.223.64', 'Mozilla/5.0 (Windows NT 10.0; Win64; x64) AppleWebKit/537.36 (KHTML, like Gecko) Chrome/130.0.0.0 Safari/537.36', 'YTozOntzOjY6Il90b2tlbiI7czo0MDoiR0VsUVE1MUJnZ0lqY3JBVzBWSkp2MEY0c2Nidm0ycEZXOTFySHREdCI7czo5OiJfcHJldmlvdXMiO2E6MTp7czozOiJ1cmwiO3M6NDQ6Imh0dHBzOi8vZWNvbW1lcmNlLmRpZ2luc3BpcmUuaW4vbWFsZS1mYXNoaW9uIjt9czo2OiJfZmxhc2giO2E6Mjp7czozOiJvbGQiO2E6MDp7fXM6MzoibmV3IjthOjA6e319fQ==', 1771365102),
('V66tyhMlDzIEVprqTilzRG15gpNg1YqG9h1BAoZf', NULL, '35.226.99.235', 'Mozilla/5.0 (compatible; CMS-Checker/1.0; +https://example.com)', 'YTozOntzOjY6Il90b2tlbiI7czo0MDoicGlySW9ZbzlXaVN6Q2F6V21tQmdMRlpDb3JpeWIzUFluNkE5b1d3RCI7czo5OiJfcHJldmlvdXMiO2E6MTp7czozOiJ1cmwiO3M6NDc6Imh0dHA6Ly93d3cuZWNvbW1lcmNlLmRpZ2luc3BpcmUuaW4vbWFsZS1mYXNoaW9uIjt9czo2OiJfZmxhc2giO2E6Mjp7czozOiJvbGQiO2E6MDp7fXM6MzoibmV3IjthOjA6e319fQ==', 1769356906),
('V7dz0z0rF4NpRf44046aqKsY3UUO3XQf879ptMuY', NULL, '74.7.227.188', 'Mozilla/5.0 AppleWebKit/537.36 (KHTML, like Gecko; compatible; GPTBot/1.3; +https://openai.com/gptbot)', 'YTo0OntzOjY6Il90b2tlbiI7czo0MDoiSHl1UlVmRG5TY2tRSmY5Z0IzT1Zjc0xuWTJ3b04weXVmWnVhMkphViI7czo5OiJfcHJldmlvdXMiO2E6MTp7czozOiJ1cmwiO3M6NTY6Imh0dHBzOi8vd3d3LmVjb21tZXJjZS5kaWdpbnNwaXJlLmluL21hbGUtZmFzaGlvbi9jb250YWN0Ijt9czo2OiJfZmxhc2giO2E6Mjp7czozOiJvbGQiO2E6MDp7fXM6MzoibmV3IjthOjA6e319czozOiJ1cmwiO2E6MTp7czo4OiJpbnRlbmRlZCI7czo1NzoiaHR0cHM6Ly93d3cuZWNvbW1lcmNlLmRpZ2luc3BpcmUuaW4vbWFsZS1mYXNoaW9uL3dpc2hsaXN0Ijt9fQ==', 1770597982),
('VgcfkXcDrNAQo37WbkfAy00X0nsN0Hq6rFJL29GF', NULL, '206.168.34.216', 'Mozilla/5.0 (compatible; CensysInspect/1.1; +https://about.censys.io/)', 'YTozOntzOjY6Il90b2tlbiI7czo0MDoicjNuUDVuMHlLb0VJbW9SSW5BOTBCeVMxb0JrUzUzRDBFb2ZobXpnQyI7czo5OiJfcHJldmlvdXMiO2E6MTp7czozOiJ1cmwiO3M6MzQ6Imh0dHA6Ly93d3cuZWNvbW1lcmNlLmRpZ2luc3BpcmUuaW4iO31zOjY6Il9mbGFzaCI7YToyOntzOjM6Im9sZCI7YTowOnt9czozOiJuZXciO2E6MDp7fX19', 1771634707),
('VJ2k1BXc85gpSu5cVj7sg4xUsN6TCe2eBzju752d', NULL, '74.7.227.32', 'Mozilla/5.0 AppleWebKit/537.36 (KHTML, like Gecko; compatible; GPTBot/1.3; +https://openai.com/gptbot)', 'YTozOntzOjY6Il90b2tlbiI7czo0MDoiS1R0UFMwakJDRVV3dU5uUnZWZ21MYVpuNHNBTkVib25LUDJsOUxJdSI7czo5OiJfcHJldmlvdXMiO2E6MTp7czozOiJ1cmwiO3M6NDg6Imh0dHBzOi8vd3d3LmVjb21tZXJjZS5kaWdpbnNwaXJlLmluL21hbGUtZmFzaGlvbiI7fXM6NjoiX2ZsYXNoIjthOjI6e3M6Mzoib2xkIjthOjA6e31zOjM6Im5ldyI7YTowOnt9fX0=', 1769768163),
('VjWdorv1K4WOw4B2ZkdtL9KvtfUM7reFFhvHYJ3F', NULL, '47.237.77.216', 'Mozilla/5.0 (Macintosh; Intel Mac OS X 10_14_6) AppleWebKit/537.36 (KHTML, like Gecko) Chrome/76.0.3809.132 Safari/537.36', 'YTozOntzOjY6Il90b2tlbiI7czo0MDoiazQ3UzFKVldLY2o5am16ZllTVk45UWs3Vm41YWlaR2RJRmlLVkhGeSI7czo5OiJfcHJldmlvdXMiO2E6MTp7czozOiJ1cmwiO3M6MzU6Imh0dHBzOi8vd3d3LmVjb21tZXJjZS5kaWdpbnNwaXJlLmluIjt9czo2OiJfZmxhc2giO2E6Mjp7czozOiJvbGQiO2E6MDp7fXM6MzoibmV3IjthOjA6e319fQ==', 1770403817),
('VuYSs1K2CTELnvJvvKLnXwe9J6Dr6vGmxsSC42H8', NULL, '176.65.132.217', 'Mozilla/5.0 (X11; Linux x86_64; rv:133.0) Gecko/20100101 Firefox/133.0', 'YTozOntzOjY6Il90b2tlbiI7czo0MDoid3lsNGtaWFJFeHZkcTRqZ3AyY2UzV0k1UW1NeWVUbGFPS0lwSEg2SSI7czo5OiJfcHJldmlvdXMiO2E6MTp7czozOiJ1cmwiO3M6NjA6Imh0dHA6Ly9lY29tbWVyY2UuZGlnaW5zcGlyZS5pbi9wdWJsaWMvaW5kZXgucGhwL21hbGUtZmFzaGlvbiI7fXM6NjoiX2ZsYXNoIjthOjI6e3M6Mzoib2xkIjthOjA6e31zOjM6Im5ldyI7YTowOnt9fX0=', 1771787629),
('W3769oTpE7CwZgkDbqdyvQUwq9kUBE9V1RFj1qmZ', NULL, '167.94.146.59', 'Mozilla/5.0 (compatible; CensysInspect/1.1; +https://about.censys.io/)', 'YTozOntzOjY6Il90b2tlbiI7czo0MDoiV2ppVFUyYllhRWEyODU5Rk9kdnp0aFpDWTdmbkdXM1ZNNExPUG1sSCI7czo5OiJfcHJldmlvdXMiO2E6MTp7czozOiJ1cmwiO3M6MzU6Imh0dHBzOi8vd3d3LmVjb21tZXJjZS5kaWdpbnNwaXJlLmluIjt9czo2OiJfZmxhc2giO2E6Mjp7czozOiJvbGQiO2E6MDp7fXM6MzoibmV3IjthOjA6e319fQ==', 1769737404),
('W9RG296ecknjhGI0AMlQbuGVZvrsMPnq5tQmaHV7', NULL, '74.7.242.8', 'Mozilla/5.0 AppleWebKit/537.36 (KHTML, like Gecko; compatible; GPTBot/1.3; +https://openai.com/gptbot)', 'YTo0OntzOjY6Il90b2tlbiI7czo0MDoic1BnODJVSmlGSGRiVnZyTmU3RjVITnhnbmk0WGJUNzBJRGE1dHJnQSI7czo5OiJfcHJldmlvdXMiO2E6MTp7czozOiJ1cmwiO3M6NTY6Imh0dHBzOi8vd3d3LmVjb21tZXJjZS5kaWdpbnNwaXJlLmluL21hbGUtZmFzaGlvbi9jb250YWN0Ijt9czo2OiJfZmxhc2giO2E6Mjp7czozOiJvbGQiO2E6MDp7fXM6MzoibmV3IjthOjA6e319czozOiJ1cmwiO2E6MTp7czo4OiJpbnRlbmRlZCI7czo1NzoiaHR0cHM6Ly93d3cuZWNvbW1lcmNlLmRpZ2luc3BpcmUuaW4vbWFsZS1mYXNoaW9uL3dpc2hsaXN0Ijt9fQ==', 1771576331),
('WCwYD7aMXfP6chUItrH1pI24aIITGDeZIdQNbGp4', NULL, '111.7.100.26', 'Mozilla/5.0 (Windows NT 10.0; Win64; x64) AppleWebKit/537.36 (KHTML, like Gecko) Chrome/92.0.4515.107 Safari/537.36', 'YTozOntzOjY6Il90b2tlbiI7czo0MDoiWmRraWJxWFFJQ25PRnZ4YU5ER3dxM3BSZDlzRVBjcWQwRlVwbGVQWiI7czo5OiJfcHJldmlvdXMiO2E6MTp7czozOiJ1cmwiO3M6MzQ6Imh0dHA6Ly93d3cuZWNvbW1lcmNlLmRpZ2luc3BpcmUuaW4iO31zOjY6Il9mbGFzaCI7YToyOntzOjM6Im9sZCI7YTowOnt9czozOiJuZXciO2E6MDp7fX19', 1770263871),
('wo41hLoV3HueiYPqfor0hrW4J7URFYbVFaa4tabT', NULL, '198.235.24.13', 'Hello from Palo Alto Networks, find out more about our scans in https://docs-cortex.paloaltonetworks.com/r/1/Cortex-Xpanse/Scanning-activity', 'YTozOntzOjY6Il90b2tlbiI7czo0MDoiM01FWDk0UFBaUzBLYnFPSnFPbmZxaDluTXVCYmJUUlpTZjZ1amRQMiI7czo5OiJfcHJldmlvdXMiO2E6MTp7czozOiJ1cmwiO3M6NDQ6Imh0dHBzOi8vZWNvbW1lcmNlLmRpZ2luc3BpcmUuaW4vbWFsZS1mYXNoaW9uIjt9czo2OiJfZmxhc2giO2E6Mjp7czozOiJvbGQiO2E6MDp7fXM6MzoibmV3IjthOjA6e319fQ==', 1771213867),
('wplF66CFLBM5GX8FpxE1PNoFMTlrsnLjWaDqqjP6', NULL, '68.183.95.184', 'Mozilla/5.0 (X11; Linux x86_64) AppleWebKit/537.36 (KHTML, like Gecko) Chrome/142.0.0.0 Safari/537.36', 'YTozOntzOjY6Il90b2tlbiI7czo0MDoiR2lkamZzWVJXWnozaXJsN0psQVh5TGtwaWN4ZEJWMmNkbDlxNFdsWCI7czo5OiJfcHJldmlvdXMiO2E6MTp7czozOiJ1cmwiO3M6NDg6Imh0dHBzOi8vd3d3LmVjb21tZXJjZS5kaWdpbnNwaXJlLmluL21hbGUtZmFzaGlvbiI7fXM6NjoiX2ZsYXNoIjthOjI6e3M6Mzoib2xkIjthOjA6e31zOjM6Im5ldyI7YTowOnt9fX0=', 1771325851),
('WrObNNzAIPqXwIPk24MaW4B3hcOi6keV7BYANCes', NULL, '52.4.193.97', 'Mozilla/5.0 (Windows NT 10.0; Win64; x64) AppleWebKit/537.36 (KHTML, like Gecko) Chrome/107.0.0.0 Safari/537.36 Edg/107.0.1418.62', 'YTozOntzOjY6Il90b2tlbiI7czo0MDoiSUZaclR5WnNZSGh6alpBbWg3Mzh1aTdzeTZqc0VlNWFmd2ZhM1RrTCI7czo5OiJfcHJldmlvdXMiO2E6MTp7czozOiJ1cmwiO3M6MzU6Imh0dHBzOi8vd3d3LmVjb21tZXJjZS5kaWdpbnNwaXJlLmluIjt9czo2OiJfZmxhc2giO2E6Mjp7czozOiJvbGQiO2E6MDp7fXM6MzoibmV3IjthOjA6e319fQ==', 1770143171),
('WRT3702Zb0EJ0h38OaGxRUvwkh6DmkqJaUjizKHE', NULL, '199.45.154.123', 'Mozilla/5.0 (compatible; CensysInspect/1.1; +https://about.censys.io/)', 'YTozOntzOjY6Il90b2tlbiI7czo0MDoiZlJPSEI5bEdqYjMyR2duSzVPdUxTNTRoY09Gb3NhUVFlZVBPQVNuQSI7czo5OiJfcHJldmlvdXMiO2E6MTp7czozOiJ1cmwiO3M6MzQ6Imh0dHA6Ly93d3cuZWNvbW1lcmNlLmRpZ2luc3BpcmUuaW4iO31zOjY6Il9mbGFzaCI7YToyOntzOjM6Im9sZCI7YTowOnt9czozOiJuZXciO2E6MDp7fX19', 1772152420),
('wtcTDNxpP3m5rSOsZo6tMGWMb1u9mxt5le6rheoY', NULL, '172.86.90.207', 'Mozilla/5.0 (X11; Ubuntu; Linux i686; rv:28.0) Gecko/20100101 Firefox/28.0', 'YTozOntzOjY6Il90b2tlbiI7czo0MDoiMDNvcW1hZTVrUkNWam51MHRCN05veHVxQnZDSmNGeWIxeXF0aHZuYyI7czo5OiJfcHJldmlvdXMiO2E6MTp7czozOiJ1cmwiO3M6NDc6Imh0dHA6Ly93d3cuZWNvbW1lcmNlLmRpZ2luc3BpcmUuaW4vbWFsZS1mYXNoaW9uIjt9czo2OiJfZmxhc2giO2E6Mjp7czozOiJvbGQiO2E6MDp7fXM6MzoibmV3IjthOjA6e319fQ==', 1771394647),
('WTDBL3G5ppPWsT8df76rCFHKrZfOW4ZVhmBFSOr9', NULL, '98.83.57.80', 'Mozilla/5.0 (Macintosh; Intel Mac OS X 10_15_7) AppleWebKit/537.36 (KHTML, like Gecko) Chrome/128.0.0.0 Safari/537.36', 'YTozOntzOjY6Il90b2tlbiI7czo0MDoiUGdoNmxoZjJyMjVPRjV3d3RvazQ0RGo3MzhTYkRZWUtvdHBYMDFFVCI7czo5OiJfcHJldmlvdXMiO2E6MTp7czozOiJ1cmwiO3M6MzQ6Imh0dHA6Ly93d3cuZWNvbW1lcmNlLmRpZ2luc3BpcmUuaW4iO31zOjY6Il9mbGFzaCI7YToyOntzOjM6Im9sZCI7YTowOnt9czozOiJuZXciO2E6MDp7fX19', 1771856780),
('WUWsrJ58H5KUO4zIh3YNSPyIwIRJhgbmxE44t8sb', NULL, '138.197.44.227', 'Mozilla/5.0 (Windows NT 10.0; Win64; x64) AppleWebKit/537.36 (KHTML, like Gecko) Chrome/101.0.4951.64 Safari/537.36 Edg/101.0.1210.47', 'YTozOntzOjY6Il90b2tlbiI7czo0MDoiVmV1VW9pNklLbllxTWZlTmJXMVFyYm9TeEdGNlhsdEdnYlNMbFZ6NCI7czo5OiJfcHJldmlvdXMiO2E6MTp7czozOiJ1cmwiO3M6NDQ6Imh0dHBzOi8vZWNvbW1lcmNlLmRpZ2luc3BpcmUuaW4vbWFsZS1mYXNoaW9uIjt9czo2OiJfZmxhc2giO2E6Mjp7czozOiJvbGQiO2E6MDp7fXM6MzoibmV3IjthOjA6e319fQ==', 1771291614),
('WXIEoNOJLaiS0DAyDygAIeaFe250veWglpy5HL3e', NULL, '3.18.186.238', 'air.ai/scanning Mozilla/5.0 (Macintosh; Intel Mac OS X 10_15_7) Chrome/126.0.0.0 Safari/537.36', 'YTozOntzOjY6Il90b2tlbiI7czo0MDoiMkc1YzRVR1ptYUM2Ym9kdEQxbVFFMzh4dnBCbDlJZHMxYTY0dXBvZSI7czo5OiJfcHJldmlvdXMiO2E6MTp7czozOiJ1cmwiO3M6MzE6Imh0dHBzOi8vZWNvbW1lcmNlLmRpZ2luc3BpcmUuaW4iO31zOjY6Il9mbGFzaCI7YToyOntzOjM6Im9sZCI7YTowOnt9czozOiJuZXciO2E6MDp7fX19', 1769431838),
('XAdsLK3SbCPKyoHt0hQPZNAkwvX2m4r7j0PrpI8A', NULL, '34.206.74.121', 'Mozilla/5.0 (Windows NT 10.0; Win64; x64) AppleWebKit/537.36 (KHTML, like Gecko) Chrome/138.0.7204.97 Safari/537.36', 'YTozOntzOjY6Il90b2tlbiI7czo0MDoiaWlJQnZvaGVjNDhSb3kwbkFkaUxKSVUwTlJpTEwzMzRDZ3d3Y2RyTSI7czo5OiJfcHJldmlvdXMiO2E6MTp7czozOiJ1cmwiO3M6NDg6Imh0dHBzOi8vd3d3LmVjb21tZXJjZS5kaWdpbnNwaXJlLmluL21hbGUtZmFzaGlvbiI7fXM6NjoiX2ZsYXNoIjthOjI6e3M6Mzoib2xkIjthOjA6e31zOjM6Im5ldyI7YTowOnt9fX0=', 1770281834),
('xCMy6UacQjFemtC8mnqZAtqqJIQG8hKMyCDi63QS', NULL, '198.235.24.27', 'Hello from Palo Alto Networks, find out more about our scans in https://docs-cortex.paloaltonetworks.com/r/1/Cortex-Xpanse/Scanning-activity', 'YTozOntzOjY6Il90b2tlbiI7czo0MDoidmtXOUNMeWRkRU5GYUhaUlRCTGZUWGs5VjN6eFBSYjJDSUpsMjhaVyI7czo5OiJfcHJldmlvdXMiO2E6MTp7czozOiJ1cmwiO3M6MzU6Imh0dHBzOi8vd3d3LmVjb21tZXJjZS5kaWdpbnNwaXJlLmluIjt9czo2OiJfZmxhc2giO2E6Mjp7czozOiJvbGQiO2E6MDp7fXM6MzoibmV3IjthOjA6e319fQ==', 1771133872),
('xg3O3JyeQGLpMtougJQUZ9XTEWx6DW5QIGULKFLJ', NULL, '167.94.146.62', 'Mozilla/5.0 (compatible; CensysInspect/1.1; +https://about.censys.io/)', 'YTozOntzOjY6Il90b2tlbiI7czo0MDoiTnd2Y3B4ME1PaE5QTWhVaXczYnc4QkVGdlU0RU1hUzRHek5UWTJvcCI7czo5OiJfcHJldmlvdXMiO2E6MTp7czozOiJ1cmwiO3M6MzU6Imh0dHBzOi8vd3d3LmVjb21tZXJjZS5kaWdpbnNwaXJlLmluIjt9czo2OiJfZmxhc2giO2E6Mjp7czozOiJvbGQiO2E6MDp7fXM6MzoibmV3IjthOjA6e319fQ==', 1772152420),
('XHcOkB9dJK4t5IA0qEiI6hssUOVAbIhReqoC78fh', NULL, '176.65.148.161', 'Mozilla/5.0 (compatible; Let\'s Encrypt validation server; +https://www.letsencrypt.org)', 'YToyOntzOjY6Il90b2tlbiI7czo0MDoia2hKcHVwTVp3STcyZUdwMmhaRldVVU9RaDFOTzd5MzZWaXdpUTliOCI7czo2OiJfZmxhc2giO2E6Mjp7czozOiJvbGQiO2E6MDp7fXM6MzoibmV3IjthOjA6e319fQ==', 1772890288),
('XiCQxJSfhuOGRzvcncx9oKv6zLV0dGxN6Dcfx1Vu', NULL, '66.132.153.143', 'Mozilla/5.0 (compatible; CensysInspect/1.1; +https://about.censys.io/)', 'YTozOntzOjY6Il90b2tlbiI7czo0MDoiUDBhbzRwSFlQSXJ5OHRZZVFrSE8xb05rR1hyaEt0YkNJZTAxSGVPRiI7czo5OiJfcHJldmlvdXMiO2E6MTp7czozOiJ1cmwiO3M6NDc6Imh0dHA6Ly93d3cuZWNvbW1lcmNlLmRpZ2luc3BpcmUuaW4vbWFsZS1mYXNoaW9uIjt9czo2OiJfZmxhc2giO2E6Mjp7czozOiJvbGQiO2E6MDp7fXM6MzoibmV3IjthOjA6e319fQ==', 1769760723),
('XQBFrBXrUvTPluRc9aIR1JnhlPAjPkB1MYcxTDMz', NULL, '3.20.201.240', 'air.ai/scanning Mozilla/5.0 (Macintosh; Intel Mac OS X 10_15_7) Chrome/126.0.0.0 Safari/537.36', 'YTozOntzOjY6Il90b2tlbiI7czo0MDoiSVR2Nmkwd0RHdzViNFppRFJVaVluWmdDdDhTQ1dGTmhkWGQydE9iNiI7czo5OiJfcHJldmlvdXMiO2E6MTp7czozOiJ1cmwiO3M6NDM6Imh0dHA6Ly9lY29tbWVyY2UuZGlnaW5zcGlyZS5pbi9tYWxlLWZhc2hpb24iO31zOjY6Il9mbGFzaCI7YToyOntzOjM6Im9sZCI7YTowOnt9czozOiJuZXciO2E6MDp7fX19', 1769876469),
('Y8lcuX1VsNdEuELvKZar6uOCiWIgybm7X4xFLwwC', NULL, '3.230.41.50', 'Mozilla/5.0 (Windows NT 6.1; WOW64; Trident/7.0; rv:11.0) like Gecko', 'YTozOntzOjY6Il90b2tlbiI7czo0MDoiT082eHRHMDhwdDE3UnJCZjB2VVNYM0dkNHB1bUswN3BMS1Z1cjF1SiI7czo5OiJfcHJldmlvdXMiO2E6MTp7czozOiJ1cmwiO3M6NDg6Imh0dHBzOi8vd3d3LmVjb21tZXJjZS5kaWdpbnNwaXJlLmluL21hbGUtZmFzaGlvbiI7fXM6NjoiX2ZsYXNoIjthOjI6e3M6Mzoib2xkIjthOjA6e31zOjM6Im5ldyI7YTowOnt9fX0=', 1770541827),
('YJjEZ4qn1iMuu7e6nSQ59odDlSasUy9eieZcl70i', NULL, '107.172.58.36', 'Mozilla/5.0 (Macintosh; Intel Mac OS X 15_7_3) AppleWebKit/605.1.15 (KHTML, like Gecko) Version/26.0 Safari/605.1.15', 'YTozOntzOjY6Il90b2tlbiI7czo0MDoibVJLdmEzb1IzNGJvMGFaNng2d2IwWnJ6OWplVDhNbW14WHNvajZNQiI7czo5OiJfcHJldmlvdXMiO2E6MTp7czozOiJ1cmwiO3M6MzQ6Imh0dHA6Ly93d3cuZWNvbW1lcmNlLmRpZ2luc3BpcmUuaW4iO31zOjY6Il9mbGFzaCI7YToyOntzOjM6Im9sZCI7YTowOnt9czozOiJuZXciO2E6MDp7fX19', 1769863671),
('YJRkwyVMPQ5GmxAuIeZyYGUXqwhXDxTVvP0lnwqZ', NULL, '159.65.18.197', 'Mozilla/5.0 (l9scan/2.0.7353e2834313e293e253; +https://leakix.net)', 'YTozOntzOjY6Il90b2tlbiI7czo0MDoiQTdPZ2xZRmdnQjVWOVVGZk9KS0JNRDhON0tVTXZBSnlwbElkMUVLSSI7czo5OiJfcHJldmlvdXMiO2E6MTp7czozOiJ1cmwiO3M6MzQ6Imh0dHA6Ly93d3cuZWNvbW1lcmNlLmRpZ2luc3BpcmUuaW4iO31zOjY6Il9mbGFzaCI7YToyOntzOjM6Im9sZCI7YTowOnt9czozOiJuZXciO2E6MDp7fX19', 1772886172),
('yl7wD1BllsSsbP93mNuoyds9QXxFyDKvEdDYu8oF', NULL, '79.127.221.66', 'Mozilla/5.0 (Macintosh; Intel Mac OS X 11_0_0) AppleWebKit/537.36 (KHTML, like Gecko) Chrome/87.0.4280.88 Safari/537.36', 'YTozOntzOjY6Il90b2tlbiI7czo0MDoiVFJsWEdGd1l3NFZDYXNUQ3pRZ01LdDNISjlrTjlKbXM5aFhKZzR5OSI7czo5OiJfcHJldmlvdXMiO2E6MTp7czozOiJ1cmwiO3M6NDc6Imh0dHA6Ly93d3cuZWNvbW1lcmNlLmRpZ2luc3BpcmUuaW4vbWFsZS1mYXNoaW9uIjt9czo2OiJfZmxhc2giO2E6Mjp7czozOiJvbGQiO2E6MDp7fXM6MzoibmV3IjthOjA6e319fQ==', 1770378174),
('Z7ALXsyZgu51TJvfGzxEyOg5hdwDSsat5mprThuJ', NULL, '87.236.176.232', 'Mozilla/5.0 (compatible; InternetMeasurement/1.0; +https://internet-measurement.com/)', 'YTozOntzOjY6Il90b2tlbiI7czo0MDoidUVXVG5TWFNzRHRLZzdhTXJIcXFQSFlxTHMzWUpQdThjNlpJS1RkWCI7czo5OiJfcHJldmlvdXMiO2E6MTp7czozOiJ1cmwiO3M6NDc6Imh0dHA6Ly93d3cuZWNvbW1lcmNlLmRpZ2luc3BpcmUuaW4vbWFsZS1mYXNoaW9uIjt9czo2OiJfZmxhc2giO2E6Mjp7czozOiJvbGQiO2E6MDp7fXM6MzoibmV3IjthOjA6e319fQ==', 1771579601),
('Z8nWTDtFBJGf0X9tA04Q2hk8i8sviCTSycy17RcX', NULL, '146.148.97.119', 'Mozilla/5.0 (Windows NT 10.0; Win64; x64) AppleWebKit/537.36 (KHTML, like Gecko) Chrome/78.0.3904.108 Safari/537.36', 'YTozOntzOjY6Il90b2tlbiI7czo0MDoiWEpPOGh1QjlSTUtzUzZwQVNuU1pMRXVpcnlUQUFIR2dXMHFodzl0NiI7czo5OiJfcHJldmlvdXMiO2E6MTp7czozOiJ1cmwiO3M6NDM6Imh0dHA6Ly9lY29tbWVyY2UuZGlnaW5zcGlyZS5pbi9tYWxlLWZhc2hpb24iO31zOjY6Il9mbGFzaCI7YToyOntzOjM6Im9sZCI7YTowOnt9czozOiJuZXciO2E6MDp7fX19', 1770128597),
('ZbzoDnV0UYmuOwBNPjRPK7aSf32RLBqdfC6ky7xT', NULL, '107.21.11.47', 'Mozilla/5.0 (Windows NT 10.0; Win64; x64) AppleWebKit/537.36 (KHTML, like Gecko) Chrome/137.0.0.0 Safari/537.36', 'YTozOntzOjY6Il90b2tlbiI7czo0MDoib1UxQTBjdnNUSDhRZnlrZ0YxaGR6RFpjT1VBRHhHOHpBbWc2SWU0dSI7czo5OiJfcHJldmlvdXMiO2E6MTp7czozOiJ1cmwiO3M6NDg6Imh0dHBzOi8vd3d3LmVjb21tZXJjZS5kaWdpbnNwaXJlLmluL21hbGUtZmFzaGlvbiI7fXM6NjoiX2ZsYXNoIjthOjI6e3M6Mzoib2xkIjthOjA6e31zOjM6Im5ldyI7YTowOnt9fX0=', 1771739201),
('zdCPoKDmrJkoMIDnQzj1UAU98VAYbANosbgIYsbG', NULL, '204.76.203.25', 'Mozilla/5.0 (Windows NT 10.0; Win64; x64) AppleWebKit/537.36 (KHTML, like Gecko) Chrome/134.0.0.0 Safari/537.3', 'YTozOntzOjY6Il90b2tlbiI7czo0MDoiQk1RdEhRMm5nOGZoMEFUc2FJRkJRWmZkeXltaGFGTE45TEpKdVk2SSI7czo5OiJfcHJldmlvdXMiO2E6MTp7czozOiJ1cmwiO3M6NDQ6Imh0dHBzOi8vZWNvbW1lcmNlLmRpZ2luc3BpcmUuaW4vbWFsZS1mYXNoaW9uIjt9czo2OiJfZmxhc2giO2E6Mjp7czozOiJvbGQiO2E6MDp7fXM6MzoibmV3IjthOjA6e319fQ==', 1769835153),
('zm4VbYVH0MWBykyRFjWz1RZDjN0glfYcSSGxoXvG', NULL, '74.7.243.210', 'Mozilla/5.0 AppleWebKit/537.36 (KHTML, like Gecko; compatible; GPTBot/1.3; +https://openai.com/gptbot)', 'YTozOntzOjY6Il90b2tlbiI7czo0MDoiQ1R6alhlSWxxNXpUZUt6cFdMclp1c1FIWVo0Y1pnZG91V3dJNUI4WiI7czo5OiJfcHJldmlvdXMiO2E6MTp7czozOiJ1cmwiO3M6NDg6Imh0dHBzOi8vd3d3LmVjb21tZXJjZS5kaWdpbnNwaXJlLmluL21hbGUtZmFzaGlvbiI7fXM6NjoiX2ZsYXNoIjthOjI6e3M6Mzoib2xkIjthOjA6e31zOjM6Im5ldyI7YTowOnt9fX0=', 1770784023),
('ZoSHCRTcgnww6CYKaHV8PL0IrOR9cwXltSeM1Jrq', NULL, '121.127.34.138', 'Mozilla/5.0 (Windows NT 10.0; Win64; x64) AppleWebKit/537.36 (KHTML, like Gecko) Chrome/131.0.0.0 Safari/537.36 Edg/131.0.0.0', 'YTozOntzOjY6Il90b2tlbiI7czo0MDoiNjZ1YTRFUXh0MlB0Sm51Z3NreGZicW8yYU1wZm5KVUdEZm5VWnZzaSI7czo5OiJfcHJldmlvdXMiO2E6MTp7czozOiJ1cmwiO3M6MzA6Imh0dHA6Ly9lY29tbWVyY2UuZGlnaW5zcGlyZS5pbiI7fXM6NjoiX2ZsYXNoIjthOjI6e3M6Mzoib2xkIjthOjA6e31zOjM6Im5ldyI7YTowOnt9fX0=', 1771734633),
('ZW6sfWqbQ4GABthnN1dCyopaH6kWgeXFyElmsXzo', NULL, '54.195.15.72', 'Mozilla/5.0 (compatible; NetcraftSurveyAgent/1.0; +info@netcraft.com)', 'YTozOntzOjY6Il90b2tlbiI7czo0MDoibTkwcWFZaGxqV3U1VWtmWHV4VUpMek5HdkNHMmdQZng3UVVoa1g4UyI7czo5OiJfcHJldmlvdXMiO2E6MTp7czozOiJ1cmwiO3M6NDc6Imh0dHA6Ly93d3cuZWNvbW1lcmNlLmRpZ2luc3BpcmUuaW4vbWFsZS1mYXNoaW9uIjt9czo2OiJfZmxhc2giO2E6Mjp7czozOiJvbGQiO2E6MDp7fXM6MzoibmV3IjthOjA6e319fQ==', 1772967538);

-- --------------------------------------------------------

--
-- Table structure for table `shipping_charges`
--

CREATE TABLE `shipping_charges` (
  `id` bigint UNSIGNED NOT NULL,
  `country_id` varchar(255) COLLATE utf8mb4_unicode_ci NOT NULL,
  `amount` double NOT NULL,
  `created_at` timestamp NULL DEFAULT NULL,
  `updated_at` timestamp NULL DEFAULT NULL
) ENGINE=InnoDB DEFAULT CHARSET=utf8mb4 COLLATE=utf8mb4_unicode_ci;

--
-- Dumping data for table `shipping_charges`
--

INSERT INTO `shipping_charges` (`id`, `country_id`, `amount`, `created_at`, `updated_at`) VALUES
(1, 'rest_of_world', 10, '2025-02-08 11:15:57', '2025-02-08 11:15:57'),
(6, '100', 30, '2025-02-15 06:01:36', '2025-11-10 02:27:04');

-- --------------------------------------------------------

--
-- Table structure for table `sub_categories`
--

CREATE TABLE `sub_categories` (
  `id` bigint UNSIGNED NOT NULL,
  `name` varchar(255) COLLATE utf8mb4_unicode_ci NOT NULL,
  `slug` varchar(255) COLLATE utf8mb4_unicode_ci NOT NULL,
  `category_id` varchar(255) COLLATE utf8mb4_unicode_ci NOT NULL,
  `status` enum('active','block') COLLATE utf8mb4_unicode_ci NOT NULL DEFAULT 'active',
  `created_at` timestamp NULL DEFAULT NULL,
  `updated_at` timestamp NULL DEFAULT NULL
) ENGINE=InnoDB DEFAULT CHARSET=utf8mb4 COLLATE=utf8mb4_unicode_ci;

-- --------------------------------------------------------

--
-- Table structure for table `whishlists`
--

CREATE TABLE `whishlists` (
  `id` bigint UNSIGNED NOT NULL,
  `user_id` bigint UNSIGNED NOT NULL,
  `product_id` bigint UNSIGNED NOT NULL,
  `is_favorite` tinyint(1) NOT NULL DEFAULT '0',
  `created_at` timestamp NULL DEFAULT NULL,
  `updated_at` timestamp NULL DEFAULT NULL
) ENGINE=InnoDB DEFAULT CHARSET=utf8mb4 COLLATE=utf8mb4_unicode_ci;

--
-- Dumping data for table `whishlists`
--

INSERT INTO `whishlists` (`id`, `user_id`, `product_id`, `is_favorite`, `created_at`, `updated_at`) VALUES
(12, 4, 4, 0, '2025-11-10 02:11:06', '2025-11-10 02:11:06'),
(14, 4, 3, 0, '2025-11-10 02:11:38', '2025-11-10 02:11:38');

--
-- Indexes for dumped tables
--

--
-- Indexes for table `brands`
--
ALTER TABLE `brands`
  ADD PRIMARY KEY (`id`);

--
-- Indexes for table `categories`
--
ALTER TABLE `categories`
  ADD PRIMARY KEY (`id`);

--
-- Indexes for table `countries`
--
ALTER TABLE `countries`
  ADD PRIMARY KEY (`id`);

--
-- Indexes for table `customer_addresses`
--
ALTER TABLE `customer_addresses`
  ADD PRIMARY KEY (`id`),
  ADD KEY `customer_addresses_user_id_foreign` (`user_id`),
  ADD KEY `customer_addresses_country_id_foreign` (`country_id`);

--
-- Indexes for table `customer_reviews`
--
ALTER TABLE `customer_reviews`
  ADD PRIMARY KEY (`id`),
  ADD KEY `customer_reviews_user_id_foreign` (`user_id`),
  ADD KEY `customer_reviews_product_id_foreign` (`product_id`);

--
-- Indexes for table `failed_jobs`
--
ALTER TABLE `failed_jobs`
  ADD PRIMARY KEY (`id`),
  ADD UNIQUE KEY `failed_jobs_uuid_unique` (`uuid`);

--
-- Indexes for table `jobs`
--
ALTER TABLE `jobs`
  ADD PRIMARY KEY (`id`),
  ADD KEY `jobs_queue_index` (`queue`);

--
-- Indexes for table `job_batches`
--
ALTER TABLE `job_batches`
  ADD PRIMARY KEY (`id`);

--
-- Indexes for table `migrations`
--
ALTER TABLE `migrations`
  ADD PRIMARY KEY (`id`);

--
-- Indexes for table `orders`
--
ALTER TABLE `orders`
  ADD PRIMARY KEY (`id`),
  ADD KEY `orders_user_id_foreign` (`user_id`),
  ADD KEY `orders_country_id_foreign` (`country_id`);

--
-- Indexes for table `order_items`
--
ALTER TABLE `order_items`
  ADD PRIMARY KEY (`id`),
  ADD KEY `order_items_order_id_foreign` (`order_id`),
  ADD KEY `order_items_product_id_foreign` (`product_id`);

--
-- Indexes for table `products`
--
ALTER TABLE `products`
  ADD PRIMARY KEY (`id`),
  ADD KEY `products_user_id_foreign` (`user_id`);

--
-- Indexes for table `product_brands`
--
ALTER TABLE `product_brands`
  ADD PRIMARY KEY (`id`),
  ADD KEY `product_brands_product_id_foreign` (`product_id`),
  ADD KEY `product_brands_brand_id_foreign` (`brand_id`);

--
-- Indexes for table `product_categories`
--
ALTER TABLE `product_categories`
  ADD PRIMARY KEY (`id`),
  ADD KEY `product_categories_product_id_foreign` (`product_id`),
  ADD KEY `product_categories_category_id_foreign` (`category_id`);

--
-- Indexes for table `product_images`
--
ALTER TABLE `product_images`
  ADD PRIMARY KEY (`id`),
  ADD KEY `product_images_product_id_foreign` (`product_id`);

--
-- Indexes for table `sessions`
--
ALTER TABLE `sessions`
  ADD PRIMARY KEY (`id`),
  ADD KEY `sessions_user_id_index` (`user_id`),
  ADD KEY `sessions_last_activity_index` (`last_activity`);

--
-- Indexes for table `shipping_charges`
--
ALTER TABLE `shipping_charges`
  ADD PRIMARY KEY (`id`);

--
-- Indexes for table `sub_categories`
--
ALTER TABLE `sub_categories`
  ADD PRIMARY KEY (`id`);

--
-- Indexes for table `whishlists`
--
ALTER TABLE `whishlists`
  ADD PRIMARY KEY (`id`),
  ADD KEY `whishlists_user_id_foreign` (`user_id`),
  ADD KEY `whishlists_product_id_foreign` (`product_id`);

--
-- AUTO_INCREMENT for dumped tables
--

--
-- AUTO_INCREMENT for table `brands`
--
ALTER TABLE `brands`
  MODIFY `id` bigint UNSIGNED NOT NULL AUTO_INCREMENT, AUTO_INCREMENT=32;

--
-- AUTO_INCREMENT for table `categories`
--
ALTER TABLE `categories`
  MODIFY `id` bigint UNSIGNED NOT NULL AUTO_INCREMENT, AUTO_INCREMENT=27;

--
-- AUTO_INCREMENT for table `countries`
--
ALTER TABLE `countries`
  MODIFY `id` bigint UNSIGNED NOT NULL AUTO_INCREMENT, AUTO_INCREMENT=243;

--
-- AUTO_INCREMENT for table `customer_addresses`
--
ALTER TABLE `customer_addresses`
  MODIFY `id` bigint UNSIGNED NOT NULL AUTO_INCREMENT, AUTO_INCREMENT=4;

--
-- AUTO_INCREMENT for table `customer_reviews`
--
ALTER TABLE `customer_reviews`
  MODIFY `id` bigint UNSIGNED NOT NULL AUTO_INCREMENT, AUTO_INCREMENT=20;

--
-- AUTO_INCREMENT for table `failed_jobs`
--
ALTER TABLE `failed_jobs`
  MODIFY `id` bigint UNSIGNED NOT NULL AUTO_INCREMENT;

--
-- AUTO_INCREMENT for table `jobs`
--
ALTER TABLE `jobs`
  MODIFY `id` bigint UNSIGNED NOT NULL AUTO_INCREMENT;

--
-- AUTO_INCREMENT for table `migrations`
--
ALTER TABLE `migrations`
  MODIFY `id` int UNSIGNED NOT NULL AUTO_INCREMENT, AUTO_INCREMENT=20;

--
-- AUTO_INCREMENT for table `orders`
--
ALTER TABLE `orders`
  MODIFY `id` bigint UNSIGNED NOT NULL AUTO_INCREMENT, AUTO_INCREMENT=5;

--
-- AUTO_INCREMENT for table `order_items`
--
ALTER TABLE `order_items`
  MODIFY `id` bigint UNSIGNED NOT NULL AUTO_INCREMENT, AUTO_INCREMENT=6;

--
-- AUTO_INCREMENT for table `products`
--
ALTER TABLE `products`
  MODIFY `id` bigint UNSIGNED NOT NULL AUTO_INCREMENT, AUTO_INCREMENT=43;

--
-- AUTO_INCREMENT for table `product_brands`
--
ALTER TABLE `product_brands`
  MODIFY `id` bigint UNSIGNED NOT NULL AUTO_INCREMENT, AUTO_INCREMENT=43;

--
-- AUTO_INCREMENT for table `product_categories`
--
ALTER TABLE `product_categories`
  MODIFY `id` bigint UNSIGNED NOT NULL AUTO_INCREMENT, AUTO_INCREMENT=48;

--
-- AUTO_INCREMENT for table `product_images`
--
ALTER TABLE `product_images`
  MODIFY `id` bigint UNSIGNED NOT NULL AUTO_INCREMENT, AUTO_INCREMENT=12;

--
-- AUTO_INCREMENT for table `shipping_charges`
--
ALTER TABLE `shipping_charges`
  MODIFY `id` bigint UNSIGNED NOT NULL AUTO_INCREMENT, AUTO_INCREMENT=7;

--
-- AUTO_INCREMENT for table `sub_categories`
--
ALTER TABLE `sub_categories`
  MODIFY `id` bigint UNSIGNED NOT NULL AUTO_INCREMENT;

--
-- AUTO_INCREMENT for table `whishlists`
--
ALTER TABLE `whishlists`
  MODIFY `id` bigint UNSIGNED NOT NULL AUTO_INCREMENT, AUTO_INCREMENT=15;

--
-- Constraints for dumped tables
--

--
-- Constraints for table `customer_addresses`
--
ALTER TABLE `customer_addresses`
  ADD CONSTRAINT `customer_addresses_country_id_foreign` FOREIGN KEY (`country_id`) REFERENCES `countries` (`id`) ON DELETE CASCADE,
  ADD CONSTRAINT `customer_addresses_user_id_foreign` FOREIGN KEY (`user_id`) REFERENCES `users` (`id`) ON DELETE CASCADE;

--
-- Constraints for table `customer_reviews`
--
ALTER TABLE `customer_reviews`
  ADD CONSTRAINT `customer_reviews_product_id_foreign` FOREIGN KEY (`product_id`) REFERENCES `products` (`id`) ON DELETE CASCADE,
  ADD CONSTRAINT `customer_reviews_user_id_foreign` FOREIGN KEY (`user_id`) REFERENCES `users` (`id`) ON DELETE CASCADE;

--
-- Constraints for table `orders`
--
ALTER TABLE `orders`
  ADD CONSTRAINT `orders_country_id_foreign` FOREIGN KEY (`country_id`) REFERENCES `countries` (`id`) ON DELETE CASCADE,
  ADD CONSTRAINT `orders_user_id_foreign` FOREIGN KEY (`user_id`) REFERENCES `users` (`id`) ON DELETE CASCADE;

--
-- Constraints for table `order_items`
--
ALTER TABLE `order_items`
  ADD CONSTRAINT `order_items_order_id_foreign` FOREIGN KEY (`order_id`) REFERENCES `orders` (`id`) ON DELETE CASCADE,
  ADD CONSTRAINT `order_items_product_id_foreign` FOREIGN KEY (`product_id`) REFERENCES `products` (`id`) ON DELETE CASCADE;

--
-- Constraints for table `products`
--
ALTER TABLE `products`
  ADD CONSTRAINT `products_user_id_foreign` FOREIGN KEY (`user_id`) REFERENCES `users` (`id`) ON DELETE CASCADE;

--
-- Constraints for table `product_brands`
--
ALTER TABLE `product_brands`
  ADD CONSTRAINT `product_brands_brand_id_foreign` FOREIGN KEY (`brand_id`) REFERENCES `brands` (`id`) ON DELETE CASCADE,
  ADD CONSTRAINT `product_brands_product_id_foreign` FOREIGN KEY (`product_id`) REFERENCES `products` (`id`) ON DELETE CASCADE;

--
-- Constraints for table `product_categories`
--
ALTER TABLE `product_categories`
  ADD CONSTRAINT `product_categories_category_id_foreign` FOREIGN KEY (`category_id`) REFERENCES `categories` (`id`) ON DELETE CASCADE,
  ADD CONSTRAINT `product_categories_product_id_foreign` FOREIGN KEY (`product_id`) REFERENCES `products` (`id`) ON DELETE CASCADE;

--
-- Constraints for table `product_images`
--
ALTER TABLE `product_images`
  ADD CONSTRAINT `product_images_product_id_foreign` FOREIGN KEY (`product_id`) REFERENCES `products` (`id`) ON DELETE CASCADE;

--
-- Constraints for table `whishlists`
--
ALTER TABLE `whishlists`
  ADD CONSTRAINT `whishlists_product_id_foreign` FOREIGN KEY (`product_id`) REFERENCES `products` (`id`) ON DELETE CASCADE,
  ADD CONSTRAINT `whishlists_user_id_foreign` FOREIGN KEY (`user_id`) REFERENCES `users` (`id`) ON DELETE CASCADE;
COMMIT;

