-- https://www.phpmyadmin.net/
--

START TRANSACTION;



-- --------------------------------------------------------

--
-- Table structure for table `categories`
--

CREATE TABLE `categories` (
  `category_id` int NOT NULL,
  `category_name` varchar(255) NOT NULL,
  `category_image` varchar(255) DEFAULT NULL,
  `category_price` decimal(10,2) DEFAULT NULL
) ENGINE=InnoDB DEFAULT CHARSET=utf8mb4 COLLATE=utf8mb4_0900_ai_ci;

--
-- Dumping data for table `categories`
--

INSERT INTO `categories` (`category_id`, `category_name`, `category_image`, `category_price`) VALUES
(2, 'Men Shoes', 'download.jpg', 900.00),
(4, 'LONG SLEEVE SHIRT', '', 1000.00),
(5, 'SHORT SLEEVE MEN DRESS SHIRT BUTTON DOWNS ', '', 1000.00),
(6, 'POLO SHIRT', '', 1000.00),
(7, 'WOMEN SWEATER', '', 2000.00),
(9, 'MEN HOODIES', '', 2500.00),
(10, 'LIGHT WEATHER JACKETS FOR MEN AND BOYS ', 'WhatsApp Image 2025-02-17 at 12.41.27_c16e8e3c.jpg', 2000.00),
(11, 'BLAZER (WOMEN)', '', 2500.00),
(12, 'JEAN / DRESS FOR  PANT MEN ', '', 2000.00),
(14, 'SHORT PANT WOMEN', '', 2000.00),
(17, 'POLYESTER BOXERS', '', 800.00),
(18, 'MEN BRIEFS', '', 1000.00),
(19, 'LONG LEG BOXERS', '', 800.00),
(24, 'HATS', '', 2000.00),
(25, 'TOPES KNITTED', '', 1000.00),
(27, 'BOW TIE', '', 1000.00),
(28, 'NECK TIE', '', 1000.00),
(29, 'POCKET SQUARE', '', 2000.00),
(30, 'SCARVES', '', 2000.00),
(33, 'WALLETS', '', 2000.00),
(34, 'SUSPENDERS', '', 2000.00),
(35, 'NECKLACE', '', 2000.00),
(37, 'RINGS', '', 1500.00),
(38, 'CONSTRUCTION VEST', '', 2500.00),
(44, ' DRESSES $3000', '', 3000.00),
(45, 'FORMAL DRESSES $5000', '', 5000.00),
(46, 'DRESSES $1000', '', 1000.00),
(47, 'SKIRT (long )', '', 2000.00),
(50, 'JEAN / DRESS  PANT WOMEN', '612gGYUB+gL._AC_SY879_.jpg', 2000.00),
(51, 'JEAN SHORTS PANT', '', 1200.00),
(53, 'SHORT  JUMPERS/ ROMPERS', '', 4000.00),
(54, 'SUITS', '', 5000.00),
(55, 'BLAZERS (MEN)', '', 3000.00),
(60, 'LONG TIGHT- LEGGINGS', '', 1000.00),
(62, 'BRA UP  TO SIZE 40', '', 2000.00),
(63, 'BRA OVER SIZE 40 ', '', 2500.00),
(64, 'BIKINI TOPS (BRA TOPS)', '', 2000.00),
(65, 'BIKINI UNDERWEAR', '', 1000.00),
(66, 'SOCKS', '', 500.00),
(67, 'SWIMWEAR (BODY SUIT)', '', 1000.00),
(68, 'WATCHES', '', 2000.00),
(69, 'SMART WATCHES', '', 0.00),
(70, 'BELTS', '', 1000.00),
(71, 'SCARVES', '', 1500.00),
(73, 'READING GLASSES', '', 2000.00),
(74, 'WALLETS', '', 2000.00),
(75, 'NECKLACES COSTUME', '', 1000.00),
(76, 'RINGS', '', 1000.00),
(77, 'BRACLETS', '', 600.00),
(78, 'BANGLES AND EARRING SET', '', 700.00),
(79, 'EARRINGS', '', 400.00),
(83, 'WINTER GLOVES', '', 2000.00),
(84, 'HANDBAGS', '', 2000.00),
(85, 'MAKE UP POUCHES (BAGS)', '', 1000.00),
(87, 'SHAWLS', '', 2000.00),
(88, 'HAIR CLIPS', '', 1000.00),
(89, 'HAIR SCRUNCHIES', '', 1000.00),
(90, 'HEAD BAND', '', 1000.00),
(92, 'STOCKING PLANE', '', 600.00),
(93, 'STOCKING DESIGN', '', 1000.00),
(94, 'AMAZON PACK UNDERWAER', '', 1000.00),
(96, 'FANCY UNDERWEAR', 'm_wp_63e02d25382db82ca3bdae80.webp', 500.00),
(97, 'HANES 10 PACK UNDERWEAR', '', 3000.00),
(98, 'CLEANSERS', '', 1000.00),
(99, 'TONERS', '', 1000.00),
(100, 'SERUMS', '', 1200.00),
(101, 'MOISTURIZERS', '', 1200.00),
(102, 'MOISTURIZERS DOVE', '', 400.00),
(103, 'MOISTURIZERS NIVEA', '', 400.00),
(104, 'FACEMASK', '', 500.00),
(105, 'PAIN PATCH DOUBLE', '', 1000.00),
(106, 'EYE MASK', '', 600.00),
(107, 'PAIN PATCH SINGLE', '', 600.00),
(108, 'FACE WASH', '', 1000.00),
(109, 'EXFOILATIONS', '', 800.00),
(110, 'EYE CREAMS', '', 1500.00),
(111, 'ACNE TREATMENTS', '', 1000.00),
(112, 'ANTI-AGING', '', 2000.00),
(113, 'PORE MINMIZING SERUM', '', 2000.00),
(115, 'CONSEALERS', '', 1500.00),
(117, 'POWDERS COMPACT', '', 1200.00),
(118, 'POWERS (IN TIN)', '', 2000.00),
(119, 'BLUSHES', '', 1000.00),
(120, 'BRONZERS', '', 2000.00),
(121, 'HIGH LIGHTERS', '', 2000.00),
(125, 'EYELINER PENS', '', 800.00),
(126, 'EYELINER PENCIL', '', 400.00),
(127, 'MASCARA WATERPROOF', '', 1200.00),
(128, 'MASCARA', '', 1000.00),
(129, 'LIQUID LIP STICK', '', 1000.00),
(130, 'LIPSTICK (WAX)', '', 600.00),
(131, 'LIP GLOSS', '', 400.00),
(132, 'LIP LINER', '', 300.00),
(133, 'SETTING SPRAY', '', 1200.00),
(134, 'SHAMPOO', '', 1200.00),
(135, 'CONDITIONER', '', 1200.00),
(136, 'DRY SHAMPOO WIPE', '', 500.00),
(137, 'HAIR MASKS', '', 1500.00),
(138, 'HAIR OIL', '', 1000.00),
(139, 'BEARD OIL', '', 1000.00),
(140, 'MOUSES', '', 2000.00),
(141, 'HAIRSRAY', '', 2000.00),
(142, 'HEAT PROTECTANTS', '', 2000.00),
(143, 'WIG SPRAY', '', 2000.00),
(144, 'LEAVE IN CONDITIONER', '', 1000.00),
(145, 'HAIR SERUMS', '', 1200.00),
(146, 'DRY SHAMPOO', '', 1000.00),
(147, 'HAIR COLOR', '', 2000.00),
(148, 'HAIR PERM', '', 2000.00),
(149, 'BODY WASH', '', 1500.00),
(150, 'BODY LOTIONS', '', 2000.00),
(151, 'BODY SCRUBS', '', 1000.00),
(152, 'BODY OILS', '', 1000.00),
(154, 'MEN DEODORANTS', '', 1000.00),
(155, 'HAND CREAM', '', 500.00),
(156, 'FOOT CREAM', '', 1000.00),
(157, 'SUNSCREEN SUN BLOCK', '', 1500.00),
(158, 'MEN COLOGNE ', '', 4000.00),
(160, 'BODY SPRAY', '', 1000.00),
(161, 'NAIL POLISH GEL', '', 200.00),
(162, 'NAIL POLISH REGULAR', '', 400.00),
(163, 'NAIL POLISH REMOVER', '', 500.00),
(164, 'NAIL STRENGTHENERS', '', 500.00),
(165, 'NAIL POLISH 3 PACK', '', 600.00),
(166, 'CUTICLE OIL', '', 600.00),
(167, 'NAIL CLIPPERS', '', 2000.00),
(168, 'NAIL FILES', '', 200.00),
(170, 'LONG BOOTS', '', 3000.00),
(171, 'RUBBER SLIPPER CANVAS', '', 1000.00),
(175, 'BEDSHEET SETS TWIN (3 PCS)', '', 1000.00),
(176, 'WOMEN FOOTWEAR ', '', 2000.00),
(177, 'MEN SHOES (EXPENSIVE)', '', 15000.00),
(178, 'PHONE CHARGES', '', 1500.00),
(179, 'PHONE CASES (HARD)', '', 2000.00),
(180, 'PHONE CASES (SOFT) $1000', '', 1000.00),
(181, 'SILK FLOWERS / PLASTIC LEAFS BUNCH', '', 1000.00),
(182, 'SILK FLOWERS SINGLE STEMS (FILLERS)', '', 100.00),
(183, 'SILK SINGLE ROSE', '', 300.00),
(184, 'CALCULATORS SCIENCTIFIC', '', 5000.00),
(185, 'HEMP THREAD 3 ROLLS', '', 1000.00),
(186, 'HAND TOWELS SINGLE', '', 600.00),
(187, 'HAND TOWELS DOUBLE PACK', '', 1500.00),
(188, 'BATH BEACH/ TOWEL', '', 2000.00),
(189, 'COSTUMES KIDS', '', 2000.00),
(190, 'UMBRELLA', '', 2000.00),
(192, 'HEAD PHONE  EAR BUDD', '', 1000.00),
(194, 'WIG HUMAN VIRGIN LACE', '', 5000.00),
(195, 'WIG SYNETHIC', '', 3000.00),
(196, 'WIG FRONT LACE', '', 3000.00),
(197, 'WIG HEAT RESISTANT', '', 4000.00),
(203, 'GIFT BAGS SMALL $600', '', 600.00),
(204, 'GIFT BAGS MEDIUM $800', '', 800.00),
(205, 'GIFT BAGS LARGE $1000', '', 1000.00),
(206, 'GIFT BAGS X LARGE $1200', '', 1200.00),
(207, 'ELECTRONIC ITEMS WITH CORD 20% OFF', '', 0.00),
(208, 'BOOKS', '', 0.00),
(209, 'BOARD GAMES', '', 0.00),
(210, 'TOYS', '', 0.00),
(212, 'PILLOW CASES', '', 1000.00),
(213, 'CURTAINS SINGLE ', '', 1000.00),
(214, 'TABLE CLOTHES PLASTIC', '', 600.00),
(215, 'TABLE CLOTHES FABIC', '', 1000.00),
(216, 'SMAKERS LIP', '', 1000.00),
(217, 'SMACKERS LIP', '', 500.00),
(218, 'YOYO', '', 500.00),
(219, 'KITES', '', 400.00),
(220, 'FLORESCENT BRACELETS', '', 500.00),
(221, 'FIGGET SPINNER', '', 500.00),
(222, 'WEDDING GLOVE', '', 2000.00),
(223, 'MATERNITY BELTS', '', 3000.00),
(224, 'CHRISTMAS STOCKING', '', 1500.00),
(225, 'GREETING CARD (2) SETS', '', 100.00),
(227, 'BABY MITTENS', '', 1000.00),
(228, 'LIP GLOSS PEEPS', '', 600.00),
(229, 'LONG SLEEVE SHIRT', NULL, 1000.00),
(230, 'FOUNDATION WITH SPF', '', 2000.00),
(231, 'FOUNDATION (WITHOUT) SPF', '', 1000.00),
(232, 'KITCHEN UTENSIL', '', 1000.00),
(235, 'SEWING MACHINE ', '', 0.00),
(238, 'MEN CARE PRODUCT ', '', 2000.00),
(239, 'ESSENTIAL OIL ', '', 2000.00),
(241, 'FACIAL BRUSHES ', '', 2000.00),
(244, 'SKIN LOTION ', '', 2000.00),
(245, 'WOMEN PERFUME ', '', 4000.00),
(246, 'DRESSES $4000', '', 4000.00),
(247, 'DRESSES $6000', '', 6000.00),
(248, 'DRESSES $2000', '', 2000.00),
(249, 'LONG   JUMPERS/ ROMPERS', '', 5000.00),
(250, 'PHONE CASES  $3000', '', 3000.00),
(257, 'SKIRT (short)', '', 1000.00),
(259, 'MAKE UP ', '58976.jpg', 1000.00),
(260, 'PHONE CHARGER', '', 2000.00),
(261, 'PHONE SCREEN PROTECTOR ', 'WhatsApp Image 2025-02-10 at 15.58.27_501ee541.jpg', 1000.00),
(262, 'Hand sanitizer', 'inbound5933782354476684691.webp', 800.00),
(263, 'Ance Treatment ', 'IMG-20250211-WA0043.jpg', 2000.00),
(264, 'Hand wash', 'inbound7921106149202474751.webp', 1000.00),
(265, 'Eyebrow ', 'Hc7df34819a5f43a5a7958d941e9491fdY.jpg_720x720q50.jpg', 3000.00),
(266, 'Primer ', '10-202-BLB-0128_BelieveBeautyColorCorrectingPrimer.jpg', 2000.00),
(267, 'Gel', 'inbound8152383620987725395.jpg', 600.00),
(268, 'SKIN CARE ', '', 2000.00),
(269, 'Noise & Ear trimmer ', 'inbound6931133482156178694.jpg', 2000.00),
(270, 'Shave cream', 's-l1200 - 2025-02-12T104132.963.webp', 1500.00),
(271, 'Mouth wash', '', 3500.00),
(272, 'Face mist', '', 1500.00),
(273, 'Hair spray ', '', 3000.00),
(274, 'Ovulation test ', '', 2000.00),
(275, 'Facial Cream ', 'IMG-20250212-WA0106.jpg', 3000.00),
(276, 'Thigh cream ', '', 2500.00),
(277, 'Leg makeup ', '', 2000.00),
(278, 'Hair removal ', '', 1500.00),
(279, 'Bath salt', 's-l1600 (8).webp', 1500.00),
(280, 'Pet toothpaste ', '71Kc33feD4L._AC_UL400_.jpg', 1500.00),
(281, 'Dark circles ', '', 700.00),
(282, 'Foot scrub ', '', 500.00),
(283, 'Tiara', 'inbound9123025670598184237.jpg', 1500.00),
(285, 'Hair ties', 'inbound3181018691893635101.webp', 1000.00),
(286, 'Rubber bands', 'inbound8201389025318435159.jpg', 800.00),
(287, 'Facial  scrub ', '', 500.00),
(288, 'Head wraps', 'inbound2859616024993745189.webp', 1000.00),
(290, 'Facial wash ', '', 2000.00),
(291, 'Facial  peel ', '', 3000.00),
(292, 'Face lotion ', '', 1500.00),
(293, 'Face scrub ', '', 1500.00),
(295, 'NAIL (FAKE) ', '', 1000.00),
(296, 'NAIL (FAKE) ', '', 1000.00),
(297, 'NAIL (FAKE) WITH GLUE', '', 1200.00),
(298, 'NAIL (FAKE) WITH GLUE', '', 1200.00),
(299, 'TAPE MEASURE (3) pack ', '', 100.00),
(302, 'TAPE MEASURE ', '', 1200.00),
(303, 'SEWING MACHINE BOBBINS 4  PACK', '', 1000.00),
(304, 'SEWING MACHINE BOBBINS 4  PACK', '', 1000.00),
(305, 'SEWING MACHINE BOBBINS 4  PACK', '', 1000.00),
(306, 'SEWING MACHINE BOBBINS 4  PACK', '', 1000.00),
(307, 'SWEING NEEDLES ', '', 1000.00),
(309, 'SWEING NEEDLES ', '', 600.00),
(310, 'HEAD LIGHT ', '', 1000.00),
(311, 'RING SIZERS ', '', 1000.00),
(313, 'BABY BOTTLE NIPPLES ', '', 1000.00),
(314, 'MEN FOOTWEAR ', '', 2000.00),
(317, 'BABIES FOOTWEAR ', '', 2000.00),
(318, 'Makeup Removal ', '', 1000.00),
(319, 'Hair Massager ', '', 2000.00),
(320, 'Facial Massager ', '', 2000.00),
(321, 'RUBBER SLIPPER  ', '', 600.00),
(324, 'BABY FOOTWEAR ', '', 1500.00),
(325, 'MAKE UP SPONGE ', '', 1000.00),
(327, 'Root Touch-up ', '', 2000.00),
(329, 'DRONE ', '', 20000.00),
(330, 'ROUTER ', '', 8000.00),
(331, 'ROUTER ', '', 8000.00),
(332, 'ROUTER 2', '', 5000.00),
(333, 'BLOOD PRESSURE MACHINE ', '', 10000.00),
(334, 'BLOOD MONITOR SYSTEM ', '', 3500.00),
(335, 'WATER PROOF CAMERA ', '', 45000.00),
(336, 'SECURITY CAMERA ', '', 20000.00),
(337, 'DVD PLAYER 12 VOLTS ', '', 12000.00),
(340, 'POWDER', '', 0.00),
(341, 'KIDS 2 PIECE OUTFIT ', '', 2000.00),
(342, 'CAPRICE 3/4 PANTS ', '', 2000.00),
(344, 'WOMEN T SHIIRT  NON GRAPHIC ', '', 1000.00),
(345, 'GIRLS DRESSES 2000', '', 2000.00),
(346, 'GIRLS DRESSES 3000', '', 3000.00),
(348, 'GIRLS DRESSES 4000', '', 4000.00),
(349, 'GIRLS DRESSES 5000', '', 5000.00),
(352, 'GIRLS DRESSES 1000', '', 1000.00),
(356, 'MEN LONG SLEEVE BUTTONS DOWN SHIRTS ', '', 1000.00),
(357, 'MEN T SHIRT LONG SLEEVE ', '', 1000.00),
(361, 'MEN LONG SLEEVE T SHIRT ', '', 1000.00),
(363, 'MEN SHORT SLEEVE T SHIRT ', '', 1000.00),
(365, 'WOMEN LONG SLEEVE TOP ', '', 1000.00),
(366, 'SCRUBS TOP ', '', 2000.00),
(367, 'SCRUB PANTS ', '', 2000.00),
(368, 'GIRLS LONG SLEEVE TOPS', '', 1000.00),
(371, 'LAB COATS ', '', 5000.00),
(373, 'ONESIES ', '', 600.00),
(374, 'GIRLS HOODIES ', '', 2000.00),
(375, 'BABY ALL IN ONE OUT FITS ', '', 1000.00),
(379, 'KIDS SHORT TIGHTS ', '', 1000.00),
(380, 'KIDS CRAP TOPS ', '', 1000.00),
(383, 'WOMEN SHORT SLEEVE DRESS TOPS ', '', 1000.00),
(384, 'BODY SUIT TOPS ', 'download (22).jpeg', 2000.00),
(390, 'WOMEN ARM LESS TOPS vest', '', 1000.00),
(391, 'WOMEN STRAP TOP', '', 1000.00),
(392, 'WOMEN PIJAMAS SET  (2) PCS ', '', 2000.00),
(393, 'MEN PIJAMAS SET  (2) PCS ', '', 2000.00),
(397, 'COVER UP THROW OVER ', 'images (24).jpeg', 2500.00),
(398, 'MEN VEST ( TANK TOPS) ', '', 1000.00),
(399, 'MEN VEST ( TANK TOPS) ', '', 1000.00),
(400, 'MEN VEST ( TANK TOPS) ', '', 1000.00),
(401, 'WOMEN HOODIES ', '', 2500.00),
(403, 'MEN SWEATER ', '', 2000.00),
(404, 'MEN ARMLESS T SHIRT ', '', 1200.00),
(405, 'MEN ARMLESS T SHIRT ', '', 1200.00),
(406, 'BOXER UNDERWEAR FOR MEN ', 'download (36).jpeg', 1200.00),
(408, 'Boxer Briefs Underwear', 'images (25).jpeg', 1000.00),
(409, 'KIDS BRIEFS ', 'images (26).jpeg', 1000.00),
(411, 'WOMEN LONG SLEEVE T SHIRT TOPS', '', 1000.00),
(412, 'MEN SHORT PANTS', '', 2000.00),
(414, '10 PACK TODDLER BRIEF  $6000', '', 6000.00),
(416, 'TODDLE 6 PACK UNDERWEAR  BRIEFS', 'WhatsApp Image 2025-02-17 at 12.05.31_269667c9.jpg', 4000.00),
(417, 'Aprons', '81E9+p5lMAL._AC_SY879_.jpg', 2000.00),
(418, 'WAX LIPSTICK SINGLE ', '', 600.00),
(419, 'CRAP TOPS ', '71+OhVzExSL._AC_SY879_.jpg', 1000.00),
(420, 'SPANDEX LEGGINGS ', '', 2000.00),
(421, 'SPANDEX LEGGINGS ', '', 2000.00),
(422, 'SPANDEX LEGGINGS ', '717JYMI8wwL._AC_SX679_.jpg', 2000.00),
(423, 'JEAN / DRESS PANT GIRLS ', '61+7zFBveGL._AC_SX679_.jpg', 2000.00),
(424, 'SWIMWEAR (BODY SUIT) $1000', '', 1000.00),
(425, 'JEAN / DRESS FOR  PANT  BOYS ', '', 2000.00),
(426, 'WOMEN SHORT PANT ', '', 2000.00),
(427, 'BOYS SHORT PANT ', '', 2000.00),
(429, 'SWIMWEAR TOP ', '71ntXsX7b3L._AC_SX679_.jpg', 2000.00),
(430, 'LIFE VEST LIFE JACKET ', '', 10000.00),
(432, 'TRAIL RUNNING VEST ', '', 5000.00),
(435, 'DOUBLE PACK GIRLS LONG SLEEVE  SHIRT ', '', 2000.00),
(436, 'DOUBLE PACK BOYS  LONG SLEEVE  SHIRT ', 'WhatsApp Image 2025-02-17 at 16.09.27_8355bba6.jpg', 2000.00),
(437, 'SLEEP WEAR  TOPS (PIJAMAS)', 'download (42).jpeg', 1500.00),
(438, 'SPORTS BRA FOR WOMEN ', 'download (43).jpeg', 2000.00),
(439, 'WOMEN PIJAMAS PANT ', '', 2000.00),
(440, 'MEN AND BOYS  SUIT VEST ', '', 2500.00),
(441, 'MEN AND BOYS  SUIT VEST ', '', 2500.00),
(443, 'CURTAIN DOUBLE  PRIVACY  ', '', 2000.00),
(444, 'WAIST TRAINER ', '', 5000.00),
(445, 'WAIST TRAINER ', '', 5000.00),
(449, 'CLOTH RAW MATERIAL ', '', 0.00),
(450, 'BED SHEET ', '', 1000.00),
(451, 'SHAPERWEAR ', 'download (45).jpeg', 0.00),
(452, 'MATERNITY BRA  BREAST FEEDING ', 'WhatsApp Image 2025-02-18 at 12.48.21_4257c0dd.jpg', 4000.00),
(453, 'MATERNITY BRA  BREAST FEEDING ', 'WhatsApp Image 2025-02-18 at 12.48.21_4257c0dd.jpg', 4000.00),
(454, 'BICYCLE TIGHTS ', '', 3000.00),
(455, 'PUMPING BRA MATERNITY ', '', 5000.00),
(456, 'PUMPING BRA MATERNITY ', '', 5000.00),
(457, 'PUMPING BRA MATERNITY ', '', 5000.00),
(458, 'TUBE TOP BRA ', '', 1500.00),
(459, 'TUBE TOP BRA ', '', 1500.00),
(461, 'WHOLE SLIP FOR DRESSES', '', 4000.00),
(462, 'WHOLE SLIP FOR DRESSES', '', 4000.00),
(463, 'WINTER COATS FEMALE ', '', 5000.00),
(464, 'WINTER COATS MALE ', '', 5000.00),
(465, 'LEATHER JACKETS WOMEN ', '', 0.00),
(466, 'LEATHER JACKETS MEN ', '', 0.00),
(467, 'WINTER VEST SLEEVELESS', '', 0.00),
(468, 'LINGERIE SEXY SLEEPWEAR', 'OIP (3).jpeg', 0.00),
(471, 'LACE FANCY SPORTS BRA ', '5ba9c6a08ab453479104e6acc972feca.jpg', 0.00),
(472, 'LINGERIE SEXY TOPS ', 'OIP (5).jpeg', 2000.00),
(473, 'LINGERIE SEXY TOPS ', 'OIP (5).jpeg', 2000.00),
(474, 'EYE SHADOW ', '', 0.00),
(476, 'INDIAN WEAR ', '', 0.00),
(477, 'BABY BIBS ', '', 0.00),
(478, 'BABY NIPPLE', '', 600.00),
(480, 'Throw Pillow Covers for Chairs', '', 1000.00),
(481, 'CRIB SHEET COVER  FOR BABIES', '', 2000.00),
(483, 'MATRASS COVER ', '', 0.00),
(485, 'IRON BOARD COVER ', '', 0.00),
(486, 'TABLE RUNNER', '', 0.00),
(488, 'BACKGROUND DROP CLOTH ', '', 0.00),
(489, 'CHAIR COVER', '', 2000.00),
(493, 'SHOWER CURTAIN ', '', 0.00),
(494, 'Newborn Baby Swaddle Blanket', '', 1500.00),
(495, 'MAT CHRISTMAS TREE MAT', '', 2000.00),
(496, 'MAT CHRISTMAS TREE MAT', '', 2000.00),
(497, 'CHAIR  SASH ', '', 600.00),
(498, 'HALF SLIP FOR UNDER DRESS', '', 2000.00),
(499, 'CHRISTMAS ', '', 0.00),
(500, 'FLOWER  ', '', 0.00),
(501, 'HOLLOWEEN ', '', 0.00),
(502, 'HOLLOWEEN ', '', 0.00),
(503, 'BALLOON', '', 0.00),
(504, 'LAMP', '', 0.00),
(505, 'LIGHTS ', '', 0.00),
(506, 'HEALTH PRODUCT', '', 0.00),
(507, 'Party bags ', '', 2500.00),
(508, 'Coat rack ', '', 1500.00),
(509, 'SHOWER CURTAIN PLASTIC ', '', 1000.00),
(510, 'Tissue paper ', '', 200.00),
(511, 'Stationery ', '', 1500.00),
(512, 'ENVELOPES', '', 100.00),
(513, 'Cards', '', 100.00),
(515, 'PARTY DECORATIONS ', '', 2000.00),
(516, 'CANDLES', '', 600.00),
(517, 'BABY BOTTLES', '', 2000.00),
(518, 'BABY BLANKETS ', '', 2000.00),
(519, 'CURTAIN HOOKS ', '', 1200.00),
(520, 'Swimming equipment ', '', 15000.00),
(521, 'ADULT PAMPERS ', '', 10000.00),
(522, 'TV WALL MOUNT ', '', 3000.00),
(523, 'COMPUTER ACCESSORIES ', '', 8000.00),
(524, 'ADHESIVE STICKY BRA', '', 2500.00),
(525, 'SPORTING GOODS', '', 0.00),
(527, 'MAIDENFORM BRA', '', 2000.00),
(530, 'RAINCOAT ', '', 0.00),
(531, 'SMOKE ALARM ', '', 0.00),
(532, 'SMOKE ALARM ', '', 0.00),
(534, 'SWEATER DRYER ', '', 0.00),
(535, 'EMBROIDERY THREADS', '', 1500.00),
(536, 'Chair tips ', '', 2000.00),
(537, 'Animals products ', '', 2500.00),
(538, 'COTTON UNDERWEAR ', '', 1000.00),
(539, 'HAIR  ', '', 0.00),
(540, 'KEYRINGS', '', 1000.00),
(541, 'WALL FRAME ', '', 2000.00),
(542, 'ELECTRONIC ', '', 5000.00),
(543, 'SILCONE MOLD PAN', 'OIP (18).jpeg', 0.00),
(544, 'STUFF ANIMALS', 'download (76).jpeg', 0.00),
(545, 'BAKING PANS', 'th (4).jpeg', 0.00),
(546, 'BAKING PANS', 'th (4).jpeg', 0.00),
(547, 'VASE ', 'download (75).jpeg', 0.00),
(548, 'COOKIE CUTTERS', 'OIP (17).jpeg', 0.00),
(549, 'GLASSWARES ', 'OIP (19).jpeg', 0.00),
(550, 'DECOR ', 'download (77).jpeg', 0.00),
(551, 'TOYS ', '', 1.00),
(552, 'FAN', '', 0.00),
(553, 'phone accessories', '', 4000.00),
(554, 'Car accessories', '', 2000.00),
(555, 'Car accessories', '', 2000.00),
(557, 'BULBS $1000', '', 0.00),
(558, 'PHONE CASES #2000', '', 2000.00),
(559, 'PHONE CASES #2000', '', 2000.00);

-- --------------------------------------------------------

--
-- Table structure for table `expenses`
--

CREATE TABLE `expenses` (
  `expense_id` int NOT NULL,
  `expense_name` varchar(255) NOT NULL,
  `expense_amount` decimal(10,2) NOT NULL,
  `expense_date` timestamp NOT NULL DEFAULT CURRENT_TIMESTAMP
) ENGINE=InnoDB DEFAULT CHARSET=utf8mb4 COLLATE=utf8mb4_0900_ai_ci;

-- --------------------------------------------------------

--
-- Table structure for table `products`
--

CREATE TABLE `products` (
  `product_id` int NOT NULL,
  `product_name` varchar(255) NOT NULL,
  `sku` varchar(100) DEFAULT NULL,
  `category_id` int NOT NULL,
  `subcategory_id` int DEFAULT NULL,
  `image` varchar(255) DEFAULT NULL,
  `price` decimal(10,2) DEFAULT NULL,
  `colors` varchar(255) DEFAULT NULL,
  `stock_quantity` int DEFAULT NULL
) ENGINE=InnoDB DEFAULT CHARSET=utf8mb4 COLLATE=utf8mb4_0900_ai_ci;

--
-- Dumping data for table `products`
--

INSERT INTO `products` (`product_id`, `product_name`, `sku`, `category_id`, `subcategory_id`, `image`, `price`, `colors`, `stock_quantity`) VALUES
(5622, 'G for men ', 'NGP000004', 158, NULL, 'inbound3111310291085863794.webp', 4000.00, 'Navy Blue', 4),
(5623, 'LE Grande white ', 'NGP000005', 158, NULL, 'inbound7351242277594134404.jpg', 4000.00, 'Navy Blue', 6),
(5624, 'Victorious Heroes Noir Pour Home ', 'NGP000006', 158, NULL, 'inbound8626364118711279727.jpg', 4000.00, 'Navy Blue', 8),
(5636, 'Army sport for men ', 'NGP000017', 158, NULL, 'inbound1350198490052761942.jpg', 4000.00, 'Navy Blue', 3),
(5638, 'Aquarius black for men ', 'NGP000019', 158, NULL, 'inbound2387247475876492897.jpg', 4000.00, 'Navy Blue', 3),
(5639, 'LE Grande forever  Pour Homme ', 'NGP000020', 158, NULL, 'inbound5845473945560323534.jpg', 4000.00, 'Navy Blue', 1),
(5640, 'Racing club ', 'NGP000021', 158, NULL, 'inbound328866849951717944.jpg', 4000.00, 'Navy Blue', 6),
(5643, 'Invincible sport pour home ', 'NGP000023', 158, NULL, '61KRqnJtLjL._AC_UF1000,1000_QL80_.jpg', 4000.00, 'Navy Blue', 4),
(5644, 'Legacy flashing LED Phone Case for Moto G7 play $2000', 'NGP000024', 179, NULL, 's-l400 (18).jpg', 2000.00, 'Pink', 18),
(5646, 'Sinner pour homme ', 'NGP000025', 158, NULL, '41rZN4GkySL._AC_UF1000,1000_QL80_FMwebp_.webp', 4000.00, 'Navy Blue', 6),
(5647, 'SYS travel charger', 'NGP000026', 260, NULL, 'IMG-20250113-WA0087.jpg', 2000.00, 'Pink', 6),
(5649, 'Suits pour homme ', 'NGP000026', 158, NULL, '1709332422697215bec6659888a8de2174c50c1b14_square_thumbnail_405x552 (1).jpg', 4000.00, 'Navy Blue', 2),
(5651, 'NYC  Blossom ', 'NGP000027', 245, NULL, '71iVS1FSN5L._AC_UL600_SR600,600_.jpg', 4000.00, 'Navy Blue', 2),
(5652, 'Kimberly Rose pour Femme ', 'NGP000028', 245, NULL, 's-l1200 - 2025-02-10T132937.015.webp', 4000.00, 'Navy Blue', 4),
(5653, 'Paris Lights Platinum', 'NGP000029', 245, NULL, 's-l1600 (3).webp', 4000.00, 'Navy Blue', 4),
(5654, 'Soft cloud ', 'NGP000030', 245, NULL, '016e6a50-9a31-41ed-8850-9832f3f1803a.ddadde86b59e7798128c7e76104cd74b.jpeg', 4000.00, 'Navy Blue', 2),
(5660, 'Our time ', 'NGP000035', 245, NULL, '2338259-00_A.jpg', 4000.00, 'Navy Blue', 6),
(5663, '', 'NGP000038', 231, NULL, 'WhatsApp Image 2025-02-18 at 17.12.09_c79d0deb.jpg', 1000.00, 'Red', 0),
(5664, 'Paris light ', 'NGP000038', 245, NULL, '16976605778fe85bf1f2285919a86460afe831444d_square_thumbnail_405x552.jpg', 4000.00, 'Navy Blue', 2),
(5670, 'Adrianna butterfly pour femme ', 'NGP000044', 245, NULL, '17093330661e4a844365eea739efa576b012910943_thumbnail_720x.webp', 4000.00, 'Navy Blue', 3),
(5678, 'Sweet Pink ', 'NGP000051', 245, NULL, '81cRUAtgh6L.jpg', 4000.00, 'Navy Blue', 4),
(5679, 'Oui Moi Glitter', 'NGP000052', 245, NULL, 'OuiMoiGlitter.jpg', 4000.00, 'Navy Blue', 4),
(5680, 'Kimberly ', 'NGP000053', 2, NULL, '51RRAwf6g4L._AC_.jpg', 4000.00, 'Navy Blue', 2),
(5681, 'Ferrera stiletto ', 'NGP000054', 245, NULL, 'inbound3181850707262931827.jpg', 4000.00, 'Navy Blue', 4),
(5682, 'Botanic Blush', 'NGP000055', 245, NULL, 'inbound6517661395457421352.jpg', 4000.00, 'Navy Blue', 4),
(5683, 'Adrianna broken love ', 'NGP000056', 245, NULL, 'inbound7350599087057027471.webp', 4000.00, 'Navy Blue', 4),
(5684, 'Paris Sparkle ', 'NGP000057', 245, NULL, 'inbound3866640751811861889.webp', 4000.00, 'Navy Blue', 2),
(5686, 'Sassy girl ', 'NGP000058', 245, NULL, 'inbound4034478046205758157.webp', 4000.00, 'Navy Blue', 1),
(5687, 'Be sexy NYC ', 'NGP000059', 245, NULL, 'inbound1350656876790572076.jpg', 4000.00, 'Navy Blue', 4),
(5689, 'Vida Vida pour femme ', 'NGP000060', 245, NULL, 'inbound6321113041951801066.jpg', 4000.00, 'Navy Blue', 4),
(5690, 'Seven five seven dazzle ultra ', 'NGP000061', 245, NULL, 'inbound1322214916126251047.webp', 4000.00, 'Navy Blue', 4),
(5691, 'Vanilla Pearl', 'NGP000062', 245, NULL, 'inbound2249793953405674350.jpg', 4000.00, 'Navy Blue', 2),
(5692, 'Kimberly Tropical pineapple ', 'NGP000063', 245, NULL, 'inbound4702513363688390169.webp', 4000.00, 'Navy Blue', 4),
(5694, 'Windproof  Umbrella - Auto Open ', 'NGP000063', 190, NULL, '51w-43SXe9L._AC_SL1500_.jpg', 2000.00, 'Pink', 46),
(5695, 'Kimberly silhouette trinity ', 'NGP000064', 245, NULL, 'inbound5356215370814174157.jpg', 4000.00, 'Navy Blue', 3),
(5696, 'Translucency one ', 'NGP000065', 245, NULL, 'inbound1131317355572794109.jpg', 2000.00, 'Pink', 1),
(5697, 'Power stick ', 'NGP000066', 245, NULL, 'inbound6018355035005536201.jpg', 2000.00, 'Pink', 15),
(5699, 'Cucumber melon ', 'NGP000067', 245, NULL, 'inbound4743053723176809303.jpg', 4000.00, 'Navy Blue', 2),
(5702, 'screen protectors open box ', 'NGP000069', 261, NULL, 'S8c069a829a774bf5958c6f1f3b196ebdL.jpg_640x640q90.jpg', 1000.00, 'Red', 83),
(5707, 'Magic spell ', 'NGP000074', 245, NULL, 'inbound8573244341789927020.jpg', 4000.00, 'Navy Blue', 5),
(5725, 'Solar Flare ', 'NGP000092', 245, NULL, 'large_88886c2c-834e-4b10-9176-a6a90562420c.jpg', 4000.00, 'Navy Blue', 2),
(5727, 'Love seduce ', 'NGP000094', 245, NULL, '573183_15_vlfs4.jpg', 4000.00, 'Navy Blue', 11),
(5740, 'Sweet pea ', 'NGP000106', 245, NULL, 'inbound4279389756326386347.jpg', 4000.00, 'Navy Blue', 12),
(5741, 'Citrus love hair and body ', 'NGP000107', 245, NULL, 'inbound757776142535956826.jpg', 2000.00, 'Pink', 13),
(5742, 'Aprl cranberry cherry  scented', 'NGP000108', 245, NULL, 'IMG-20250203-WA0174.jpg', 2500.00, 'Yellow', 1),
(5743, 'Unfiltered face +body Hydrating mist', 'NGP000109', 245, NULL, 'inbound9028984400868444380.jpg', 2500.00, 'Yellow', 4),
(5751, 'Hyaluronic Acid ', 'NGP000113', 150, NULL, 'FB_IMG_1739291823752.jpg', 2000.00, 'Pink', 13),
(5752, 'Vitamin C ', 'NGP000117', 150, NULL, 'IMG-20250211-WA0027.jpg', 2000.00, 'Pink', 10),
(5754, 'Collagen ', 'NGP000118', 150, NULL, 'IMG-20250211-WA0026.jpg', 2000.00, 'Pink', 10),
(5765, 'Aromatherapy body oil ', 'NGP000128', 152, NULL, 'Aura-Cacia-Bath-Oil-Lavender-Harvest-8oz_d6fda043-53e3-4e19-8f16-e12721bdec9e.cd1680edd6707bf5dcde804c7841834e.jpeg', 3000.00, 'Purple', 3),
(5767, 'Global beauty care multi vitamin serum', 'NGP000130', 100, NULL, 'inbound1127759318078654834.webp', 2000.00, 'Pink', 7),
(5769, 'Glow Niacinamide Serums ', 'NGP000131', 100, NULL, 'IMG-20250211-WA0019.jpg', 2000.00, 'Pink', 3),
(5770, 'Babygenics kids', 'NGP000131', 157, NULL, 'inbound403491903426292359.jpg', 2000.00, 'Pink', 4),
(5771, 'Neutrogena Beach defense ', 'NGP000132', 157, NULL, 'inbound7597358996767898744.jpg', 1000.00, 'Red', 4),
(5772, 'Collagen Facial Serums ', 'NGP000132', 100, NULL, '41fd648d-24e8-4f8c-af91-7d2bfa37160e.b1eafc8ce991fe842f6369e23b8312a4.jpeg', 4000.00, 'Navy Blue', 1),
(5773, 'Joico k pak', 'NGP000133', 157, NULL, 'inbound168787095892480519.webp', 2500.00, 'Yellow', 23),
(5774, 'Dew hyaluronic acid ', 'NGP000133', 100, NULL, 's-l1200 (12).jpg', 2000.00, 'Pink', 9),
(5775, 'Plump collagen ', 'NGP000134', 100, NULL, 's-l1200 (13).jpg', 2000.00, 'Pink', 4),
(5776, 'Kiwi shine nourishing cream', 'NGP000134', 157, NULL, 'inbound1570019264073863058.jpg', 2000.00, 'Pink', 1),
(5777, 'Sensitive & Effective ', 'NGP000135', 134, NULL, 'IMG-20250211-WA0035.jpg', 2000.00, 'Pink', 5),
(5778, 'Kiwi cleaner nettoant', 'NGP000135', 98, NULL, 'inbound8924067820303823025.webp', 1200.00, 'Green', 4),
(5779, 'Collagen Facial Cleanser ', 'NGP000136', 98, NULL, 'IMG-20250211-WA0028.jpg', 2000.00, '', 3),
(5780, 'Brut classic ', 'NGP000136', 154, NULL, '24840-primary.jpg', 1000.00, 'Red', 21),
(5781, 'Banana boat new ultra sport', 'NGP000137', 157, NULL, 'inbound6083120714798881685.jpg', 5000.00, 'Orange', 4),
(5782, 'Collagen Skin Cream ', 'NGP000138', 244, NULL, '419u0CyxxjL._AC_UF1000,1000_QL80_FMwebp_.webp', 2000.00, 'Pink', 3),
(5783, 'Charcoal Solid Face Wash', 'NGP000139', 108, NULL, 'oars-and-alps-charcoal-solid-face-wash-2_1110x.jpg', 2500.00, 'Yellow', 1),
(5784, 'Head & shoulder ', 'NGP000140', 134, NULL, '81a1dNNn70L.jpg', 3000.00, 'Purple', 4),
(5785, 'Stonetech', 'NGP000139', 232, NULL, 'inbound346498995447474294.jpg', 1200.00, 'Orange', 2),
(5786, 'e.l.f Hydrating Serum', 'NGP000140', 100, NULL, 'Screenshot_20250211_160321_Chrome.jpg', 2000.00, 'Pink', 1),
(5787, 'Pop arazzi', 'NGP000141', 262, NULL, 'inbound6780520405039265166.webp', 800.00, 'Orange', 14),
(5788, 'Believe Beauty', 'NGP000141', 133, NULL, 'eyJidWNrZXQiOiJpbmZsdWVuc3Rlcl9wcm9kdWN0aW9uIiwia2V5IjoibWVkaWEvcHJvZHVjdC9pbWFnZS81OF9PSUxoeW5HLmpwZyIsInJlc2l6ZSI6eyJ3aWR0aCI6NTAwfX0=.jpeg', 2000.00, 'Pink', 2),
(5789, 'Ance Treatment ', 'NGP000142', 263, NULL, 'IMG-20250211-WA0043.jpg', 2000.00, 'Pink', 1),
(5790, 'Method hand wash', 'NGP000142', 264, NULL, 'inbound4961093664797732214.webp', 1000.00, 'Red', 2),
(5791, 'Revitalizing ', 'NGP000143', 100, NULL, 'inbound2035563964947755921.webp', 2000.00, 'Pink', 3),
(5792, 'Eyebrow Growth Solution', 'NGP000144', 265, NULL, 'Hc7df34819a5f43a5a7958d941e9491fdY.jpg_720x720q50.jpg', 3000.00, 'Purple', 2),
(5794, 'Believe primer ', 'NGP000145', 266, NULL, '10-202-BLB-0128_BelieveBeautyColorCorrectingPrimer.jpg', 2000.00, 'Pink', 4),
(5795, 'Revitalizing cream ', 'NGP000146', 244, NULL, 'inbound2806642888430511879.jpg', 2000.00, 'Pink', 7),
(5796, 'Crabtree Evelyn london', 'NGP000147', 149, NULL, 'inbound2477962703989510972.webp', 500.00, 'Orange', 5),
(5797, 'Lift & Firm Eye Cream', 'NGP000148', 110, NULL, 'IMG-20250211-WA0054.jpg', 2000.00, 'Pink', 5),
(5798, 'L.A.Colors Mini lippies', 'NGP000149', 130, NULL, 'Merchandise_700a210d-6841-4ae5-a1c3-5f11f2994478_1.e77ca14f936edc030ceb74f2b7c8c45e.png', 2500.00, 'Yellow', 14),
(5799, 'Vitamin C grapefruit dark spot Treatment ', 'NGP000149', 268, NULL, 'inbound1058243782247754959.webp', 2000.00, 'Pink', 5),
(5800, 'Coconut & sweet Almond glow oil with vitamin C', 'NGP000150', 268, NULL, 'inbound7471061608563147329.webp', 2000.00, 'Pink', 5),
(5801, 'Perfectx Joint & Bone Therapy ', 'NGP000150', 268, NULL, '613L3eh0UUL.jpg', 1200.00, '', 38),
(5802, 'Pain  knee pain Relief Patches ', 'NGP000151', 107, NULL, 'inbound214731285381658952.jpg', 2000.00, 'Pink', 23),
(5803, 'Black Jamaican Castor Oil ', 'NGP000151', 138, NULL, '61j6k+tizML._AC_UF1000,1000_QL80_.jpg', 2000.00, 'Pink', 6),
(5804, 'Nose & ear portable Trimmer ', 'NGP000152', 269, NULL, 'inbound5281501201027583682.jpg', 2000.00, 'Pink', 22),
(5805, 'Redken ', 'NGP000152', 134, NULL, '61K-9BprmWL.jpg', 3500.00, '', 1),
(5806, 'Miracle Firm Hold Gel ', 'NGP000153', 267, NULL, '77f8abad8eefe1a1a25da1617128d0db_600x.jpg', 1800.00, '', 1),
(5807, 'Head & Shoulder ', 'NGP000154', 134, NULL, 'Head-Shoulders-Dandruff-Treatment-Clinical-Itch-Relief-Mist-4-2-oz_081e2f24-902d-41f3-9948-0c4c93cd7208.0e450581dfa8aad74c04753bdcab2922.jpeg', 2000.00, 'Pink', 2),
(5808, 'Softee daily moisture hair and body Scalp oil ', 'NGP000155', 138, NULL, 'inbound5328737021118380513.jpg', 1000.00, 'Red', 7),
(5809, 'Aussie Kids Curly Detangling Milk', 'NGP000156', 134, NULL, 's-l1600 (7).webp', 2000.00, '', 2),
(5810, 'Miss Jessie\\\'s ', 'NGP000157', 152, NULL, 'inbound4243512416284291265.webp', 2000.00, 'Pink', 2),
(5811, 'Nexxus Root Lift Thickening Spray', 'NGP000157', 141, NULL, 'Nexxus Apollo Product Hero - Kendal L_10_retouched.jpg', 2600.00, '', 1),
(5812, 'Wella Color tango ', 'NGP000158', 147, NULL, 'SBS-800310.jpg', 2000.00, 'Pink', 1),
(5813, 'Wella Color tango ', 'NGP000158', 147, NULL, 'SBS-800310.jpg', 2000.00, 'Pink', 1),
(5814, 'Healing ointment ', 'NGP000159', 268, NULL, 'aqufa175oztube300ppicmykv1ecom1000x100072dpi.jpg', 1000.00, 'Red', 3),
(5815, 'Power Stick Shave Cream ', 'NGP000160', 270, NULL, 's-l1200 - 2025-02-12T104132.963.webp', 1500.00, '', 1),
(5816, 'Hand Cream', 'NGP000161', 155, NULL, '27529_S8-8901030912207.jpg', 500.00, '', 1),
(5817, 'Nexxus shape & define multi-styler', 'NGP000162', 138, NULL, '8170WqLmTiL._AC_UF1000,1000_QL80_FMwebp_.webp', 2000.00, 'Pink', 1),
(5818, 'Not Your mother\\\'s curl talk  ', 'NGP000158', 138, NULL, 'inbound3874550409615037893.jpg', 2000.00, 'Pink', 1),
(5819, 'SPF 50 mineral SPF bronzing body butter ', 'NGP000163', 268, NULL, 'inbound4123100307996547333.webp', 500.00, 'Orange', 2),
(5820, 'Neutrogena sunblock spray', 'NGP000163', 268, NULL, 's-l1200 - 2025-02-12T105506.973.webp', 2000.00, 'Pink', 2),
(5821, 'Neutrogena sunscreen ', 'NGP000164', 157, NULL, '81G79qSA8AL.jpg', 2000.00, 'Pink', 1),
(5822, 'Borage Therapy', 'NGP000165', 244, NULL, '71N+xPlJu4L.jpg', 2000.00, 'Pink', 1),
(5823, 'Vitamin E Enriched Creamy Petroleum jelly ', 'NGP000166', 268, NULL, 'inbound179427437386348717.webp', 500.00, '', 11),
(5824, 'Amie', 'NGP000166', 244, NULL, '71av-FT33BL.jpg', 3000.00, 'Purple', 1),
(5825, 'Olay Cleanser Nettoyant ', 'NGP000167', 98, NULL, '719tPWZy4xL._AC_UF1000,1000_QL80_FMwebp_.webp', 2000.00, 'Pink', 0),
(5826, 'Monoi Age Corrective Exfoliating Cleanser ', 'NGP000168', 268, NULL, 'Eminence-Organics-Monoi-Age-Corrective-Exfoliating-Cleanser-SQ.jpg', 2000.00, 'Pink', 1),
(5827, 'Dove nourishing body care ', 'NGP000169', 150, NULL, 'inbound6522034482623406038.webp', 500.00, '', 5),
(5828, 'Yesto Daily mineral lotion', 'NGP000169', 244, NULL, 'images.webp', 2000.00, 'Pink', 1),
(5829, 'Eh Hydrating & Protect Kit', 'NGP000170', 268, NULL, 'UK200024506_EMMA_HARD.jpg', 4000.00, 'Navy Blue', 1),
(5830, 'Gold Bond Hydrating Cream ', 'NGP000171', 244, NULL, '61gWyg1hFgL.jpg', 2000.00, 'Pink', 1),
(5831, 'Naturium plant ceramide rich moisture cream ', 'NGP000170', 150, NULL, 'inbound3747420638300516759.webp', 5000.00, 'Light Blue', 1),
(5832, 'Soft moisturizing cream ', 'NGP000172', 150, NULL, 'inbound2443874742695937725.jpg', 500.00, '', 42),
(5833, 'Think Sport Sunscreen Cream', 'NGP000172', 268, NULL, '3c67701a541546a109309f0c058dfbf0.jpg', 1200.00, '', 1),
(5834, 'Caudalíe Purifying Mask', 'NGP000173', 104, NULL, 's-l1200 - 2025-02-12T113658.970.webp', 2500.00, 'Yellow', 1),
(5835, 'Andalou Naturals Facial Lotion', 'NGP000174', 268, NULL, 'andalou-dailyshade2.jpg', 2500.00, 'Yellow', 1),
(5836, 'Hemp body cream', 'NGP000175', 244, NULL, 'IMG-20250212-WA0039.jpg', 2500.00, 'Yellow', 1),
(5837, 'Method men ', 'NGP000173', 270, NULL, 'inbound1396378905710667024.jpg', 2000.00, 'Pink', 41),
(5838, 'Planet kind ', 'NGP000176', 268, NULL, 'inbound3198444951242791583.jpg', 2000.00, 'Pink', 10),
(5839, 'Mario Badescu Body Lotion ', 'NGP000177', 244, NULL, 'IMG-20250212-WA0045.jpg', 3500.00, '', 1),
(5840, 'EOS Shea better ', 'NGP000177', 270, NULL, 'inbound937218435778366373.jpg', 3000.00, 'Purple', 2),
(5841, 'Studio Selection Sunscreen Lotion ', 'NGP000178', 157, NULL, 'm_wp_6439a78d7f29dda7b4bb9108.webp', 2000.00, 'Pink', 4),
(5842, 'Clear pore cleanser mask ', 'NGP000179', 268, NULL, 'inbound5004751950228356280.jpg', 2000.00, '', 1),
(5843, 'Aveeno Face Cream', 'NGP000180', 268, NULL, 's-l1200 - 2025-02-12T121904.165.webp', 2000.00, 'Pink', 1),
(5844, 'Garnier Paste Strong Hold Hair Styling Products', 'NGP000181', 267, NULL, 'IMG-20250212-WA0048.jpg', 1800.00, '', 1),
(5845, 'Studio selection original clean Astringent ', 'NGP000180', 263, NULL, 'inbound5719791421240272805.jpg', 1000.00, 'Red', 1),
(5846, 'Marina & Demme body lotion', 'NGP000182', 244, NULL, 'pop-35499601-1.jpeg', 1500.00, 'Green', 1),
(5847, 'Sea breeze  sensitive skin ', 'NGP000182', 263, NULL, 'inbound6482204847059476328.jpg', 1000.00, 'Red', 72),
(5848, 'Sea breeze original formula ', 'NGP000183', 263, NULL, 'inbound4914534830342222829.jpg', 1000.00, 'Red', 77),
(5849, 'Lash Cleanser Concentrate', 'NGP000184', 98, NULL, '71xT79ihH2L._SL1500_.jpg', 4000.00, 'Navy Blue', 1),
(5850, 'Vitamin E skin oil', 'NGP000185', 152, NULL, 'Personal-Care-Vitamin-E-Skin-Oil-4-Oz_de2f48fa-9018-4858-b41d-2e88339b731e.9e200fd80bf1f3041de23944b8904f3d.jpeg', 1500.00, 'Green', 2),
(5851, 'Skin Aqua ', 'NGP000186', 268, NULL, 'inbound3912725269500321741.webp', 1800.00, '', 1),
(5852, 'Cocoa Butter Formula Lotion ', 'NGP000187', 150, NULL, 'IMG-20250212-WA0060.jpg', 3500.00, '', 1),
(5853, 'Caldrea Tangelo palm frond ', 'NGP000187', 98, NULL, 'inbound3883271686232135644.webp', 3000.00, 'Purple', 1),
(5854, 'Aveeno Body Lotion ', 'NGP000188', 150, NULL, 'ef2cfd4a-20b3-44dc-9dfe-6ea207774547._SL480_ (1).jpg', 3000.00, 'Purple', 1),
(5855, 'Dove Deep Moisture ', 'NGP000189', 150, NULL, '71ySAp5lHTL._AC_UF1000,1000_QL80_FMwebp_.webp', 1800.00, '', 1),
(5856, 'Dove Hand Wash ', 'NGP000190', 264, NULL, '113802026.png', 5000.00, 'Light Blue', 1),
(5857, 'Closes healthy gums ', 'NGP000191', 271, NULL, 'inbound6711634504583906092.jpg', 3500.00, '', 1),
(5858, 'Bio-Oil Body Lotion ', 'NGP000191', 150, NULL, 'bio-oil_body_lotion_250ml.jpg', 2500.00, 'Yellow', 1),
(5859, 'Lemon essential ', 'NGP000192', 239, NULL, 'inbound7112246995236017015.webp', 2500.00, 'Yellow', 1),
(5860, 'Reshma henna', 'NGP000193', 147, NULL, 'inbound7668223182738348255.jpg', 2000.00, 'Pink', 1),
(5861, 'Coconut Coffee body cream ', 'NGP000192', 150, NULL, '5oz-en-us.webp', 3000.00, 'Purple', 1),
(5862, 'Jason wu mist er wu ', 'NGP000194', 272, NULL, 'inbound7120114773145010379.jpg', 1500.00, '', 1),
(5863, 'Cremo Body wash Italian bergamot ', 'NGP000195', 149, NULL, 'inbound6855960790427572631.jpg', 3800.00, '', 1),
(5864, 'Alba Botanica Sunscreen Lotion ', 'NGP000196', 157, NULL, 'AL01056_Kids_SPF50_Tropical_Fruit-Lotion_Front_Render.png', 2000.00, 'Pink', 1),
(5865, 'Kale Smoothie Refining Lotion', 'NGP000197', 244, NULL, 'TARGET_KALE_SMOOTHIE_REFINING_LOTION_ENVIRONMENT_1200x.jpg', 3000.00, 'Purple', 2),
(5866, 'Stidex ', 'NGP000196', 263, NULL, 'inbound9216893653800869891.jpg', 2000.00, 'Pink', 1),
(5867, 'Avalon Organics Eczema Relief Intensive Cream', 'NGP000198', 244, NULL, '71CtOrotODL._SL1500_.jpg', 1500.00, 'Green', 2),
(5868, 'Button hole ', 'NGP000198', 110, NULL, 'inbound2461433210938872576.jpg', 2000.00, 'Pink', 1),
(5869, 'The feel good tab', 'NGP000199', 150, NULL, 'inbound6614078776691812938.jpg', 6000.00, '', 1),
(5870, 'Suave Cocoa Shea Nourishing Lotion', 'NGP000200', 150, NULL, 's-l1600 (13).jpg', 500.00, '', 19),
(5871, 'Blue Lizard Australian Sunscreen ', 'NGP000201', 157, NULL, '71N7LQ9e0sL._AC_UL600_SR600,600_.jpg', 2000.00, 'Pink', 1),
(5872, 'Cicatri IM Stretchmark cream', 'NGP000202', 244, NULL, '5198Qwh5SOL._AC_UF1000,1000_QL80_FMwebp_.webp', 2000.00, 'Pink', 1),
(5873, 'Gentle face Exfoliator ', 'NGP000203', 268, NULL, 'IMG-20250212-WA0078.jpg', 1000.00, 'Red', 1),
(5874, 'Moroccanoil ', 'NGP000204', 273, NULL, 'inbound1163800544729422756.jpg', 3000.00, 'Purple', 1),
(5875, 'Coppertone Sunscreen ', 'NGP000204', 157, NULL, '81tQ1z7ARHL.jpg', 3500.00, '', 1),
(5876, 'Bath & Body works cream', 'NGP000205', 150, NULL, '71iw2yRyugL._AC_UF1000,1000_QL80_.jpg', 1800.00, '', 1),
(5877, 'Burt\\\'s Bee body lotion', 'NGP000206', 150, NULL, '31ok12FYRmL.jpg', 2800.00, '', 1),
(5878, ' e.p.t Digital Ovulation test', 'NGP000207', 274, NULL, 'inbound8015497100662083050.webp', 2000.00, 'Pink', 1),
(5879, 'Bliss clear genius ', 'NGP000208', 98, NULL, 'inbound1869452811471762670.jpg', 1800.00, 'Green', 1),
(5880, 'Jergens cream ', 'NGP000208', 150, NULL, '019100231580.jpg', 400.00, '', 16),
(5881, 'Bioderma ', 'NGP000209', 98, NULL, '1690305143_DBID0017AB1_1.jpg', 2000.00, 'Pink', 1),
(5882, 'Essentials Daily feminine wash', 'NGP000210', 268, NULL, '51Tm5Jc9CVL._AC_UF1000,1000_QL80_.jpg', 2000.00, 'Pink', 1),
(5883, 'Aromafields Facial Cream', 'NGP000211', 275, NULL, 'IMG-20250212-WA0106.jpg', 3000.00, 'Purple', 1),
(5884, 'Beloved Body Scrub', 'NGP000212', 151, NULL, 'large_4d5d677a-beb0-49cb-89ad-decc5f1eb222.webp', 2000.00, 'Pink', 1),
(5885, 'Hada labo Tokyo ', 'NGP000209', 112, NULL, 'inbound6405585476171292093.jpg', 3000.00, 'Purple', 1),
(5886, 'Eye cream for men ', 'NGP000213', 110, NULL, 'inbound4094816393864426752.jpg', 5000.00, 'Light Blue', 1),
(5887, 'Hand Cream ', 'NGP000214', 155, NULL, 's-l1200 - 2025-02-12T170011.477.webp', 1500.00, 'Green', 4),
(5888, 'Underlying Smooth Hand Cream ', 'NGP000215', 155, NULL, '719WigITpYL._AC_UF1000,1000_QL80_.jpg', 500.00, '', 6),
(5889, 'Vanilla Hand Cream', 'NGP000216', 155, NULL, 'medium_1641364367.png', 500.00, '', 2),
(5890, 'Shea Moisture ', 'NGP000217', 157, NULL, '91F3I1iE+zL._AC_UF350,350_QL80_.jpg', 2500.00, 'Yellow', 3),
(5891, 'Frida mom Stretch prep balm', 'NGP000218', 268, NULL, '31bL8DT2H0L._AC_.jpg', 1500.00, 'Green', 2),
(5892, 'Wella Color motion ', 'NGP000219', 134, NULL, 'Colormotion-conditioner-supernova-PCP-packshot_m.jpg', 3800.00, '', 4),
(5893, 'Cherry Blossom body cream', 'NGP000220', 150, NULL, 's-l400 (11).png', 1500.00, 'Green', 2),
(5894, 'Scalpicin maximum strength ', 'NGP000221', 112, NULL, 'inbound9201935527740945955.webp', 2500.00, 'Yellow', 1),
(5895, 'Pacifica sea &C glow', 'NGP000222', 152, NULL, 'inbound9163345126234027118.jpg', 2000.00, 'Pink', 1),
(5896, 'RoC clinically proven ', 'NGP000223', 98, NULL, 'inbound6720064487310425814.jpg', 2500.00, 'Yellow', 1),
(5897, 'Soothing body cream', 'NGP000223', 150, NULL, 'IMG-20250212-WA0136.jpeg', 1500.00, 'Green', 2),
(5898, 'Dr Teals kids Lotion ', 'NGP000224', 150, NULL, '71b+k+OizGL.jpg', 2000.00, 'Pink', 7),
(5899, 'G.L.A.M. Body Scrub', 'NGP000225', 151, NULL, 'm26903518097_1.jpg', 2000.00, 'Pink', 2),
(5900, 'Teeth & Gum Cleanser ', 'NGP000226', 98, NULL, '71YkiCjKTDL._AC_UF1000,1000_QL80_FMwebp_.webp', 2000.00, 'Pink', 1),
(5901, 'Smooth contours ', 'NGP000227', 276, NULL, 'inbound8424390372066903143.jpg', 2500.00, 'Yellow', 9),
(5902, 'Sally Hansen Airbrush legs ', 'NGP000228', 277, NULL, 'inbound2542053346726970910.jpg', 2000.00, 'Pink', 4),
(5903, 'Body scrub', 'NGP000228', 151, NULL, 's-l1200 - 2025-02-12T174838.300.webp', 500.00, '', 3),
(5904, 'Bolero body cream', 'NGP000229', 150, NULL, 'Bolero-Beverly-Hills-French-LavenderCitrus-Body-Cream-35ozFacial.webp', 500.00, '', 54),
(5905, 'Ylnalo Aloe & Seaweed ', 'NGP000229', 278, NULL, 'inbound109148410616887245.jpg', 1500.00, '', 7),
(5906, 'Body Lotion  ', 'NGP000230', 150, NULL, 's-l1200 - 2025-02-12T174920.998.webp', 500.00, '', 4),
(5907, 'Smooth and hairless no trace dedication ', 'NGP000231', 278, NULL, 'inbound4495933204393389468.jpg', 2000.00, 'Pink', 32),
(5908, 'Rosemary mint Scalp & hair strengthening oil', 'NGP000232', 138, NULL, 'inbound5178692203803446083.jpg', 3000.00, 'Purple', 1),
(5909, 'Bath & beauty  diabetics ', 'NGP000233', 156, NULL, 'inbound6886060084792183929.jpg', 1000.00, 'Red', 7),
(5910, 'Nair leg mask ', 'NGP000234', 278, NULL, 'inbound4599249371659163343.jpg', 3000.00, 'Purple', 1),
(5911, 'Earth Salt ', 'NGP000234', 279, NULL, 's-l1600 (8).webp', 1500.00, 'Green', 7),
(5912, 'Nix lice Shampoo kit', 'NGP000235', 134, NULL, 's-l500 (4).jpg', 1500.00, 'Green', 1),
(5913, 'Pretrodex Toothpaste ', 'NGP000236', 280, NULL, '71Kc33feD4L._AC_UL400_.jpg', 2500.00, 'Yellow', 1),
(5914, 'Pet Shampoo ', 'NGP000237', 134, NULL, 'Pets-Shampoo-Packaging-Boxes-1.jpg', 2500.00, 'Yellow', 1),
(5915, 'Fresh dental ', 'NGP000238', 280, NULL, '71aJ8elid8L.jpg', 2000.00, 'Pink', 2),
(5916, 'Age defy dark circles & puffiness serum', 'NGP000239', 281, NULL, 'inbound6760290586453063305.webp', 700.00, '', 5),
(5917, 'SEARS Kenmore ', 'NGP000240', 235, NULL, 'inbound6754466170106412617.webp', 55000.00, 'Pink', 1),
(5918, 'Dove Conditioner ', 'NGP000241', 102, NULL, '71bOWPmcq3L._AC_UF1000,1000_QL80_FMwebp_.webp', 600.00, 'Orange', 4),
(5919, 'Kenmore untra stitch', 'NGP000241', 235, NULL, 'inbound4593024017573156525.webp', 68000.00, 'Orange', 1),
(5920, 'Bicor', 'NGP000242', 235, NULL, 'inbound727695026849122813.jpg', 67000.00, 'Green', 1),
(5921, 'Ouidad Cleansing oil Shampoo ', 'NGP000243', 134, NULL, 'Ouidad Ultra-nourishing cleansing oil shampoo -348x444.jpg', 2000.00, 'Pink', 1),
(5922, 'Singer', 'NGP000243', 235, NULL, 'inbound7174407244550171050.webp', 75000.00, 'Yellow', 1),
(5923, 'Kenmore ', 'NGP000244', 235, NULL, 'inbound5428624832373866160.webp', 70000.00, 'Green', 1),
(5924, 'Singers', 'NGP000245', 235, NULL, 'inbound2086136668344826127.jpg', 2000.00, 'Pink', 1),
(5925, 'Herbal Essences Shampoo ', 'NGP000246', 134, NULL, 'IMG-20250213-WA0007.jpg', 600.00, 'Orange', 1),
(5928, 'Suave Conditioner ', 'NGP000247', 135, NULL, 'medium_1610755155.jpeg', 2000.00, 'Pink', 1),
(5930, 'Shea Moisture Conditioner ', 'NGP000248', 135, NULL, '84824024.png', 3800.00, '', 1),
(5931, 'Smooth Shampoo ', 'NGP000249', 134, NULL, '41k4gYbr-3L._AC_UF1000,1000_QL80_FMwebp_.webp', 2600.00, '', 1),
(5932, 'Strictly Curls Frizz Sealing Conditioner ', 'NGP000250', 135, NULL, 'SCConditioner380mLBI_621732003017_1_Web_TP_600x.jpg', 2000.00, 'Pink', 1),
(5934, 'Hello Bello Conditioner ', 'NGP000251', 135, NULL, '41Yil5t9BIL._AC_UF1000,1000_QL80_FMwebp_.webp', 2000.00, 'Pink', 1),
(5935, 'Target ', 'NGP000252', 89, NULL, 'inbound6897556678952839731.webp', 600.00, 'Green', 31),
(5936, 'Target', 'NGP000253', 195, NULL, 'inbound138105432225594023.webp', 1500.00, 'Green', 4),
(5937, 'Small business ', 'NGP000254', 195, NULL, 'inbound5560197475276413087.jpg', 1500.00, 'Green', 4),
(5938, 'Viviscal Strengthening Conditioner ', 'NGP000255', 135, NULL, 'slide22_472x498_Conditioner.jpg', 3500.00, '', 2),
(5939, 'Herbal Essences Conditioner ', 'NGP000256', 135, NULL, '9deb2848-d07e-4efd-9c09-d6d12aac3e0e.98cfa562a96ebe2a72e3d0349688f5dc.jpeg', 3000.00, 'Purple', 1),
(5940, 'Johnson\\\'s Newborn Wash & Shampoo ', 'NGP000257', 134, NULL, 'Johnson-s-Baby-CottonTouch-Newborn-Baby-Wash-Shampoo-with-No-More-Tears-27-1-Fl-Oz_a348f791-3947-442d-aa46-ae16a9294d55.d46b8848145686e6abc7b6ffbe79b621.jpeg', 2500.00, 'Yellow', 1),
(5941, 'Hair scrunchies ', 'NGP000256', 89, NULL, 'inbound4024447815484689405.jpg', 1500.00, 'Green', 17),
(5942, 'Pantene Rose Water Conditioner ', 'NGP000258', 135, NULL, 's-l1200 - 2025-02-13T111321.737.webp', 600.00, 'Orange', 31),
(5943, 'Hair scrunchies ', 'NGP000259', 89, NULL, 'inbound7848469569357488451.jpg', 1500.00, 'Green', 16),
(5944, 'Glasses', 'NGP000260', 73, NULL, 'inbound1374131866581524103.jpg', 2000.00, 'Pink', 131),
(5946, 'Hair scrunchies ', 'NGP000261', 89, NULL, 'inbound8276366224115591650.webp', 1000.00, 'Red', 7),
(5947, 'Acure Shampoo ', 'NGP000262', 134, NULL, '71efVKXSL+L._AC_UF1000,1000_QL80_FMwebp_.webp', 2000.00, 'Pink', 1),
(5948, 'Roman Revive Shampoo ', 'NGP000263', 134, NULL, '81ad8PQ+3UL._SL1500_.jpg', 1800.00, '', 1),
(5949, 'Purezero Strengthening Conditioner ', 'NGP000264', 135, NULL, 'bzse4d2gdfjtgdpoefbg.jpg', 2500.00, 'Yellow', 2),
(5950, 'Satin Dream Shampoo ', 'NGP000265', 134, NULL, '61n3OPErznL._AC_SL1500_.jpg', 2500.00, 'Yellow', 1),
(5951, 'Hair Conditioning Cream', 'NGP000266', 135, NULL, '71Y03hJdLHL.jpg', 5000.00, 'Light Blue', 2),
(5952, 'Hair scrunchies ', 'NGP000262', 89, NULL, 'inbound7106179761566855998.webp', 1000.00, 'Red', 23),
(5953, 'Headband ', 'NGP000267', 90, NULL, 'inbound252424977597599321.png', 1000.00, 'Red', 46),
(5954, 'Tiara', 'NGP000268', 283, NULL, 'inbound5281946543418451292.jpg', 1500.00, 'Green', 1),
(5955, 'Pumice stone ', 'NGP000268', 282, NULL, 'resize.webp', 500.00, '', 17),
(5956, 'Hair ties', 'NGP000269', 285, NULL, 'inbound1216253227199093243.webp', 1000.00, 'Red', 24),
(5957, 'Colorful rubber bands', 'NGP000270', 286, NULL, 'inbound6091813822396625474.jpg', 800.00, 'Red', 1),
(5958, 'Super stretch soft spring', 'NGP000271', 286, NULL, 'inbound2429797983956511298.webp', 1000.00, 'Red', 1),
(5959, 'Belle', 'NGP000272', 88, NULL, 'inbound5510823055287999891.jpg', 1000.00, 'Red', 1),
(5960, 'Pond\\\'s pure detox facial foam ', 'NGP000269', 275, NULL, 'f8f01393-74cb-4055-81cf-32016b7bcac5.5b42d1cf59bcc93a75f0ccf9d2387791.jpeg', 2500.00, 'Yellow', 8),
(5961, 'Studio selection kids', 'NGP000273', 88, NULL, 'inbound6812045642711879958.webp', 1000.00, 'Red', 1),
(5962, 'Conair fine hair Bobby pin', 'NGP000274', 88, NULL, 'inbound4903315782165030602.webp', 1000.00, 'Red', 10),
(5963, 'Facial scrub french lavender & citrus ', 'NGP000274', 287, NULL, 's-l1200 (14).jpg', 500.00, 'Green', 18),
(5964, 'Stretch combs', 'NGP000275', 88, NULL, 'inbound1680597834143615390.webp', 1000.00, 'Red', 4),
(5965, 'Everyday activities  head wraps', 'NGP000276', 288, NULL, 'inbound6496667510466209931.webp', 1000.00, 'Red', 11),
(5966, 'Detoxifying clay mask ', 'NGP000277', 268, NULL, 'Clay+Mask_Front-2.jpg', 2500.00, 'Yellow', 5),
(5967, 'Stryke  club ', 'NGP000278', 108, NULL, '61TmwaSOyVL._AC_UF1000,1000_QL80_ (1).jpg', 2500.00, 'Yellow', 2),
(5968, 'Rose coconut whipped facial cream ', 'NGP000279', 275, NULL, '81sxzclVlML.jpg', 500.00, '', 12),
(5969, 'Intensive moisture care ', 'NGP000280', 290, NULL, '613HXa8AUoL._AC_UF894,1000_QL80_FMwebp_.webp', 2000.00, '', 1),
(5970, 'Freeman clearing peel off clay mask ', 'NGP000281', 291, NULL, 'Freeman-Facial-Mask-Sweet-Tea-Lemon-Peel-Away-6Oz-6-Pack_5f7b7127-e451-4ee5-b7b1-8bb747136e41.e206eec64ac76fabd6416476a08b4b63.jpeg', 3000.00, '', 1),
(5971, 'Canadian hemp seed ', 'NGP000282', 268, NULL, '812MVt64CES._SL1500_.jpg', 2000.00, 'Pink', 1),
(5972, 'Versed  short cut overnight facial peel ', 'NGP000283', 291, NULL, 'the_shortcut_1_1521x.png', 500.00, '', 1),
(5973, 'Artskills', 'NGP000283', 285, NULL, 'inbound1577968498389131147.webp', 500.00, 'Orange', 1),
(5974, 'Pcs ponytailers', 'NGP000284', 285, NULL, 'inbound4130422426264381087.jpg', 1000.00, 'Red', 1),
(5975, 'Wishing you piece and happiness ', 'NGP000285', 88, NULL, 'inbound1630779935455379858.webp', 600.00, 'Orange', 1),
(5976, 'Monday Smooth Conditioner ', 'NGP000286', 135, NULL, '61wry8Lq8sL.jpg', 2500.00, 'Yellow', 1),
(5977, 'Nexxus Conditioner ', 'NGP000287', 135, NULL, '80655775.png', 2600.00, '', 2),
(5978, 'Argan oil Conditioner ', 'NGP000288', 135, NULL, 's-l1200 - 2025-02-13T125945.588.webp', 2000.00, 'Pink', 11),
(5979, 'Aveeno Shampoo ', 'NGP000289', 134, NULL, 'avo-rosewater-soothesoften-shampoo_1000_x_1000-en-au.png', 3000.00, 'Purple', 2),
(5980, 'Tresemme Dy Shampoo ', 'NGP000290', 146, NULL, '666db477d57c9c8c185f4ded76cb0ad0be436379-600x600.jpg', 2000.00, 'Pink', 1),
(5981, 'Nioxin Shampoo ', 'NGP000291', 134, NULL, 'Screen_Shot_2018-10-09_at_8.png', 4000.00, 'Navy Blue', 1),
(5982, 'Loreal Glossing Shampoo ', 'NGP000292', 134, NULL, '071249645253_t1.png', 2000.00, 'Pink', 1),
(5983, 'Bubchen 2in1 Shampoo ', 'NGP000293', 134, NULL, '81BJUoZ7KJL.jpg', 1500.00, 'Green', 3),
(5984, 'Hydrate glow ', 'NGP000294', 292, NULL, '51e-eFcwGWL._AC_UL900_SR615,900_.jpg', 1500.00, '', 1),
(5985, 'Invigorating Apricot scrub ', 'NGP000295', 287, NULL, '2aed0149-1f53-4cae-8518-b9becab7e527-retina-large.jpg', 2000.00, 'Pink', 1),
(5986, 'Every man jack ', 'NGP000296', 293, NULL, '71F1adRhiWL._AC_UF1000,1000_QL80_FMwebp_.webp', 1500.00, 'Green', 2),
(5987, 'Baby headwrap', 'NGP000296', 285, NULL, 'inbound8071761542838182785.jpg', 600.00, 'Orange', 9),
(5988, 'Dead sea mud mask ', 'NGP000297', 268, NULL, 's-l1200 (15).jpg', 1500.00, '', 1),
(5989, 'Head wrap', 'NGP000297', 288, NULL, 'inbound6853235936959087377.jpg', 1000.00, 'Red', 36),
(5990, 'Holy hydration ', 'NGP000298', 268, NULL, 's-l1200 (16).jpg', 2500.00, 'Yellow', 1),
(5991, 'Hair clips', 'NGP000298', 88, NULL, 'inbound4182620076515419139.jpg', 1000.00, 'Red', 5),
(5992, 'Crew Daily Conditioner ', 'NGP000299', 135, NULL, '023204-2.jpg', 1500.00, 'Green', 25),
(5993, 'Nexxus Foam Shampoo ', 'NGP000300', 146, NULL, 'm53404034758_1.jpg', 2000.00, 'Pink', 4),
(5994, 'Bow clip', 'NGP000299', 88, NULL, 'inbound2092016492093258828.jpg', 1000.00, 'Red', 2),
(5995, 'Coconut Oil Shampoo ', 'NGP000301', 134, NULL, 's-l1200 - 2025-02-13T144703.506.webp', 5000.00, 'Light Blue', 2),
(5996, 'Earth Supplied Shampoo ', 'NGP000302', 134, NULL, 'm_61f481adc693bd0893fde9dd.jpg', 3000.00, 'Purple', 1),
(5997, 'Nutritioniste nutrition dermatology ', 'NGP000303', 268, NULL, '52b2666ff919dc1fe26039ba05ff5f8c_large.png', 2000.00, 'Pink', 6),
(5998, 'Foaming Acne scrub ', 'NGP000304', 111, NULL, 'a44df691-eb67-4ee2-9764-114cff8e459b.08d8156ce3144bbb191221fab6358f91.jpeg', 500.00, '', 6),
(5999, 'Cruel intensive moisture care', 'NGP000305', 268, NULL, '51G8YgUQktL._AC_UL600_SR600,600_.jpg', 1000.00, '', 1),
(6002, 'WOMEN FOOTWEAR  (2000)', 'NGP000306', 176, NULL, 'WhatsApp Image 2025-02-14 at 10.13.49_7c7019b4.jpg', 2000.00, 'Pink', 1318),
(6003, 'Coconut Oil Shampoo ', 'NGP000307', 134, NULL, 's-l1200 - 2025-02-13T144703.506.webp', 5000.00, 'Light Blue', 2),
(6004, 'Earth Supplied Shampoo ', 'NGP000308', 134, NULL, 'm_61f481adc693bd0893fde9dd.jpg', 3000.00, 'Purple', 1),
(6005, 'Burt\\\'s Bee Baby Shampoo & Wash ', 'NGP000309', 134, NULL, 'Burt-s-Bees-Baby-Shampoo-Wash-Calming-12-oz-Pack-of-2_6146b938-3649-4ea7-a436-9ef0bda0dd53_1.356e7cd3b3e867e9a21a3103fff10990.jpeg', 3500.00, '', 1),
(6007, 'Infusium Shampoo ', 'NGP000310', 134, NULL, '61XVlSmVtgL.jpg', 1500.00, 'Green', 13),
(6008, 'Johm Frieda Weightless Shampoo ', 'NGP000311', 134, NULL, 'volume-lift-lightweight-shampoo-conditioner-twin-2-x-250ml-p38042-120127_image.jpg', 2000.00, 'Pink', 1),
(6009, 'Baby Shampoo ', 'NGP000312', 134, NULL, '61VVJzlDdIL.jpg', 1500.00, 'Green', 2),
(6010, 'Herbal Essences Shampoo ', 'NGP000313', 134, NULL, '118-294-bio-renew-white-grapefruit-mosa-mint-shampoo-4-count-original-imafypgf5zxpy2th.jpeg', 2500.00, 'Yellow', 1),
(6011, 'Pert 2in1 Shampoo & Conditioner ', 'NGP000314', 134, NULL, '71gPzZ7WUzL._AC_UF1000,1000_QL80_.jpg', 1500.00, 'Green', 47),
(6012, 'Mele gentle Hydrating cleaning gel ', 'NGP000311', 268, NULL, 'inbound57547377052650508.jpg', 3000.00, 'Purple', 3),
(6013, 'Mele plump it up ', 'NGP000315', 268, NULL, 'inbound8647524541249551755.jpg', 2000.00, 'Pink', 6),
(6014, 'Mele smooth pore ', 'NGP000316', 268, NULL, 'inbound4096395321683230029.jpg', 5000.00, 'Light Blue', 6),
(6015, 'Jelly nutrient mist ', 'NGP000317', 268, NULL, 'inbound5815393593575059127.jpg', 2000.00, 'Pink', 1),
(6016, 'Dove Shampoo ', 'NGP000317', 134, NULL, 'Dove-Nutritive-Solutions-Nourishing-Intensive-Repair-Daily-Shampoo-with-Keratin-20-4-fl-oz_e22476d4-dae8-434c-8979-c55f6f7ab3ef.94eb932a63466da331f323f77ae48efd.jpeg', 2500.00, 'Yellow', 1),
(6017, 'Dail Kids 3in1 Body,Hair+ Bubble Bath', 'NGP000318', 134, NULL, '1663043943888nkD_BDs1X.jpg', 2500.00, 'Yellow', 1),
(6018, 'Odele Smoothing Shampoo ', 'NGP000319', 134, NULL, 'SmoothingShampoo_13oz_800x.jpg', 2000.00, 'Pink', 1),
(6019, 'Bliss blackhead breakdown ', 'NGP000318', 263, NULL, 'inbound4732951001373130.webp', 2000.00, 'Pink', 1),
(6020, 'Bed Head Toning Shampoo ', 'NGP000320', 134, NULL, 'IMG-20250213-WA0086.jpg', 2000.00, 'Pink', 1),
(6021, 'Paul Mitchell Shampoo ', 'NGP000321', 134, NULL, '129856.webp', 3000.00, 'Purple', 1),
(6022, 'Canol\\\'s Daughter Shampoo ', 'NGP000322', 134, NULL, 'm_65d3e18d8634cbe37a0c0bc5.jpg', 2000.00, 'Pink', 1),
(6023, 'Dermasil oil free daily facial cream ', 'NGP000320', 275, NULL, 'inbound1131343408330452688.webp', 1000.00, '', 105),
(6024, 'Playtex Baby Shampoo ', 'NGP000323', 134, NULL, '86117.jpg', 2000.00, 'Pink', 2),
(6025, 'Keratin Complex Smoothing Shampoo ', 'NGP000324', 134, NULL, 'ZroTyu80_512x512.jpg', 3800.00, '', 1),
(6026, 'Softee men collection ', 'NGP000323', 139, NULL, 'inbound3017586840502590438.webp', 1000.00, '', 34),
(6027, 'Work out no pain no gain ', 'NGP000325', 268, NULL, 'inbound669325654880048941.jpg', 2500.00, '', 2),
(6028, 'Glass vacuum Rubber face Massager ', 'NGP000326', 268, NULL, 'inbound4219645379159348033.jpg', 2000.00, '', 2),
(6029, 'Lash boost ', 'NGP000327', 268, NULL, 'inbound5000900070493814059.jpg', 1500.00, 'Green', 1),
(6030, 'Eye defense ', 'NGP000328', 110, NULL, 'inbound3670536050643054852.jpg', 3000.00, 'Purple', 1),
(6031, 'Silicone Scalp massage brush ', 'NGP000329', 319, NULL, 'inbound9115166138473795323.jpg', 2000.00, '', 1),
(6032, 'Michelle cleansing pads ', 'NGP000330', 318, NULL, 'inbound4859164047040780727.webp', 1.00, '', 1000),
(6033, 'Electric facial cleansing brush ', 'NGP000331', 320, NULL, 'inbound2541562158792942250.jpg', 3000.00, 'Purple', 3),
(6034, 'Sugar wax ', 'NGP000332', 278, NULL, 'inbound7697301195461250343.jpg', 3000.00, '', 1),
(6035, 'Cuticle massage cream ', 'NGP000333', 268, NULL, 'inbound632025139561857898.jpg', 400.00, '', 2),
(6036, 'Eye makeup removal ', 'NGP000334', 318, NULL, 'inbound3757776139679215090.jpg', 2000.00, '', 23),
(6037, 'Garnier skin Active ', 'NGP000335', 318, NULL, 'inbound5263769081128674578.webp', 2000.00, '', 1),
(6038, 'KIDS CANVAS STRAP  SLIPPER ', 'NGP000336', 171, NULL, 'WhatsApp Image 2025-02-14 at 10.10.16_bea94616.jpg', 1000.00, 'Red', 90),
(6039, 'RUBBER SLIPPER ', 'NGP000337', 321, NULL, 's-l1200 - 2025-01-28T164532.077.webp', 600.00, 'Orange', 29),
(6040, 'BABY SANDALS WITH STRAP  ', 'NGP000338', 317, NULL, 'WhatsApp Image 2025-02-14 at 10.25.15_a52c5a05.jpg', 1800.00, '', 37),
(6041, 'BABY FOOTWEAR ', 'NGP000339', 324, NULL, 'WhatsApp Image 2025-02-14 at 10.24.01_8828bbe1.jpg', 1500.00, 'Green', 71),
(6042, 'Heart beauty sponge ', 'NGP000340', 325, NULL, 'inbound6113706511312465940.jpg', 1000.00, '', 3),
(6043, 'Cleansing duo face brush ', 'NGP000341', 293, NULL, 'inbound775475542593315246.jpg', 2000.00, '', 1),
(6044, 'Weleda skin food ', 'NGP000342', 268, NULL, 'inbound3872889764449771724.jpg', 2000.00, '', 1),
(6045, 'Electric blackhead extractor ', 'NGP000343', 263, NULL, 'inbound1912809078201180582.webp', 4000.00, '', 6),
(6046, 'Erase your face ', 'NGP000344', 318, NULL, 'inbound227837885705191997.jpg', 4000.00, '', 1),
(6047, 'Aussie Kids Conditioner ', 'NGP000345', 135, NULL, '18670357-Main.jpg', 2500.00, 'Yellow', 1),
(6048, 'Aveeno Conditioner ', 'NGP000346', 135, NULL, 'ave_052800673014_oat_milk_blend_conditioner_12oz_vanity-en-us.png', 2500.00, 'Yellow', 1),
(6049, 'Power Stick Shampoo ', 'NGP000347', 134, NULL, 's-l1600 (9).webp', 1500.00, 'Green', 1),
(6050, 'Power Stick Conditioner ', 'NGP000348', 135, NULL, '7178dUWgvfL.jpg', 1500.00, 'Green', 1),
(6051, 'Bliss clear genius', 'NGP000345', 268, NULL, 'inbound5961010787194317003.webp', 2000.00, '', 1),
(6052, 'Dove 2in1 Shampoo ', 'NGP000349', 134, NULL, '512I+szAk9L._AC_UL600_SR600,600_.jpg', 2000.00, 'Pink', 4),
(6053, 'Baby Shark 2in1 Shampoo ', 'NGP000350', 134, NULL, 'IMG-20250214-WA0001.jpg', 2000.00, 'Pink', 9),
(6054, 'Love Beauty and Planet Conditioner ', 'NGP000351', 135, NULL, '71MtnN2YeCL._AC_UL600_SR600,600_.jpg', 5000.00, 'Light Blue', 1),
(6055, 'Method Men 2in1 Shampoo ', 'NGP000352', 134, NULL, 'mh-cert-4-index-1588080757.png', 4000.00, 'Navy Blue', 3),
(6056, 'Pat away concealing base ', 'NGP000349', 115, NULL, 'inbound3742625722676449171.webp', 1000.00, '', 1),
(6057, 'Goldie Lock Ultra Shampoo ', 'NGP000353', 134, NULL, '61InUSCQW7L._AC_UF1000,1000_QL80_FMwebp_.webp', 2000.00, 'Pink', 1),
(6058, 'Goldie Locks Ultra Conditioner ', 'NGP000354', 135, NULL, '61HeEirI5vL._AC_UF1000,1000_QL80_FMwebp_.jpg', 2000.00, 'Pink', 1),
(6059, 'Neutrogena Conditioner ', 'NGP000355', 135, NULL, 's-l1600 (10).webp', 2500.00, 'Yellow', 1),
(6060, 'Neutrogena Shampoo ', 'NGP000356', 134, NULL, '4067802-2023-carousel-1-2 (1).webp', 2500.00, 'Yellow', 1),
(6061, 'Planet kind ', 'NGP000353', 108, NULL, 'inbound6211179215048295216.webp', 2000.00, 'Pink', 11),
(6062, 'Luminous Hair Mask Masque ', 'NGP000357', 134, NULL, '635f4141bc589d332c05bf15-wella-system-professional-luminous-hair.jpg', 2500.00, 'Yellow', 1),
(6063, 'Hair Grooming Paste ', 'NGP000358', 267, NULL, '71CjMegntvL.jpg', 2000.00, 'Pink', 8),
(6064, 'Alodia Flourish ', 'NGP000359', 138, NULL, 'flourish-hair-scalp-herbal-infusion.png', 4500.00, '', 4),
(6065, 'Loreal Heatspray', 'NGP000360', 141, NULL, 'D_NQ_NP_634695-MLM75274292223_032024-O.webp', 3000.00, 'Purple', 2),
(6066, 'Palmer\\\'s coconut Formula Curl Refresher ', 'NGP000361', 141, NULL, 'Palmer-s-Oil-Curl-and-Scalp-Refresher-Coconut-8-5-oz-2-Pack_2461761d-af48-43a6-8354-c9f4c2fecc58.5f5690231fb67b68ca04115e0cf18929.jpeg', 2500.00, 'Yellow', 1),
(6067, 'Aunt Jackie\\\'s repair Conditioning Masque ', 'NGP000362', 267, NULL, '71H+tJYyD7L._AC_UF1000,1000_QL80_.jpg', 5000.00, 'Light Blue', 1),
(6068, 'Classic clean ', 'NGP000357', 268, NULL, 'inbound6559350023725916258.jpg', 1000.00, '', 14),
(6069, 'As I Am Curling jelly ', 'NGP000363', 267, NULL, 'As-I-Am-Classic-Curling-Jelly-8-oz-Styling-Gel-Female-Frizz-Control_5f967bc9-f441-423c-ba51-dbc5630a2db7.808fd3a92952ff72b45e59dfc8b537fd.jpeg', 2000.00, 'Pink', 2),
(6070, 'Dove Taming Gel', 'NGP000364', 267, NULL, '2301818.png', 2000.00, 'Pink', 1),
(6071, 'Blue Magic ', 'NGP000365', 137, NULL, '71444402-1F28-4331-B2ED-B33CBA173420.jpeg', 2000.00, 'Pink', 2),
(6072, 'Gel hand soap refill ', 'NGP000363', 262, NULL, 'inbound6062810572316354113.png', 2500.00, '', 3),
(6073, 'Kristin Ess Daily Cleansing shampoo ', 'NGP000366', 134, NULL, '81IaAfBzfqL._AC_UF1000,1000_QL80_FMwebp_.webp', 3500.00, '', 1),
(6074, 'Kristin Ess Shine Enhancing Conditioner ', 'NGP000367', 135, NULL, '81nOS1sQLLL._AC_UF1000,1000_QL80_FMwebp_.webp', 5000.00, 'Light Blue', 1),
(6077, 'Stryke club ', 'NGP000369', 149, NULL, 'inbound80610123500243534.jpg', 2500.00, '', 2),
(6078, 'Bath Tub finger paint ', 'NGP000370', 264, NULL, 'inbound5414796417634197812.jpg', 1500.00, '', 1),
(6079, 'Caress daily ', 'NGP000371', 149, NULL, 'inbound4097036132200615410.jpg', 2000.00, '', 1),
(6080, 'Aussie instant freeze ', 'NGP000372', 138, NULL, 'inbound7820655155548210327.jpg', 1500.00, '', 2),
(6081, 'Curl Stlying Cream', 'NGP000368', 267, NULL, 'Mixed-Chicks-Styling-Cream-1.png', 4000.00, 'Navy Blue', 1),
(6082, 'Got 2b ', 'NGP000373', 267, NULL, 's-l1600 (11).webp', 2500.00, 'Yellow', 1),
(6083, 'Equate scar gel ', 'NGP000373', 268, NULL, 'inbound8668019382419246879.jpg', 1800.00, '', 1),
(6084, 'Foaming hand soap ', 'NGP000374', 262, NULL, 'inbound8131108086470994389.png', 2500.00, '', 1),
(6085, 'Curls Color Blast ', 'NGP000375', 147, NULL, 'ors-moisturizing-beeswax-gray-galaxy_600x.png', 2000.00, 'Pink', 3),
(6086, 'As I Am Curling Color', 'NGP000376', 147, NULL, 'As-I-Am-Curl-Color-Hot-Red-6oz_d3d83144-ccb2-414d-9997-9bbf6b1ce73f.c1a352fb0ca9385dfcfa107ff53a6be5.jpeg', 2000.00, 'Pink', 1),
(6087, 'Lock & Twist Gel', 'NGP000377', 267, NULL, '51XKly5wA-L.jpg', 2000.00, 'Pink', 1),
(6088, 'Axe Conditioning Cream', 'NGP000378', 267, NULL, '71GiZpTbaoL.jpg', 2500.00, 'Yellow', 2),
(6089, 'Shea Moisture  hair Masque ', 'NGP000379', 137, NULL, 'Manuka-Honey-Mafura-Oil-Intensive-Hydration-Masque-12-oz_bc7ac87b-6a45-4a55-83ea-2235d408af06_1.e82fe31f4a591ad54fe97b0e18443fc1.jpeg', 4000.00, 'Navy Blue', 1),
(6090, 'Bubble bath ', 'NGP000380', 268, NULL, 'inbound7497897744593284395.jpg', 500.00, '', 1),
(6091, 'Curl Conditioning oil in cream', 'NGP000380', 137, NULL, 'CSCondOilinCream_8oz_W134444_230418-shadow-1200x1600_1_1024x1024.jpg', 3000.00, 'Purple', 1),
(6092, 'Eco styling gel', 'NGP000381', 267, NULL, 'resize.webp', 2000.00, 'Pink', 2),
(6093, 'Aunt Jackie\\\'s curl Boss', 'NGP000382', 267, NULL, 'Curl-Boss-Coconut-Curling-Gelee_978x.jpg', 4000.00, 'Navy Blue', 1),
(6094, 'Wet skin kids', 'NGP000381', 157, NULL, 'inbound9216146839108940739.jpg', 2000.00, '', 1),
(6095, 'Got 2b Glued', 'NGP000383', 267, NULL, 'Screenshot_20250214_134152_Facebook.jpg', 1500.00, 'Green', 1),
(6096, 'Aunt Jackie\\\'s Butter Creme ', 'NGP000384', 137, NULL, '71U2tB62e4L.jpg', 3000.00, 'Purple', 5),
(6097, 'Baby shark  ', 'NGP000383', 149, NULL, 'inbound4719353767475702471.jpg', 2000.00, '', 6),
(6098, 'Cantu Deep Treatment Masque', 'NGP000385', 137, NULL, '1.jpg', 3500.00, '', 2),
(6099, 'Meaningful beauty ', 'NGP000386', 275, NULL, 'inbound3451137095306782997.jpg', 4000.00, '', 1),
(6100, 'Barlow\\\'s extreme Hold Styling Gel', 'NGP000386', 267, NULL, '220606-blhb-01a.jpg', 1500.00, 'Green', 1),
(6101, 'Kristin Ess Temporary Tint', 'NGP000387', 141, NULL, '516AxHVIH8L._AC_UF1000,1000_QL80_FMwebp_.webp', 2000.00, 'Pink', 1),
(6102, 'Mimosa Hair Conditioning Mist', 'NGP000388', 141, NULL, 'Carol-s-Daughter-Mimosa-Hair-Honey-Conditioning-Mist-5-oz_d676f741-1bc6-4406-bcaa-10b134e83c40_1.66032cf692f79399e688571dbf2737c4.jpeg', 1800.00, '', 1),
(6103, 'Loreal weightless blow dry primer ', 'NGP000389', 266, NULL, '61GpwW-BxcL._AC_UL900_SR615,900_.jpg', 2000.00, 'Pink', 1),
(6104, 'Ladybugs Mint Spray', 'NGP000390', 141, NULL, 'original.jpeg', 1500.00, 'Green', 4),
(6105, 'Sun Bum Scalp & hair mist', 'NGP000391', 141, NULL, '17638494_fpx.tif_wid=1200&fmt=jpeg&qlt=100_640x.webp', 2000.00, 'Pink', 1),
(6106, 'Volume Lift Texture Spray', 'NGP000392', 141, NULL, 'large_f0977589-2302-4fbf-ba83-6337b7b3adf3.jpg', 3500.00, '', 1),
(6107, 'Nexxus Mousse', 'NGP000393', 141, NULL, '51JB1V6MDfL.jpg', 1500.00, 'Green', 4),
(6108, 'Suave Extreme Hold hair spray', 'NGP000394', 141, NULL, 'Spray-Suave-Extreme-Hold-11Oz-1-47642.jpg', 3000.00, 'Purple', 1),
(6109, 'Wig & Weave Oil free Shine ', 'NGP000395', 141, NULL, '617ladkIKkL.jpg', 2800.00, '', 3),
(6110, 'Loreal 21in1 color caring Spray', 'NGP000396', 141, NULL, 'L-Oreal-Paris-EverPure-Sulfate-Free-21-in-1-Color-Caring-Spray-Multi-Benefit-Leave-In-Treatment-Detangling-Spray-Hydrates-Silky-Hair-UV-Filter-Vegan_b29a3e78-9dc5-4c5c-91fc-53aec9e0763e.c23a0258997d653bb759b2b1848bfd0c.jpeg', 1500.00, 'Green', 2),
(6111, 'Wig & Weave Oil Shine Spray', 'NGP000397', 141, NULL, '81mS2Er8-QL.jpg', 2000.00, 'Pink', 1),
(6112, 'Wig & Weave bond release Spray', 'NGP000398', 141, NULL, '71CbrR7lYnL.jpg', 2000.00, 'Pink', 1),
(6113, 'Gray Away Root Concealer ', 'NGP000399', 327, NULL, 'Screenshot_20250214_165846_Google.jpg', 2000.00, 'Pink', 1),
(6114, 'Gray Away root Concealer ', 'NGP000400', 327, NULL, '81VyjDYoBzL._AC_UF1000,1000_QL80_.jpg', 1500.00, 'Green', 3),
(6115, 'Tresemme extra hold Spray', 'NGP000401', 141, NULL, 'tresemme-tres-two-extra-hold-aerosol-hair-spray-case-1-5-oz-42-5-grams-each-x-24-units-wt-100201-1.jpg', 1000.00, 'Red', 1),
(6116, 'Freeze Hair Spray', 'NGP000402', 141, NULL, '51ETVIExefL._AC_UF1000,1000_QL80_.jpg', 2800.00, '', 1),
(6117, 'MEN FOOTWEAR  ', 'NGP000403', 314, NULL, 'images.jpeg', 2000.00, 'Pink', 339),
(6118, 'MEN FOOTWEAR  (10,000)', 'NGP000404', 314, NULL, 'download.jpeg', 10000.00, '', 14),
(6120, 'MEN FOOTWEAR  (15000)', 'NGP000405', 314, NULL, 'images (1).jpeg', 15000.00, '', 1),
(6122, 'Brite instant Color ', 'NGP000406', 147, NULL, '318uZHyEkLL.jpg', 2500.00, 'Yellow', 7),
(6123, 'Pacifica Curl Refresher Mist', 'NGP000407', 141, NULL, '02-Pineapple-Curls-Refresher-Mist-64176-Stylized_1200x.jpg', 2000.00, 'Pink', 1),
(6124, 'Water Less dry Shampoo (Large)', 'NGP000408', 146, NULL, 'Dry-Conditioner-3_front_mobile.webp', 2000.00, 'Pink', 6),
(6125, 'Loreal Colo Rista Spray', 'NGP000409', 141, NULL, '71T7lUD1yrL._AC_UF1000,1000_QL80_.jpg', 2000.00, 'Pink', 12),
(6126, 'Umberto Giannini ', 'NGP000410', 147, NULL, '61UweypFWaL._AC_UF894,1000_QL80_FMwebp_.webp', 2000.00, 'Pink', 9),
(6127, 'Unique Hair Spray ', 'NGP000411', 141, NULL, '9051S_539x.png', 1000.00, 'Red', 12),
(6128, 'As I Am dry & itchy Scalp care', 'NGP000412', 138, NULL, '348761-600x600.webp', 4000.00, 'Navy Blue', 8),
(6129, 'Tresemme root touch up ', 'NGP000413', 327, NULL, '31yUOmyKErS._US550_SCLZZZZZZZ_.jpg', 1000.00, 'Red', 4),
(6130, 'Hair Color ', 'NGP000414', 147, NULL, 's-l1200 - 2025-02-15T103040.548.webp', 2000.00, 'Pink', 28),
(6131, 'Punky Colour', 'NGP000415', 147, NULL, 'Purple_Punky.png', 2000.00, 'Pink', 6),
(6132, 'Tinted Lace Spray ', 'NGP000416', 143, NULL, 'IMG-20250215-WA0005.jpg', 2500.00, 'Yellow', 8),
(6133, 'Dessange ', 'NGP000406', 273, NULL, 'inbound1952083456870368333.jpg', 2500.00, '', 1),
(6134, 'Love at first tan ', 'NGP000417', 268, NULL, 'inbound2044304845213292777.jpg', 2000.00, '', 1),
(6135, 'Natural hair serum ', 'NGP000418', 145, NULL, 'inbound1907314179091230992.jpg', 1000.00, '', 19),
(6136, 'Taya Thickening Creme', 'NGP000417', 137, NULL, 'AWC_cropped_800_560x.jpg', 2000.00, 'Pink', 1),
(6137, 'Loreal Colo Rista Hair Color ', 'NGP000419', 147, NULL, '81heWYSGaVL._AC_UF1000,1000_QL80_FMwebp_.webp', 1000.00, 'Red', 3),
(6138, 'Castor oil', 'NGP000420', 138, NULL, '51p3a2tlGmL._AC_UF1000,1000_QL80_.jpg', 2500.00, 'Yellow', 1),
(6139, 'Weightless Air dry cream ', 'NGP000421', 134, NULL, 'inbound2561340418033806894.png', 2500.00, '', 1),
(6140, 'Matrix Curl Life ', 'NGP000422', 135, NULL, 'Matrix-Curl-Life-Defining-Contouring-Milk-Size-5-1-oz_ce75482d-9ab7-403c-8b9b-d0b9286e8e4c.318c4ee349125660249288b03d4f9264.jpeg', 300.00, '', 24),
(6141, 'Control balm Baume controle ', 'NGP000422', 267, NULL, 'inbound8316019881030107790.jpg', 1200.00, '', 1),
(6142, 'Hair Dye Shampoo ', 'NGP000423', 134, NULL, '71iCvb1KdTL.jpg', 3800.00, '', 2),
(6143, 'Phatoil ', 'NGP000423', 239, NULL, 'inbound2915854172108992999.jpg', 5000.00, '', 1),
(6144, 'Home Perm ', 'NGP000424', 148, NULL, '61-Z4nqJ1oL._AC_UF1000,1000_QL80_FMwebp_.webp', 2000.00, 'Pink', 13),
(6145, 'Turmeric Slimming Hot Cream', 'NGP000425', 268, NULL, '71vu+tj-OWL._AC_UF894,1000_QL80_.jpg', 4500.00, '', 6),
(6146, 'Punky Colour ', 'NGP000426', 147, NULL, '61r4w+uEJLL._AC_UF1000,1000_QL80_FMwebp_.webp', 2000.00, 'Pink', 1),
(6147, 'West & month ', 'NGP000424', 112, NULL, 'inbound2629929534283962023.jpg', 2000.00, '', 3),
(6148, 'Bubble Plant Hair Dye ', 'NGP000427', 147, NULL, '71OSbjmZJ0L._AC_SL1500_.jpg', 3000.00, 'Purple', 1),
(6149, 'Go Gray', 'NGP000428', 147, NULL, 'Go-Gray-Purple-Toning-Masque-for-Gray-Hair-and-Silver-Hair-1-fl-oz-4-Pk_b8397df7-dc2a-4474-9c9a-fc66b7e39f65.45b191e01a8d7bbb71c53f37f12c788d.png', 2500.00, 'Yellow', 4),
(6150, 'Coconut dye & Shampoo ', 'NGP000429', 141, NULL, '71821E3f9CL._AC_UF1000,1000_QL80_FMwebp_.webp', 3600.00, '', 3),
(6151, 'Bubble hair Dye ', 'NGP000430', 147, NULL, '51nEZV24AfL._AC_SY780_.jpg', 3600.00, '', 1),
(6152, 'BELTS  ', 'NGP000431', 70, NULL, '714SPYdys7L._AC_UL1500_.jpg', 1000.00, 'Red', 395),
(6153, 'Jelly eye cream ', 'NGP000427', 110, NULL, 'inbound3282845178906824794.jpg', 1200.00, '', 2),
(6154, 'Hello activated charcoal Hamp seed oil ', 'NGP000432', 152, NULL, 'inbound2823815012783934620.webp', 500.00, '', 13),
(6155, 'Dark & lovely Bleach Kit', 'NGP000433', 147, NULL, '51JVsggPvLL._AC_UF1000,1000_QL80_FMwebp_.webp', 2000.00, 'Pink', 1),
(6157, 'WOMEN AND MEN HATS ', 'NGP000434', 24, NULL, 'colourful-hats-displayed-here-stall-selling-all-kinds-tourist-photos-was-taken-pier-near-venice-beach-132705034.webp', 2000.00, 'Pink', 438),
(6158, 'Synergy topical Rollins ', 'NGP000435', 268, NULL, 'inbound3688530948469826455.webp', 2000.00, '', 2),
(6159, 'Believe exfoliating pads ', 'NGP000436', 268, NULL, 'inbound7782754665273858536.webp', 1000.00, '', 7),
(6160, 'Neutrogena makeup removal ', 'NGP000437', 318, NULL, 'inbound1601147766966068225.jpg', 1500.00, '', 1),
(6161, 'Anti breakage nourishing oils treatment ', 'NGP000438', 138, NULL, 'inbound4766108425782875929.jpg', 1000.00, '', 2),
(6162, 'Jelly Nutrient mist ', 'NGP000439', 268, NULL, 'inbound171219665441570339.jpg', 1200.00, '', 1),
(6163, 'Duration spray for him ', 'NGP000440', 160, NULL, 'inbound8719770477255676024.jpg', 1000.00, '', 1);
INSERT INTO `products` (`product_id`, `product_name`, `sku`, `category_id`, `subcategory_id`, `image`, `price`, `colors`, `stock_quantity`) VALUES
(6164, 'Portable DVD Player ', 'NGP000441', 337, NULL, 's-l1200 - 2025-02-05T095059.150.webp', 12000.00, '', 1),
(6165, 'Blossom infused with real flower ', 'NGP000441', 279, NULL, 'inbound9108831701534590868.jpg', 2000.00, '', 1),
(6166, 'Tp-Link wireless Router ', 'NGP000442', 330, NULL, 'Archer_C59_US_4.0_4_normal_1588209292498x.jpg', 8000.00, '', 1),
(6167, 'Swann HD Security Camera', 'NGP000443', 336, NULL, 's-l1200 - 2025-02-15T175016.413.webp', 20000.00, '', 1),
(6168, 'WASP 4k', 'NGP000444', 335, NULL, '81IxeZUjKKL._AC_UF894,1000_QL80_FMwebp_.webp', 45000.00, '', 2),
(6169, 'FORMAL DRESSS 5000', 'NGP000445', 45, NULL, 'th.jpeg', 5000.00, 'Light Blue', 654),
(6171, 'WORKING DRESSES ', 'NGP000446', 246, NULL, 'OIP (2).jpeg', 4000.00, 'Navy Blue', 391),
(6172, 'SUMMER DRESSES', 'NGP000447', 44, NULL, 'download (1).jpeg', 3000.00, 'Purple', 304),
(6173, 'DRESSES FOR $1000', 'NGP000448', 46, NULL, '349.jpg', 1000.00, 'Red', 37),
(6174, 'DRESSES FOR $2000', 'NGP000449', 248, NULL, 'm_5e2b6257d948a1f92c472fd5.jpg', 2000.00, 'Pink', 342),
(6175, 'DRESSES FOR $6000', 'NGP000450', 247, NULL, '106601476_607956490132458_574967662740262650_n.jpg', 6000.00, '', 3),
(6176, 'MAKE UP SPONGE ', 'NGP000451', 325, NULL, 'inbound3583438510384096389.webp', 1000.00, 'Red', 1),
(6177, 'Drone', 'NGP000452', 329, NULL, 'ae5d8b9987be8d5ecdeb5d502a1e887c.png', 20000.00, '', 1),
(6178, 'KIDS 2 PIECE OUTFIT ', 'NGP000453', 341, NULL, 'download (2).jpeg', 2000.00, 'Pink', 209),
(6179, 'LEGGINGS ', 'NGP000454', 60, NULL, 'images (2).jpeg', 1000.00, 'Red', 719),
(6181, '3/4 CAPRICE PANT FOR WOMEN ', 'NGP000455', 342, NULL, 'images (3).jpeg', 2000.00, 'Pink', 128),
(6182, 'WOMEN T SHIRT ', 'NGP000456', 344, NULL, 'images (5).jpeg', 1000.00, 'Red', 339),
(6183, 'LONG SHORT SKIRTS ', 'NGP000457', 47, NULL, 'download (3).jpeg', 2000.00, 'Pink', 236),
(6184, 'SHORT JUMPER RAMPER ', 'NGP000458', 53, NULL, 'download (4).jpeg', 4000.00, 'Navy Blue', 12),
(6186, 'GIRLS DRESS ', 'NGP000459', 352, NULL, 'download (7).jpeg', 1000.00, 'Red', 13),
(6188, 'GIRLS DRESS ', 'NGP000460', 349, NULL, 'download (5).jpeg', 5000.00, 'Light Blue', 12),
(6189, 'GIRLS DRESS ', 'NGP000461', 348, NULL, 'download (6).jpeg', 4000.00, 'Navy Blue', 5),
(6190, 'GIRLS DRESS ', 'NGP000462', 345, NULL, 'download (10).jpeg', 2000.00, 'Pink', 65),
(6192, 'GIRLS DRESS ', 'NGP000463', 346, NULL, 'download (9).jpeg', 3000.00, 'Purple', 8),
(6193, 'MEN LONG SLEEVE WITH COLLAR 3 BOTTONS SHIRT', 'NGP000464', 6, NULL, 'images (7).jpeg', 1000.00, 'Red', 57),
(6194, 'MEN SHORT SLEEVE WITH COLLAR 3 BOTTONS SHIRT', 'NGP000465', 6, NULL, 'download (13).jpeg', 1000.00, 'Red', 104),
(6195, 'MEN LONG SLEEVE DRESS SHIRT BUTTON DOWNS ', 'NGP000466', 356, NULL, 'download (11).jpeg', 1000.00, 'Red', 304),
(6196, 'MEN SHORT SLEEVE DRESS SHIRT BUTTON DOWNS	', 'NGP000467', 5, NULL, 'images (6).jpeg', 1000.00, 'Red', 39),
(6197, 'LONG SLEEVE MEN T SHIRT ', 'NGP000468', 361, NULL, 'download (14).jpeg', 1000.00, '', 230),
(6198, 'MEN SHORT SLEEVE T SHIRT ', 'NGP000469', 363, NULL, 'download (15).jpeg', 1000.00, 'Red', 268),
(6200, 'WOMEN LONG SLEEV TOPS ', 'NGP000470', 365, NULL, 'images (9).jpeg', 1000.00, 'Red', 314),
(6201, 'SCRUBS TOPS', 'NGP000471', 366, NULL, 'download (16).jpeg', 2000.00, 'Pink', 38),
(6202, 'SCRUBS  LONG PANTS', 'NGP000472', 367, NULL, 'images (10).jpeg', 2000.00, 'Pink', 12),
(6203, 'WHITE LAB COATS ', 'NGP000473', 371, NULL, 'download (17).jpeg', 5000.00, 'Light Blue', 4),
(6204, 'BABY ONESIES ', 'NGP000474', 373, NULL, 'download (19).jpeg', 600.00, 'Orange', 167),
(6205, 'BABY ALL IN ONE JUMP SUIT ', 'NGP000475', 375, NULL, 'images (11).jpeg', 1000.00, 'Red', 214),
(6207, 'WOMEN  CRAP TOPS ', 'NGP000476', 380, NULL, 'images (14).jpeg', 1000.00, 'Red', 145),
(6209, 'GIRLS HOODIES ', 'NGP000477', 374, NULL, 'download (18).jpeg', 2500.00, 'Yellow', 53),
(6211, 'KIDS SHORT TIGHTS LEGGINGS ', 'NGP000478', 379, NULL, 'images (12).jpeg', 600.00, 'Orange', 180),
(6212, 'GIRLS LONG SLEEVE TOPS ', 'NGP000479', 368, NULL, 'download (21).jpeg', 1000.00, 'Red', 378),
(6213, 'WOMEN SHORT SLEEVE TOPS ', 'NGP000480', 383, NULL, 'images (13).jpeg', 1000.00, 'Red', 259),
(6214, 'WOMEN BODY SUITS ', 'NGP000481', 384, NULL, 'download (22).jpeg', 2000.00, 'Pink', 34),
(6216, 'WOMEN ARM LESS TOPS', 'NGP000482', 390, NULL, 'women-s-sleeveless-turtleneck-modal-cashmere-elestan-m-4.jpg', 1000.00, 'Red', 272),
(6217, 'WOMEN STRAP TOP ', 'NGP000483', 391, NULL, 'download (23).jpeg', 1000.00, 'Red', 90),
(6218, 'WOMEN PIJAMAS SETS 2 PCS ', 'NGP000484', 392, NULL, 'download (25).jpeg', 2000.00, 'Pink', 110),
(6219, 'MEN PIJAMAS SETS 2 PCS ', 'NGP000485', 393, NULL, 'download (24).jpeg', 2000.00, 'Pink', 12),
(6220, 'FULL BODY SWIMWEAR FOR WOMEN ', 'NGP000486', 67, NULL, 'images (23).jpeg', 2000.00, 'Pink', 96),
(6221, 'BIKINI UNDERWEAR', 'NGP000487', 65, NULL, 'images (21).jpeg', 1000.00, 'Red', 943),
(6222, 'WOMEN NIKINI BRA TOPS ', 'NGP000486', 64, NULL, 'download (27).jpeg', 2000.00, 'Pink', 1),
(6224, 'WOMEN WORKING BLAZER ', 'NGP000489', 11, NULL, 'download (29).jpeg', 2500.00, 'Yellow', 236),
(6225, 'MEN BLAZER ', 'NGP000490', 55, NULL, 'download (28).jpeg', 2500.00, 'Yellow', 54),
(6226, 'COVER UPS THROW OVER', 'NGP000491', 397, NULL, 'images (24).jpeg', 2500.00, 'Yellow', 62),
(6227, 'MEN VEST ', 'NGP000492', 398, NULL, 'download (30).jpeg', 1000.00, 'Red', 33),
(6228, 'MEN HOODIES ', 'NGP000493', 9, NULL, 'download (31).jpeg', 2500.00, 'Yellow', 113),
(6230, 'WOMEN HOODIES ', 'NGP000494', 401, NULL, 'download (32).jpeg', 2500.00, 'Yellow', 71),
(6231, 'FANCY UNDERWEAR ', 'NGP000495', 96, NULL, 'm_wp_63e02d25382db82ca3bdae80.webp', 600.00, 'Orange', 410),
(6232, 'MEN ARMLESS T SHIRT ', 'NGP000496', 404, NULL, '8674-AthlHthr-1-PC54SLAthlHthrModelFront4-1200W.jpg', 1500.00, 'Green', 18),
(6233, 'MEN BRIEFS ', 'NGP000497', 18, NULL, '3beee1d9c2b2078c149b276ffa748f18.jpg', 1000.00, 'Red', 92),
(6234, 'BOXER UNDERWEAR FOR MEN ', 'NGP000498', 406, NULL, '81WGTNy4oyL._AC_SY879_.jpg', 1500.00, 'Green', 3),
(6235, 'Boxer Briefs Underwear', 'NGP000499', 408, NULL, 'images (25).jpeg', 1000.00, 'Red', 79),
(6236, 'KIDS UNDERWEAR BRIEF ', 'NGP000500', 409, NULL, 'images (26).jpeg', 1000.00, 'Red', 48),
(6237, 'WOMEN LONG SLEEVE T SHIRT', 'NGP000501', 411, NULL, '7153VDXiCvL._AC_SX679_.jpg', 1000.00, 'Red', 464),
(6238, 'MEN SHORT PANTS ', 'NGP000502', 412, NULL, 'download (38).jpeg', 2000.00, 'Pink', 206),
(6239, 'TODDLER UNDERWEAR  10 PACK ', 'NGP000503', 414, NULL, 'WhatsApp Image 2025-02-17 at 12.06.00_6bfc7286.jpg', 6000.00, '', 3),
(6240, 'TODDLE 6 PACK UNDERWEAR  BRIEFS', 'NGP000504', 416, NULL, 'WhatsApp Image 2025-02-17 at 12.05.31_269667c9.jpg', 4000.00, 'Navy Blue', 9),
(6241, 'MEN AND WOMEN SCARFS ', 'NGP000505', 30, NULL, '91shJmRB6OL._AC_SY879_.jpg', 2000.00, 'Pink', 50),
(6242, 'WOMEN SWEATERS', 'NGP000506', 7, NULL, 'd97ebf55-8390-4035-b8e7-0a43ec1f47a0._CR0,0,1200,628_SX810_QL70_.jpg', 2000.00, 'Pink', 222),
(6243, 'Aprons', 'NGP000507', 417, NULL, '81E9+p5lMAL._AC_SY879_.jpg', 2000.00, 'Pink', 3),
(6244, 'MEN SWEATER ', 'NGP000508', 403, NULL, '81QpXO9XCpL._AC_SX679_.jpg', 2000.00, 'Pink', 105),
(6245, 'MEN AND BOYS LIGHT WEATHER JACKETS ', 'NGP000509', 10, NULL, 'WhatsApp Image 2025-02-17 at 12.41.27_c16e8e3c.jpg', 2000.00, 'Pink', 99),
(6246, 'WAX LIP STICKS SINGLES', 'NGP000510', 418, NULL, '611V2JK2gGL._AC_UF480,480_SR480,480_.jpg', 600.00, 'Orange', 390),
(6247, 'WOMEN CRAP TOPS ', 'NGP000511', 419, NULL, '71+OhVzExSL._AC_SY879_.jpg', 1000.00, 'Red', 329),
(6248, 'CONSTRUCTION VEST ', 'NGP000511', 38, NULL, '7168c7EmNpL._AC_SX679_.jpg', 3000.00, 'Purple', 28),
(6249, 'SPANDEX LEGGINGS (GYM) ', 'NGP000512', 420, NULL, '717JYMI8wwL._AC_SX679_.jpg', 2000.00, 'Pink', 106),
(6251, 'WOMEN JEANS AND DRESS PANTS', 'NGP000513', 50, NULL, '612gGYUB+gL._AC_SY879_.jpg', 2000.00, 'Pink', 562),
(6252, 'JEAN / DRESS PANT GIRLS ', 'NGP000514', 423, NULL, '61+7zFBveGL._AC_SX679_.jpg', 2000.00, 'Pink', 68),
(6253, 'SWIMWEAR (BODY SUIT) $1000', 'NGP000515', 424, NULL, '81+5EuoZ4FL._AC_SY879_.jpg', 1000.00, 'Red', 207),
(6254, 'JEAN / DRESS AND JOGGERS FOR  PANT MEN  ', 'NGP000516', 12, NULL, '91XUMIlN-fL._AC_SX679_.jpg', 2000.00, 'Pink', 195),
(6255, 'JEAN / DRESS AND JOGGERS FOR  PANT MEN  BOYS ', 'NGP000517', 425, NULL, '71lDyyX9V4L._AC_SX679_.jpg', 2000.00, 'Pink', 233),
(6256, 'WOMEN SHORT PANTS ', 'NGP000518', 426, NULL, '1f31904c-812b-4238-b900-087674d0484d._CR1,0,2399,1256_SX810_QL70_.jpg', 2000.00, 'Pink', 388),
(6257, 'BOYS SHORT PANTS ', 'NGP000519', 427, NULL, '81yLhhpAFpL._AC_SX679_.jpg', 2000.00, 'Pink', 57),
(6259, 'LIQUID LIP STICK ', 'NGP000520', 129, NULL, '71Vpis+uA3L._AC_UF480,480_SR480,480_.jpg', 1000.00, 'Red', 435),
(6260, 'NECK TIES', 'NGP000521', 28, NULL, '81p9XAIjdzL._AC_SX679_.jpg', 1500.00, 'Green', 1),
(6261, 'SWIMWEAR TOPS FOR WOMEN ', 'NGP000522', 429, NULL, '71ntXsX7b3L._AC_SX679_.jpg', 2000.00, 'Pink', 208),
(6262, 'BIKINI TOPS (BRA TOPS)	', 'NGP000523', 64, NULL, 'images (16).jpeg', 2000.00, 'Pink', 575),
(6263, 'COSTUME FOR KIDS ', 'NGP000524', 189, NULL, '810QLXqorsL._AC_SL1500_.jpg', 2000.00, 'Pink', 118),
(6264, 'LIFE VEST / LIFE  JACKET ', 'NGP000525', 430, NULL, '81-LT+b3DcL._AC_SX679_.jpg', 10000.00, '', 1),
(6265, 'TRAIL RUNNING VEST ', 'NGP000526', 432, NULL, 'WhatsApp Image 2025-02-17 at 15.52.39_88bcb999.jpg', 5000.00, 'Light Blue', 1),
(6266, 'DOUBLE PACK BOYS  LONG SLEEVE  SHIRT ', 'NGP000527', 436, NULL, 'WhatsApp Image 2025-02-17 at 16.09.27_8355bba6.jpg', 2000.00, 'Pink', 59),
(6268, 'GIFT BAGS LARGE', 'NGP000528', 205, NULL, 'download (39).jpeg', 1000.00, 'Red', 15),
(6271, 'GIFT BAGS MEDIUM', 'NGP000529', 204, NULL, 'download (40).jpeg', 800.00, '', 43),
(6272, 'GIFT BAGS SMALL', 'NGP000530', 203, NULL, 'download (41).jpeg', 600.00, 'Orange', 109),
(6273, 'GIFT BAGS X LARGE ', 'NGP000531', 206, NULL, 'images (27).jpeg', 1200.00, '', 30),
(6274, 'DOUBLE PACK GIRLS LONG SLEEVE SHIRT	', 'NGP000532', 435, NULL, 's-l1200 (2).jpg', 2000.00, 'Pink', 89),
(6275, 'SLEEPWEAR TOPS ', 'NGP000533', 437, NULL, 'download (42).jpeg', 1500.00, 'Green', 44),
(6276, 'SPORT BRA WOMEN GYM WORKOUT BRA ', 'NGP000534', 438, NULL, 'download (43).jpeg', 2000.00, 'Pink', 112),
(6277, 'WOMEN PIJAMAS PANT ', 'NGP000535', 439, NULL, '81TIwFH9UrL._AC_SX679_.jpg', 2000.00, 'Pink', 21),
(6278, 'SUIT VEST FOR BOYS AND MEN', 'NGP000536', 441, NULL, 'download (44).jpeg', 2500.00, 'Yellow', 13),
(6279, 'MATERNITY BELT', 'NGP000537', 223, NULL, 'WhatsApp Image 2025-02-18 at 12.56.13_bf60aa8f.jpg', 3000.00, 'Purple', 21),
(6280, 'MATERNITY BRA BREAST FEEDING BRA ', 'NGP000538', 452, NULL, 'WhatsApp Image 2025-02-18 at 12.48.21_4257c0dd.jpg', 4000.00, 'Navy Blue', 6),
(6281, 'BICYCLE TIGHTS ', 'NGP000539', 454, NULL, 'WhatsApp Image 2025-02-18 at 13.18.30_1b7c7d76.jpg', 3000.00, 'Purple', 1),
(6282, 'PUMPING BRA ', 'NGP000540', 455, NULL, 'WhatsApp Image 2025-02-18 at 12.45.10_8b42223c.jpg', 5000.00, 'Light Blue', 1),
(6283, 'BRA TUBE TOP', 'NGP000541', 458, NULL, 'WhatsApp Image 2025-02-18 at 13.25.44_36c8f526.jpg', 1500.00, 'Green', 6),
(6285, 'WHOLESLIP ', 'NGP000543', 461, NULL, 'WhatsApp Image 2025-02-18 at 13.30.57_9fcbb55e.jpg', 4000.00, 'Navy Blue', 1),
(6286, 'SHAPEWEAR $2500', 'NGP000544', 451, NULL, 'download (45).jpeg', 2500.00, 'Yellow', 5),
(6287, 'SHAPEWEAR $3000', 'NGP000545', 451, NULL, 'download (45).jpeg', 3000.00, 'Purple', 22),
(6289, 'SHAPEWEAR $6000', 'NGP000546', 451, NULL, 'download (45).jpeg', 6000.00, '', 18),
(6290, 'SHAPEWEAR $3800', 'NGP000547', 451, NULL, 'download (45).jpeg', 3800.00, '', 1),
(6291, 'SHAPEWEAR $2000', 'NGP000548', 451, NULL, 'download (45).jpeg', 2000.00, 'Pink', 18),
(6292, 'SHAPEWEAR $5000', 'NGP000549', 451, NULL, 'download (45).jpeg', 5000.00, 'Light Blue', 48),
(6293, 'SHAPEWEAR $5500', 'NGP000550', 451, NULL, 'download (45).jpeg', 5500.00, '', 3),
(6295, 'SHAPEWEAR $7000', 'NGP000551', 451, NULL, 'download (45).jpeg', 7000.00, '', 10),
(6296, 'SHAPEWEAR $4000', 'NGP000552', 451, NULL, 'download (45).jpeg', 4000.00, 'Navy Blue', 18),
(6297, 'SHAPEWEAR $6800', 'NGP000553', 451, NULL, 'download (45).jpeg', 6800.00, '', 5),
(6299, 'SHAPEWEAR $8000', 'NGP000554', 451, NULL, 'download (45).jpeg', 8000.00, '', 15),
(6300, 'SHAPEWEAR $6500', 'NGP000555', 451, NULL, 'download (45).jpeg', 6500.00, '', 2),
(6302, 'SHAPEWEAR $7600', 'NGP000556', 451, NULL, 'download (45).jpeg', 7600.00, '', 1),
(6303, 'SHAPEWEAR $1500', 'NGP000557', 451, NULL, 'download (45).jpeg', 1500.00, 'Green', 1),
(6305, 'SHAPEWEAR $8600', 'NGP000558', 451, NULL, 'download (45).jpeg', 8600.00, '', 1),
(6306, 'SHAPEWEAR $3500', 'NGP000559', 451, NULL, 'download (45).jpeg', 3500.00, '', 2),
(6307, 'SHAPEWEAR $7800', 'NGP000560', 451, NULL, 'download (45).jpeg', 7800.00, '', 1),
(6308, 'SHAPEWEAR $7500', 'NGP000561', 451, NULL, 'download (45).jpeg', 7500.00, '', 3),
(6309, 'SHAPEWEAR $10000', 'NGP000562', 451, NULL, 'download (45).jpeg', 10000.00, '', 9),
(6310, 'SHAPEWEAR $12000', 'NGP000563', 451, NULL, 'download (45).jpeg', 12000.00, '', 1),
(6311, 'SHAPEWEAR $8500', 'NGP000564', 451, NULL, 'download (45).jpeg', 8500.00, '', 2),
(6313, 'SHAPEWEAR $5800', 'NGP000565', 451, NULL, 'download (45).jpeg', 5800.00, '', 1),
(6314, 'SHAPEWEAR $4200', 'NGP000566', 451, NULL, 'download (45).jpeg', 4200.00, '', 1),
(6315, 'BRA OVER SIZE 40 ', 'NGP000567', 63, NULL, 'download (48).jpeg', 2500.00, 'Yellow', 29),
(6316, 'BRA UNDER SIZE 40 ', 'NGP000568', 62, NULL, 'maxresdefault.jpg', 2000.00, 'Pink', 169),
(6317, 'SHORT JUMPER RAMPER ', 'NGP000569', 53, NULL, 'download (49).jpeg', 4000.00, 'Navy Blue', 55),
(6319, 'LONG JUMPER RAMPER ', 'NGP000570', 249, NULL, 'download (50).jpeg', 5000.00, 'Light Blue', 103),
(6321, 'JUMPER  ROMPER BLACK AND WHITE STRIPES', 'NGP000571', 249, NULL, 'WhatsApp Image 2025-02-18 at 17.01.14_e142c7d5.jpg', 3000.00, 'Purple', 20),
(6322, 'WINTER COATS FEMALE $5000', 'NGP000572', 463, NULL, 'download (51).jpeg', 5000.00, 'Light Blue', 3),
(6324, 'WINTER COATS FEMALE 6000', 'NGP000573', 463, NULL, 'download (51).jpeg', 6000.00, '', 1),
(6326, 'WINTER COATS FEMALE $8000', 'NGP000574', 463, NULL, 'download (51).jpeg', 8000.00, '', 2),
(6327, 'LEATHER JACKET WOMEN ', 'NGP000575', 465, NULL, 'download (52).jpeg', 6000.00, 'Light Blue', 1),
(6328, 'LEATHER JACKET MEN ', 'NGP000576', 466, NULL, 'download (53).jpeg', 18000.00, '', 2),
(6329, 'WINTER  COAT JACKET FOR MEN', 'NGP000577', 464, NULL, 'download (54).jpeg', 5000.00, 'Light Blue', 4),
(6330, 'WINTER  COAT JACKET FOR MEN  $6000', 'NGP000578', 464, NULL, 'download (54).jpeg', 6000.00, '', 1),
(6334, 'FOUNDATION  WITHOUT SPF', 'NGP000582', 231, NULL, 'download (56).jpeg', 1000.00, 'Red', 471),
(6335, 'FOUNDATION WITH SPF', 'NGP000583', 230, NULL, 'SPF.jpeg', 2000.00, 'Pink', 222),
(6337, 'WOMEN LINGERIE SEXY SLEEPWEAR  $4000', 'NGP000584', 468, NULL, 'OIP (3).jpeg', 4000.00, 'Navy Blue', 13),
(6338, 'WOMEN LINGERIE SEXY SLEEPWEAR  $5000', 'NGP000585', 468, NULL, 'OIP (3).jpeg', 5000.00, 'Light Blue', 7),
(6339, 'WOMEN LINGERIE SEXY SLEEPWEAR  $7000', 'NGP000586', 468, NULL, 'OIP (3).jpeg', 7000.00, '', 1),
(6341, 'WOMEN LINGERIE SEXY SLEEPWEAR  $3000', 'NGP000587', 468, NULL, 'OIP (3).jpeg', 3000.00, 'Purple', 6),
(6342, 'WOMEN LINGERIE SEXY SLEEPWEAR  $2500', 'NGP000588', 468, NULL, 'OIP (3).jpeg', 2500.00, 'Yellow', 1),
(6343, 'WOMEN LINGERIE SEXY SLEEPWEAR  $2500', 'NGP000588', 468, NULL, 'OIP (3).jpeg', 2500.00, 'Yellow', 1),
(6344, 'WOMEN LINGERIE  SEXY UNDERWEAR  ', 'NGP000589', 468, NULL, 'OIP (4).jpeg', 1000.00, 'Red', 3),
(6345, 'LACE FANCY SPORT BRA ', 'NGP000590', 471, NULL, '5ba9c6a08ab453479104e6acc972feca.jpg', 3000.00, 'Purple', 4),
(6346, 'LINGERIE SEXY SLEEPWEAR TOP ', 'NGP000591', 473, NULL, 'OIP (5).jpeg', 2000.00, 'Pink', 11),
(6347, 'SOCKS  3 PAIRS $3600', 'NGP000592', 66, NULL, 'WhatsApp Image 2025-02-19 at 14.30.21_bf6f7ce6.jpg', 3600.00, '', 45),
(6348, 'SOCKS  2 PAIRS $1000', 'NGP000593', 66, NULL, 'WhatsApp Image 2025-02-19 at 14.31.53_057bfb36.jpg', 1000.00, 'Red', 58),
(6349, 'SOCKS  2 PAIRS $1000', 'NGP000594', 66, NULL, 'WhatsApp Image 2025-02-19 at 11.16.32_2dee4a57.jpg', 1000.00, 'Red', 26),
(6350, 'SOCKS  2 PAIRS $1000', 'NGP000595', 66, NULL, 'WhatsApp Image 2025-02-19 at 14.33.46_ad4658b4.jpg', 1000.00, 'Red', 64),
(6351, 'SOCKS  10 PAIRS $5000', 'NGP000596', 66, NULL, 'WhatsApp Image 2025-02-19 at 14.36.16_eddf5532.jpg', 5000.00, 'Light Blue', 37),
(6352, 'SOCKS  2 PAIRS $1000', 'NGP000597', 66, NULL, 'WhatsApp Image 2025-02-19 at 14.46.30_609e84ea.jpg', 1000.00, 'Red', 54),
(6353, 'SOCKS  6 PAIRS $6000', 'NGP000598', 66, NULL, 'WhatsApp Image 2025-02-19 at 14.47.35_bbfb1061.jpg', 6000.00, '', 2),
(6355, 'SOCKS   $5000', 'NGP000599', 66, NULL, 'WhatsApp Image 2025-02-19 at 14.48.07_11870d8f.jpg', 5000.00, 'Light Blue', 3),
(6356, 'SOCKS   $3000', 'NGP000600', 66, NULL, 'WhatsApp Image 2025-02-19 at 14.48.42_345f291e.jpg', 3000.00, 'Purple', 14),
(6357, 'SOCKS   $2000', 'NGP000601', 66, NULL, 'WhatsApp Image 2025-02-19 at 14.49.10_404e3fb6.jpg', 2000.00, 'Pink', 6),
(6358, 'SOCKS   $1500', 'NGP000602', 66, NULL, 'WhatsApp Image 2025-02-19 at 14.49.28_3187436d.jpg', 1500.00, 'Green', 2),
(6360, 'SOCKS   $1000', 'NGP000603', 66, NULL, 'WhatsApp Image 2025-02-19 at 14.50.08_b003d9d8.jpg', 1000.00, 'Red', 29),
(6361, 'SOCKS   $600', 'NGP000604', 66, NULL, 'WhatsApp Image 2025-02-19 at 14.55.56_c0d346ff.jpg', 600.00, 'Orange', 4),
(6362, 'SOCKS   $1000', 'NGP000605', 66, NULL, 'WhatsApp Image 2025-02-19 at 15.17.49_16b2a9a8.jpg', 1000.00, 'Red', 12),
(6363, 'SOCKS   $1000', 'NGP000606', 66, NULL, 'WhatsApp Image 2025-02-19 at 15.20.41_49549d7f.jpg', 1500.00, 'Green', 2),
(6364, 'SOCKS   $400', 'NGP000607', 66, NULL, 'WhatsApp Image 2025-02-19 at 15.29.52_36196c3d.jpg', 400.00, '', 219),
(6365, 'SOCKS   $600', 'NGP000608', 66, NULL, 'WhatsApp Image 2025-02-19 at 15.34.32_895ef3aa.jpg', 600.00, 'Orange', 74),
(6367, 'SOCKS   $600', 'NGP000609', 66, NULL, 'WhatsApp Image 2025-02-19 at 15.38.48_d12e79cc.jpg', 600.00, 'Orange', 84),
(6368, 'SOCKS   $2000', 'NGP000610', 66, NULL, 'WhatsApp Image 2025-02-19 at 15.40.53_d46e2ac3.jpg', 2000.00, 'Pink', 2),
(6369, 'SOCKS   $400', 'NGP000611', 66, NULL, 'WhatsApp Image 2025-02-19 at 15.41.52_0d4c90fa.jpg', 400.00, '', 47),
(6371, 'SOCKS   $400', 'NGP000612', 66, NULL, 'WhatsApp Image 2025-02-19 at 15.42.06_8f4dbcc1.jpg', 400.00, '', 201),
(6372, 'Gold bond body power ', 'NGP000613', 118, NULL, 'inbound1744305169544133348.jpg', 2000.00, '', 26),
(6373, 'Ammens powder ', 'NGP000614', 118, NULL, 'inbound545126131487764469.jpg', 2000.00, '', 9),
(6374, 'HIGHLIGHTER  POWER', 'NGP000615', 121, NULL, 'OIP (7).jpeg', 2000.00, 'Pink', 152),
(6375, 'BRONZER ', 'NGP000616', 120, NULL, 'download (58).jpeg', 2000.00, 'Pink', 3),
(6377, 'Biodegradable ', 'NGP000617', 318, NULL, 'inbound4320347887300120649.jpg', 1000.00, '', 3),
(6378, 'MEN SUITS  2 PCS SET ', 'NGP000618', 54, NULL, 'OIP (9).jpeg', 5000.00, 'Light Blue', 8),
(6379, 'WOMEN SUITS  2 PCS SET ', 'NGP000619', 54, NULL, 'OIP (8).jpeg', 5000.00, 'Light Blue', 25),
(6380, 'INDIAN WEAR TOPS ', 'NGP000620', 476, NULL, 'OIP (10).jpeg', 3000.00, 'Purple', 2),
(6381, 'BEACH /BATH TOWEL ', 'NGP000621', 188, NULL, 'th (1).jpeg', 2000.00, 'Pink', 39),
(6382, 'AMAZON 6 PACK UNDERWEAR', 'NGP000622', 94, NULL, 'OIP (11).jpeg', 1000.00, 'Red', 173),
(6384, 'Differin ', 'NGP000620', 263, NULL, 'inbound6581925556929734738.jpg', 1000.00, '', 1),
(6385, 'BABY BIBS ', 'NGP000623', 477, NULL, 'th (2).jpeg', 1000.00, 'Red', 27),
(6387, 'HANES 10 PACK UNDERWEAR ', 'NGP000623', 97, NULL, 'OIP (12).jpeg', 5000.00, 'Light Blue', 96),
(6388, 'BABY NIPPLE $200', 'NGP000624', 478, NULL, 'download (59).jpeg', 200.00, '', 6),
(6389, 'BABY MITTENS', 'NGP000625', 227, NULL, 'download (60).jpeg', 1000.00, 'Red', 12),
(6390, 'BABY NIPPLES $1000', 'NGP000626', 478, NULL, 'download (59).jpeg', 1000.00, 'Red', 2),
(6391, 'BABY NIPPLES $1000', 'NGP000626', 478, NULL, 'download (59).jpeg', 1000.00, 'Red', 2),
(6395, 'SHOWER CURTAIN ', 'NGP000629', 493, NULL, 'download (73).jpeg', 2000.00, 'Pink', 24),
(6396, 'PRIVACY CURTAIN DOUBLE SIDES', 'NGP000630', 443, NULL, 'download (71).jpeg', 2000.00, 'Pink', 24),
(6397, 'CURTAIN BLINDS', 'NGP000631', 213, NULL, 'download (72).jpeg', 1500.00, 'Green', 82),
(6398, 'PILLOW CASES', 'NGP000632', 212, NULL, 'download (70).jpeg', 1000.00, 'Red', 46),
(6399, 'CHAIR COVERING ', 'NGP000633', 489, NULL, 'download (69).jpeg', 2500.00, 'Yellow', 2),
(6400, 'BACK DROP CLOTH BACKGROUND CLOTH', 'NGP000634', 488, NULL, 'download (68).jpeg', 2500.00, 'Yellow', 4),
(6401, 'TABLE RUNNER', 'NGP000635', 486, NULL, 'download (67).jpeg', 2500.00, 'Yellow', 5),
(6402, 'IRON BOARD COVER ', 'NGP000636', 485, NULL, 'download (66).jpeg', 2500.00, 'Yellow', 1),
(6403, 'MATRASS COVER ', 'NGP000637', 483, NULL, 'download (74).jpeg', 2500.00, 'Yellow', 1),
(6405, 'RAW CLOTH  RAW MATERIAL ', 'NGP000638', 449, NULL, 'download (65).jpeg', 3000.00, 'Purple', 1),
(6406, 'TABLE CLOTH PLASTIC ', 'NGP000639', 215, NULL, 'images (28).jpeg', 1000.00, 'Red', 1),
(6407, 'TABLE CLOTH FABRIC ', 'NGP000640', 215, NULL, 'download (64).jpeg', 2000.00, 'Pink', 1),
(6408, 'BABY CRIB COVER', 'NGP000641', 481, NULL, 'download (63).jpeg', 2000.00, 'Pink', 4),
(6409, 'Throw Pillow Covers for Chairs', 'NGP000642', 480, NULL, 'download (62).jpeg', 1000.00, 'Red', 58),
(6410, 'MATRASS COVER  6000', 'NGP000643', 483, NULL, 'download (74).jpeg', 6000.00, '', 1),
(6411, 'BED SHEET QUEEN SIZE $3000', 'NGP000644', 450, NULL, 'OIP (13).jpeg', 3000.00, 'Purple', 3),
(6412, 'BED SHEET FULL SIZE 1000', 'NGP000645', 450, NULL, 'OIP (13).jpeg', 1000.00, 'Red', 1),
(6413, 'BED SHEET FITTED  $1000', 'NGP000646', 450, NULL, 'OIP (14).jpeg', 1000.00, 'Red', 1),
(6414, 'BED SHEET KING SIZE ', 'NGP000647', 450, NULL, 'OIP (13).jpeg', 3000.00, 'Purple', 1),
(6415, 'BED SHEET KING SIZE ', 'NGP000648', 450, NULL, 'OIP (13).jpeg', 5000.00, 'Light Blue', 1),
(6417, 'Newborn Baby Swaddle Blanket:1500', 'NGP000649', 494, NULL, 'WhatsApp Image 2025-02-20 at 12.14.32_63b971db.jpg', 1500.00, 'Green', 1),
(6418, 'CHRISTMAS TREE MATS ', 'NGP000650', 495, NULL, 'WhatsApp Image 2025-02-20 at 12.41.08_67be7ccd.jpg', 2000.00, 'Pink', 4),
(6419, 'CHAIR SASH ', 'NGP000651', 497, NULL, 'OIP (15).jpeg', 600.00, 'Orange', 9),
(6420, 'HALF SLIP ', 'NGP000652', 498, NULL, 'WhatsApp Image 2025-02-18 at 13.28.21_783e988b.jpg', 2000.00, 'Pink', 5),
(6421, 'Acne patches ', 'NGP000653', 111, NULL, 'inbound7973422075292097998.jpg', 1000.00, '', 16),
(6422, 'Radiant glow mask ', 'NGP000654', 104, NULL, 'inbound6509745163386876356.webp', 600.00, 'Orange', 29),
(6423, 'Nourishing & Balanceing ', 'NGP000655', 106, NULL, 'inbound3447504583922221452.png', 600.00, 'Orange', 18),
(6424, 'FLOWER/  GREEN VINE ', 'NGP000656', 181, NULL, 'WhatsApp Image 2025-02-20 at 16.12.33_560c9aae.jpg', 1500.00, 'Green', 4),
(6426, 'CHRISTMAS /DECOR ', 'NGP000657', 499, NULL, 'WhatsApp Image 2025-02-20 at 16.12.33_e8298b88.jpg', 2500.00, 'Yellow', 8),
(6428, 'FLOWER/  HEART SHAPE WREATH', 'NGP000658', 500, NULL, 'WhatsApp Image 2025-02-20 at 16.13.38_f4d180a6.jpg', 1000.00, 'Red', 14),
(6429, 'Super shape skin recharge cream', 'NGP000656', 112, NULL, 'inbound3584265276961582509.jpg', 2500.00, '', 1),
(6430, 'CHRISTMAS BOW ', 'NGP000659', 499, NULL, 'WhatsApp Image 2025-02-20 at 16.12.33_1a69e859.jpg', 2000.00, 'Pink', 1),
(6431, 'CHRISTMAS BALL ', 'NGP000660', 499, NULL, 'WhatsApp Image 2025-02-20 at 16.12.33_f24f052a.jpg', 1500.00, 'Green', 16),
(6432, 'HOLLOWEEN LIGHTS ', 'NGP000661', 501, NULL, 'WhatsApp Image 2025-02-20 at 16.23.50_61f4fa0a.jpg', 1800.00, 'Pink', 1),
(6433, 'HOLLOWEEN LEAF VINE ', 'NGP000662', 501, NULL, 'th (3).jpeg', 1500.00, 'Green', 1),
(6435, 'BALLOON', 'NGP000663', 503, NULL, 'WhatsApp Image 2025-02-20 at 16.35.12_ab9bde9d.jpg', 1500.00, 'Green', 1),
(6436, 'CHRISTMAS /DECOR ', 'NGP000664', 499, NULL, 'WhatsApp Image 2025-02-20 at 16.36.05_b49089ec.jpg', 1500.00, 'Green', 1),
(6437, 'CHRISTMAS /DECOR ', 'NGP000665', 499, NULL, 'WhatsApp Image 2025-02-20 at 16.41.12_a3ecdf87.jpg', 2000.00, 'Pink', 1),
(6438, 'CHRISTMAS WREATH', 'NGP000666', 499, NULL, 'WhatsApp Image 2025-02-20 at 16.44.46_dfb4734f.jpg', 2000.00, 'Pink', 3),
(6439, 'CHRISTMAS WREATH', 'NGP000667', 499, NULL, 'WhatsApp Image 2025-02-20 at 16.44.11_0064e7c3.jpg', 2000.00, 'Pink', 2),
(6440, 'CHRISTMAS  STAR', 'NGP000668', 499, NULL, 'WhatsApp Image 2025-02-20 at 16.45.16_80a2e0e8.jpg', 2500.00, 'Yellow', 1),
(6441, 'CHRISTMAS  GREEN VINE ', 'NGP000669', 499, NULL, 'WhatsApp Image 2025-02-20 at 16.46.19_ba2fc754.jpg', 600.00, 'Orange', 1),
(6442, 'LAMP PROJECTOR STARRY LIGHTS', 'NGP000670', 504, NULL, 'WhatsApp Image 2025-02-20 at 17.02.16_e53cd161.jpg', 3000.00, 'Purple', 1),
(6443, 'CHRISTMAS /WIRE RIBBON', 'NGP000671', 499, NULL, 'WhatsApp Image 2025-02-20 at 17.06.42_306faeb5.jpg', 2800.00, '', 1),
(6444, 'CHRISTMAS /WIRE RIBBON GOLD ', 'NGP000672', 499, NULL, 'WhatsApp Image 2025-02-20 at 17.06.42_81097166.jpg', 2000.00, 'Pink', 1),
(6445, 'CHRISTMAS / GOLD STAR', 'NGP000673', 499, NULL, 'WhatsApp Image 2025-02-20 at 16.56.32_355ec94a.jpg', 2000.00, 'Pink', 1),
(6446, 'CHRISTMAS / NATIVITY  ORNAMENTS ', 'NGP000674', 499, NULL, 'WhatsApp Image 2025-02-20 at 16.55.51_fcc5c0d7.jpg', 2000.00, 'Pink', 1),
(6447, 'CHRISTMAS / LIGHTS ', 'NGP000675', 499, NULL, 'WhatsApp Image 2025-02-20 at 17.11.06_f6185083.jpg', 3000.00, 'Purple', 2),
(6448, 'CHRISTMAS / LIGHTS ', 'NGP000676', 499, NULL, 'WhatsApp Image 2025-02-20 at 17.11.13_80dffc2f.jpg', 2000.00, 'Pink', 2),
(6449, 'Differin gel ', 'NGP000675', 263, NULL, 'inbound1323455650744222261.jpg', 2000.00, '', 3),
(6450, 'CHRISTMAS / STAR', 'NGP000677', 499, NULL, 'WhatsApp Image 2025-02-20 at 17.12.14_701b306d.jpg', 2800.00, 'Purple', 1),
(6451, 'CHRISTMAS / STAR GOLD ', 'NGP000678', 499, NULL, 'WhatsApp Image 2025-02-20 at 17.13.43_37bdbfd0.jpg', 3000.00, 'Purple', 2),
(6452, 'LIGHTS COLOR VIBEZ ', 'NGP000679', 505, NULL, 'WhatsApp Image 2025-02-20 at 17.10.55_c0b12643.jpg', 4000.00, 'Navy Blue', 1),
(6453, 'CHRISTMAS  TREE TOPPER', 'NGP000680', 499, NULL, 'WhatsApp Image 2025-02-20 at 17.21.56_22f694c1.jpg', 1000.00, 'Red', 1),
(6454, 'DG health vitamin d3', 'NGP000681', 506, NULL, 'inbound7985059393307658171.webp', 2000.00, '', 1),
(6455, 'Vitamin immune health ', 'NGP000682', 506, NULL, 'inbound3913238531678842180.jpg', 1000.00, '', 118),
(6456, 'Flash black ', 'NGP000683', 506, NULL, 'inbound1015336546457817575.png', 1600.00, '', 1),
(6457, 'Mucus relief ', 'NGP000684', 506, NULL, 'inbound2626459998472166441.webp', 1000.00, '', 2),
(6458, 'Hyabak cudado ocular Diario ', 'NGP000685', 506, NULL, 'inbound6794483458126161947.webp', 2000.00, '', 2),
(6459, 'Ibuprofen ', 'NGP000686', 506, NULL, 'inbound2183478065622646632.jpg', 1000.00, '', 1),
(6460, 'Dmso dimethyl sulfoxide', 'NGP000687', 506, NULL, 'inbound2519438534002005911.webp', 2000.00, '', 2),
(6461, 'Biore uv Aqua ', 'NGP000688', 506, NULL, 'inbound4069297620418194978.jpg', 2000.00, '', 2),
(6462, 'Hydro boost Hydrating cleansing gel ', 'NGP000689', 318, NULL, 'inbound6933368580952773822.jpg', 1000.00, '', 1),
(6463, 'Bengay topical analgesic cream ', 'NGP000690', 506, NULL, 'inbound3094039333642309115.jpg', 1000.00, '', 18),
(6464, 'Bengay ', 'NGP000691', 506, NULL, 'inbound8527354317969978980.jpg', 3000.00, '', 1),
(6465, 'Sleep Aid ', 'NGP000692', 506, NULL, 'Equate-Nighttime-Mini-Caplets-Sleep-Aid-24-Ct_215a42e8-fa2e-4006-936e-1930c91d5535.ef90a290038870562a1b2f91542a0a7d.jpeg', 1000.00, '', 1),
(6466, 'Effaclar  dou', 'NGP000693', 263, NULL, 'EffaclarDUO(+)ANTI-ACNEMOISTURISER40ML.jpg', 2000.00, '', 1),
(6467, 'Differin', 'NGP000694', 506, NULL, 'f751854337a1403fb242ff20f7b50884~tplv-omjb5zjo8w-crop-webp_400_400.webp', 2000.00, '', 1),
(6468, '3D formula teeth whitening kit ', 'NGP000695', 506, NULL, 's-l400 (7).jpg', 3500.00, '', 1),
(6469, 'Cream skin ', 'NGP000696', 506, NULL, 's-l1200 (23).jpg', 2000.00, '', 1),
(6470, 'Indicaid COVID 19 test', 'NGP000697', 506, NULL, '51UHmBaW0jL._AC_UL400_ (1).jpg', 2000.00, '', 16),
(6471, 'Decolorized iodine ', 'NGP000698', 506, NULL, '011822064507.jpg', 500.00, '', 1),
(6472, 'Cruel ', 'NGP000699', 506, NULL, 's-l1200 (24).jpg', 1000.00, '', 1),
(6473, 'Nasal allergy spray ', 'NGP000700', 506, NULL, '61+SP9BwQoS._AC_UF1000,1000_QL80_.jpg', 2000.00, '', 2),
(6474, 'iVIZIA', 'NGP000701', 506, NULL, '0060196059203.jpeg', 1000.00, '', 1),
(6475, 'Pulse oximeter ', 'NGP000702', 506, NULL, 'fingertip-pulse-oximeter-spo2-machine-original.jpg', 2000.00, '', 2),
(6476, 'All day back muscle pain', 'NGP000703', 506, NULL, '1a7f877e-c43f-436f-9f09-1b13ac5b05cd.83b77e6c59f7700ba2c7227ae532a9b6.jpeg', 2500.00, '', 1),
(6477, 'Bright white ', 'NGP000704', 506, NULL, 's-l1200 (40).webp', 1200.00, '', 3),
(6478, 'Jelly eye cream banana blast ', 'NGP000705', 506, NULL, '$_12.jpeg', 1200.00, '', 2),
(6479, 'Motherlove cream ', 'NGP000706', 506, NULL, 'motherlove-nipple-cream-295ml-567921.jpg', 2000.00, '', 1),
(6480, 'Super shape ', 'NGP000707', 506, NULL, 'BAX_SKIN-RECHARGE-CREAM-1.7OZ-V260_884486330451_1_1000x1000_v1.jpg', 2500.00, '', 1),
(6481, 'Children allergy relief ', 'NGP000708', 506, NULL, 'Equate-Children-s-Cherry-Allergy-Relief-Chewable-Tablets-6-Years-Older-20-Count_6e020c9d-18e5-4ae3-b480-d22bda75c3be.3df721331bfd69300e04a0b9ea593610.jpeg', 1000.00, '', 1),
(6482, 'Sticker for glass window ', 'NGP000709', 499, NULL, 'swiateczne-naklejki-kolorowe-na-okno-20-x-30-cm-nkd18.jpg', 1500.00, 'Green', 1),
(6483, 'Microfiber with foam back valance ', 'NGP000710', 213, NULL, 'IMG-20250221-WA0013.jpeg', 1000.00, 'Red', 1),
(6484, 'Table cloth ', 'NGP000711', 215, NULL, 'IMG-20250221-WA0016.jpg', 3000.00, 'Purple', 2),
(6485, 'Table cloth ', 'NGP000712', 214, NULL, 'IMG-20250221-WA0018.jpg', 1200.00, '', 1),
(6486, 'DIY felt Christmas Tress', 'NGP000713', 499, NULL, '91xmUrokw5L.jpg', 2000.00, 'Pink', 1),
(6487, 'Treat Bag ', 'NGP000714', 507, NULL, 's-l1200 - 2025-02-21T120852.538.webp', 2500.00, 'Yellow', 1),
(6488, 'Over door valet ', 'NGP000715', 508, NULL, 'aa5e8c0c4bfcfc466823812137a48335.jpg_960x960q80.jpg_.webp', 1500.00, 'Green', 8),
(6489, 'Plastic Tablecloth ', 'NGP000716', 214, NULL, 'a8e5482afb14a474eecda54f0a975a0c.jpeg', 600.00, 'Orange', 2),
(6490, 'Shower curtain', 'NGP000717', 509, NULL, 's-l1200 - 2025-02-21T134338.342.webp', 1000.00, 'Red', 2),
(6491, 'Tissue paper ', 'NGP000718', 510, NULL, 'GUEST_abadd00b-5471-4f85-9680-0ae04cdd92e0.webp', 200.00, '', 12),
(6492, 'Table cover ', 'NGP000719', 214, NULL, 'Hf0ea47e353e345fea662ed9f79871430B.jpg_300x300.jpg', 1000.00, 'Red', 33),
(6493, 'Organization bags ', 'NGP000720', 511, NULL, 's-l1200 - 2025-02-21T135037.468.webp', 1500.00, 'Green', 4),
(6494, 'Kraft brown shredded ', 'NGP000721', 499, NULL, 'IMG-20250221-WA0033.jpeg', 600.00, 'Orange', 2),
(6495, 'Party bags ', 'NGP000722', 507, NULL, 'file.jpg', 400.00, '', 18),
(6496, 'Christmas stencil ', 'NGP000723', 499, NULL, '810DuhFsIjL.jpg', 600.00, 'Orange', 1),
(6497, 'Cross stitch ', 'NGP000724', 499, NULL, 's-l1200 - 2025-02-21T144550.460.webp', 2000.00, 'Pink', 1),
(6498, 'Table cloth ', 'NGP000725', 214, NULL, '61Aq+lwmMWL._AC_UF894,1000_QL80_.jpg', 1500.00, 'Green', 9),
(6499, 'Greetings card ', 'NGP000726', 225, NULL, 'il_fullxfull.1740225175_7zhz.jpg', 800.00, '', 23),
(6500, 'Greeting cards ', 'NGP000727', 225, NULL, 'il_fullxfull.1740225175_7zhz.jpg', 400.00, '', 7),
(6501, 'Greetings Card', 'NGP000728', 225, NULL, 'il_fullxfull.1740225175_7zhz.jpg', 1000.00, 'Red', 5),
(6502, 'Greeting card ', 'NGP000729', 225, NULL, 'il_fullxfull.1740225175_7zhz.jpg', 1200.00, '', 2),
(6503, 'Greetings card', 'NGP000730', 225, NULL, 'il_fullxfull.1740225175_7zhz.jpg', 200.00, '', 270),
(6504, 'Greetings card ', 'NGP000731', 225, NULL, 'il_fullxfull.1740225175_7zhz.jpg', 600.00, 'Orange', 9),
(6505, 'Greetings card ', 'NGP000732', 225, NULL, 'il_fullxfull.1740225175_7zhz.jpg', 2500.00, 'Yellow', 1),
(6506, 'Name tag ', 'NGP000733', 225, NULL, 'Red-Name-Tag.png', 800.00, '', 1),
(6507, 'Name tag ', 'NGP000734', 225, NULL, 'Red-Name-Tag.png', 1200.00, '', 1),
(6508, 'Envelope ', 'NGP000735', 512, NULL, 's-l1200 - 2025-02-21T174853.785.webp', 100.00, '', 127),
(6509, 'Greetings card ', 'NGP000736', 513, NULL, 'il_1080xN.1808807764_25ij.jpg', 100.00, '', 147),
(6510, 'Digical thermometer ', 'NGP000737', 506, NULL, 'inbound3666320305954989149.jpg', 2000.00, 'Pink', 12),
(6511, 'Cool coolers ice pack ', 'NGP000738', 506, NULL, 'inbound82383853693347537.jpg', 1000.00, '', 2),
(6512, 'Candy ball inflate ', 'NGP000739', 515, NULL, '5NESPB-regCOMBO_L_1__18888.1697841603.jpg', 1500.00, 'Green', 1),
(6513, 'Party Decoration Porch Sign', 'NGP000740', 515, NULL, '075e4119-1899-4c42-8d9e-184d1b9ec683.bcd2bf27e46e0d506805dec1337e2f3b.jpeg', 1000.00, 'Red', 1),
(6514, 'Christmas Porch Flags', 'NGP000741', 499, NULL, '61bOHNxnajL._UF1000,1000_QL80_.jpg', 2000.00, 'Pink', 1),
(6515, 'Graduation cord ', 'NGP000742', 515, NULL, '714eBJmRYEL._AC_UF894,1000_QL80_FMwebp_.webp', 5000.00, 'Light Blue', 1),
(6516, 'Acne patches ', 'NGP000743', 506, NULL, 'inbound2613336476102487080.jpg', 1000.00, '', 19),
(6518, 'Face mask ', 'NGP000744', 104, NULL, '61DWMUhVQML.jpg', 1500.00, 'Green', 1),
(6519, 'Balloons ', 'NGP000745', 515, NULL, '41SiZiX++IL._AC_UF1000,1000_QL80_.jpg', 1000.00, 'Red', 1),
(6520, 'Cocktails sticks ', 'NGP000746', 515, NULL, '61O0RlZDhAL._AC_UF894,1000_QL80_.jpg', 1000.00, 'Red', 2),
(6521, 'HONEYCOMB BRIDAL WHITE PAPER BELLS', 'NGP000747', 515, NULL, 's-l1200 - 2025-02-22T111148.511.webp', 1500.00, 'Green', 1),
(6522, 'Congratulations Garland', 'NGP000748', 515, NULL, 's-l1200 - 2025-02-22T111508.831.webp', 2000.00, 'Pink', 2),
(6523, 'Hydrocortisone anti itch cream ', 'NGP000744', 506, NULL, 'inbound7322462129034283895.webp', 2000.00, '', 2),
(6524, '12 day body contouring system ', 'NGP000749', 506, NULL, 'inbound4733542544411430400.jpg', 5000.00, '', 1),
(6525, 'Bride to be Stick ', 'NGP000749', 515, NULL, '81BIaDggnvL._AC_UF1000,1000_QL80_.jpg', 1000.00, 'Red', 4),
(6526, 'Graduation party decor', 'NGP000750', 515, NULL, '74a2f2c9-a813-41ff-8496-8dfa371787a0.__CR125,0,751,1001_PT0_SX300_V1___.jpg', 600.00, 'Orange', 3),
(6527, 'Colorants & scents ', 'NGP000751', 506, NULL, 'inbound2419109939658576577.jpg', 1500.00, '', 1),
(6528, 'Dryel at home dry cleaner ', 'NGP000752', 506, NULL, 'inbound9168640618582274371.jpg', 3000.00, '', 1),
(6529, 'Party Candles ', 'NGP000752', 516, NULL, 'S59f350d5b3db4073a33da2a0d46e9939X.jpg_640x640q90.jpg', 600.00, 'Orange', 1),
(6530, 'Nasacort allergy 24hr ', 'NGP000753', 506, NULL, 'inbound8488781284948624849.jpg', 2000.00, '', 1),
(6531, 'Party balloons ', 'NGP000753', 515, NULL, 'IMG-20250222-WA0028.jpg', 2000.00, 'Pink', 2),
(6532, 'Strands Icicles ', 'NGP000754', 515, NULL, 'FC-Young-Silver-Icicles-10-in_c17662e0-82f7-4175-ae29-eb30e47fe138.2e5e34ea808cdafbbf0c0b7130a0b5e6.jpeg', 200.00, '', 4),
(6533, 'Foil Fringe curtain', 'NGP000755', 515, NULL, '71R3X5k6z6L._AC_UF350,350_QL80_FMwebp_.webp', 1000.00, 'Red', 2),
(6534, 'Party decor', 'NGP000756', 515, NULL, 'cc941c5921abe1dcd93dcb31027c2ad9.jpg', 2500.00, 'Yellow', 1),
(6535, 'Graduation party decor', 'NGP000757', 515, NULL, '17084986130103ed7f5b1ad7c71c087a669ad5ade3_thumbnail_720x.jpg', 1000.00, 'Red', 2),
(6536, 'Tutu skirt ', 'NGP000758', 257, NULL, '61MGUakArZL._AC_SL1500_.jpg', 1200.00, '', 1),
(6537, 'Star confettie', 'NGP000759', 515, NULL, '81OGNInVQ5L._AC_UF1000,1000_QL80_.jpg', 1000.00, 'Red', 4),
(6538, 'Leaves Ballon Pack', 'NGP000760', 515, NULL, 'IMG-20250222-WA0082.jpeg', 1000.00, 'Red', 1),
(6539, 'Spring chenille stems ', 'NGP000761', 515, NULL, 'clip-pipe-cleaners-33.jpg', 2000.00, 'Pink', 1),
(6540, 'Balloon ', 'NGP000762', 515, NULL, '61Uqdd8k4zL._AC_UF350,350_QL80_.jpg', 3500.00, '', 5),
(6541, 'Shelf liner ', 'NGP000763', 232, NULL, 's-l400 (2).jpg', 2000.00, 'Pink', 1),
(6542, 'Winter gloves', 'NGP000764', 83, NULL, 'download.jpeg', 2000.00, 'Pink', 86),
(6543, 'Silicone bottles', 'NGP000765', 517, NULL, 'Nanobebe-Flexy-Silicone-Baby-Bottle-2pk_ce5c6cf5-8c51-404e-96c5-067d430e6c2a.c15c7c7194dd07720f71906b615b776c.png', 2000.00, 'Pink', 1),
(6544, 'Vibrates soothes & gums ', 'NGP000766', 210, NULL, '81haXfyU7OL.jpg', 1200.00, '', 1),
(6545, 'Thermometer', 'NGP000767', 506, NULL, '100000068_ALT1_300x@2x.progressive.jpg', 2500.00, 'Yellow', 1),
(6546, 'Baby blankets ', 'NGP000768', 518, NULL, 'il_fullxfull.3149139627_80wc.jpg', 1000.00, 'Red', 5),
(6547, 'Baby blankets ', 'NGP000769', 518, NULL, 'il_fullxfull.3149139627_80wc.jpg', 2000.00, 'Pink', 12),
(6548, 'Baby Blankets ', 'NGP000770', 518, NULL, 'il_fullxfull.3149139627_80wc.jpg', 2500.00, 'Yellow', 1),
(6549, 'Baby Hats ', 'NGP000771', 24, NULL, '57_fae33bcc-e410-48d4-954f-6c1287272973_1600x.jpg', 1000.00, 'Red', 14),
(6550, 'Tape measure ', 'NGP000772', 299, NULL, '61tEpjC4mJL._AC_UF1000,1000_QL80_FMwebp_.webp', 1000.00, 'Red', 25),
(6551, 'Candles ', 'NGP000773', 516, NULL, '7k2o909qcn691.jpg', 1000.00, 'Red', 1),
(6552, 'Curtain hooks', 'NGP000774', 519, NULL, '61eIVT3PB9L._AC_SL1500_.jpg', 1200.00, '', 28),
(6553, 'Stickers', 'NGP000775', 511, NULL, '51VGOqihNEL._AC_UF894,1000_QL80_.jpg', 1000.00, 'Red', 1),
(6554, 'Easter ornaments ', 'NGP000776', 210, NULL, '81rkbYzvvFL._AC_UF894,1000_QL80_FMwebp_.webp', 1500.00, 'Green', 1),
(6555, 'Bag tags ', 'NGP000777', 84, NULL, 'Daisy-Rose-Stylish-Luggage-Tag-with-name-card-and-privacy-protection-for-Suitcase-and-travel-bag-PU-Vegan-leather-Cream-Checkered_e1bb8b1e-1ce3-48df-b212-5754f8009faa.d76c7351a4f561f878cf676c83e6c78b.jpeg', 3500.00, '', 1),
(6556, 'Cold cup sleeve ', 'NGP000778', 232, NULL, '717RoK+hR8L._AC_UF1000,1000_QL80_.jpg', 1000.00, 'Red', 3),
(6557, 'Touch keyring ', 'NGP000779', 505, NULL, '246238.jpg', 500.00, '', 2),
(6558, 'Tire ring ', 'NGP000780', 520, NULL, '81aIe+pcB0L._AC_UF894,1000_QL80_.jpg', 1500.00, 'Green', 2),
(6559, 'Air mattress ', 'NGP000781', 520, NULL, 's-l1200 - 2025-02-22T170639.196.webp', 2500.00, 'Yellow', 1),
(6560, 'Swim mask ', 'NGP000782', 520, NULL, '61UbqlwQwVL._AC_UF1000,1000_QL80_.jpg', 2000.00, 'Pink', 1),
(6561, 'Unicorn split ring ', 'NGP000783', 520, NULL, '51M5wraktPL._AC_UF1000,1000_QL80_.jpg', 1000.00, 'Red', 3),
(6562, '3D arm Band ', 'NGP000784', 520, NULL, 's-l1200 - 2025-02-22T171821.665.webp', 1200.00, '', 1),
(6563, 'Chill out chair ', 'NGP000785', 520, NULL, '71-oWZJiouL._AC_UF1000,1000_QL80_FMwebp_.webp', 2000.00, 'Pink', 1),
(6564, 'Name tags ', 'NGP000786', 225, NULL, '2-1000x1000.jpg', 1000.00, 'Red', 1),
(6565, 'Wedding Flower Bouquet Wrap', 'NGP000787', 515, NULL, 'm_6029b241e107bb8d04e369ed.jpg', 600.00, 'Orange', 1),
(6566, 'BABY SHOWER CAP', 'NGP000788', 520, NULL, '1-2e314f9bbf-5be2dee52ebbae5e.jpg', 1000.00, 'Red', 2),
(6567, 'Bedsheets ', 'NGP000789', 175, NULL, 's-l1200 - 2025-02-23T091529.462.webp', 1000.00, 'Red', 21),
(6568, 'Adult pampers ', 'NGP000790', 521, NULL, 's-l1200 - 2025-02-23T092430.440.webp', 10000.00, '', 2),
(6570, 'Adult pamper ', 'NGP000791', 521, NULL, 'ad2.jpg', 1000.00, 'Red', 18),
(6571, 'Hand towel', 'NGP000792', 187, NULL, 's-l1200 - 2025-02-23T125002.531.webp', 1200.00, '', 49),
(6572, 'Fixed TV wall mount ', 'NGP000793', 522, NULL, 's-l1200 - 2025-02-23T125215.923.webp', 3000.00, 'Purple', 2),
(6573, 'Laptop battery ', 'NGP000794', 523, NULL, '51HXZ6SRWUL._AC_UF1000,1000_QL80_.jpg', 5000.00, 'Light Blue', 1),
(6574, 'Wireless keyboard ', 'NGP000795', 523, NULL, '71n2pw4Ko6L.jpg', 8000.00, '', 1),
(6575, 'Universal TV stand ', 'NGP000796', 522, NULL, '61sb20mBDdL._AC_UF1000,1000_QL80_FMwebp_.webp', 5000.00, 'Light Blue', 3),
(6576, 'Steel wall brackets', 'NGP000797', 522, NULL, 'H4f1a18f4051f4abb83d9f46bd68b33c8S.png_720x720q50.jpg', 2500.00, 'Yellow', 1),
(6577, 'Monitor ', 'NGP000798', 523, NULL, '2dba186cc0e14518b1a5b01f00d5579b.webp', 10000.00, '', 1),
(6578, 'Monitor ', 'NGP000799', 523, NULL, '2dba186cc0e14518b1a5b01f00d5579b.webp', 15000.00, '', 1),
(6579, 'Microphone ', 'NGP000800', 523, NULL, 'shure-handheld1.jpg', 2000.00, 'Pink', 1),
(6580, 'Adhesive sticky bra ', 'NGP000801', 524, NULL, 'S34116452d2354a4d921591e76ccb915ei.jpg_960x960.jpg', 2500.00, 'Yellow', 34),
(6581, 'Christmas socking ', 'NGP000802', 224, NULL, 'christmas-stockings-woodland-santa-snowman-gnomes-personalized-christmas-stockings-buffalo-check-owl-squirrel-red-barn-for-kids-and-family-holidays-2022-28604603924544_900x.jpg', 1000.00, 'Red', 29),
(6582, 'DIY Santa claus', 'NGP000803', 499, NULL, 'FB_IMG_1740335606597.jpg', 2000.00, 'Pink', 1),
(6583, 'DIY snow man ', 'NGP000804', 499, NULL, 'FB_IMG_1740335579645.jpg', 1500.00, 'Green', 1),
(6584, 'Measure spoon', 'NGP000805', 232, NULL, 'm39016968087_1.jpg', 1500.00, 'Green', 10),
(6585, 'Cookie Cutter ', 'NGP000806', 232, NULL, 'IMG_8984.jpg', 1800.00, '', 10),
(6586, 'Picnic bags ', 'NGP000807', 232, NULL, 'GB510-deluxe-picnic-backpack-u-0020.jpg', 8000.00, '', 1),
(6587, 'Baking cups ', 'NGP000808', 232, NULL, 's-l1200 - 2025-02-23T150154.337.webp', 1000.00, 'Red', 1),
(6588, 'Jar opener ', 'NGP000809', 232, NULL, '61L6iwNm9mL._AC_UF894,1000_QL80_.jpg', 2000.00, 'Pink', 2),
(6589, 'Nut cracker ', 'NGP000810', 232, NULL, '61At-AbzytL._AC_UF894,1000_QL80_.jpg', 2000.00, 'Pink', 1),
(6590, 'Silicone garlic peeler', 'NGP000811', 232, NULL, '51PLh6JHaVL._AC_UF894,1000_QL80_.jpg', 1000.00, 'Red', 1),
(6591, 'Spaghetti Server', 'NGP000812', 232, NULL, 's-l1200 - 2025-02-23T150749.719.webp', 2000.00, 'Pink', 1),
(6592, 'Maidenform bra ', 'NGP000813', 527, NULL, '51Rs-wTWgbL._AC_UL1500_.jpg', 2000.00, 'Pink', 38),
(6593, 'Rain coat ', 'NGP000814', 530, NULL, '41SaxvgovYL.jpg', 2500.00, 'Yellow', 1),
(6594, 'Emergency wader ', 'NGP000815', 530, NULL, 'de3262c7-c71b-4618-8ab2-a90a6eb13045.9980b2d688318cf2bb758141f17a9c16.jpeg', 6800.00, '', 1),
(6595, 'Water bottle ', 'NGP000816', 525, NULL, '1 (1).jpg', 200.00, '', 6),
(6596, 'Smoke alarm', 'NGP000817', 531, NULL, 'hq720.jpg', 2500.00, 'Yellow', 1),
(6597, 'Sweater dryer ', 'NGP000818', 534, NULL, 's-l1200 - 2025-02-23T090443.923.webp', 1000.00, 'Red', 3),
(6598, 'Coffee filters', 'NGP000819', 232, NULL, '714IKyR2tvL._AC_UF1000,1000_QL80_.jpg', 1000.00, 'Red', 1),
(6599, 'Swopt ', 'NGP000820', 232, NULL, '62916465.jpg', 1000.00, 'Red', 1),
(6600, 'Sashay', 'NGP000821', 535, NULL, '51RbTG5dC5L.jpg', 600.00, 'Orange', 1),
(6601, 'Hand made modern', 'NGP000822', 535, NULL, 's-l1200 - 2025-02-24T102204.032.webp', 1500.00, 'Green', 3),
(6602, 'Car Wash Mitt Microfiber', 'NGP000823', 232, NULL, '71WLtgW8uwL.jpg', 1000.00, 'Red', 1),
(6603, 'Baker\\\'s twine ', 'NGP000824', 535, NULL, 'il_fullxfull.3742490810_9u6f.jpg', 200.00, '', 6),
(6604, 'Mini fan duster ', 'NGP000825', 232, NULL, '71wj2lajKZL._AC_UL495_SR435,495_.jpg', 1000.00, 'Red', 1),
(6605, 'Head Massager 4 pieces', 'NGP000826', 319, NULL, '6-500x500.jpg', 3000.00, 'Purple', 1),
(6606, 'Head Massager ', 'NGP000827', 319, NULL, '6-500x500.jpg', 2000.00, 'Pink', 17),
(6607, 'Chair tips ', 'NGP000828', 536, NULL, 'Super-Sliders-1-Round-Rubber-Tip-Chair-Leg-Caps-Floor-Protection-Pad-Black-4-Pack_f6d6404b-275b-4c77-8fcc-48f1f0d2d925.ee72bae770226e3192eaaac196cf8aa4.jpeg', 2000.00, 'Pink', 1),
(6608, 'Wall mount', 'NGP000829', 522, NULL, '51CVRik+s+S.jpg', 2000.00, 'Pink', 2),
(6609, 'Humming birds feeders ', 'NGP000830', 537, NULL, 'AG156-12-oz-hummingbird-feeder-u-0309.jpg', 2500.00, 'Yellow', 2),
(6610, 'PerkHomy Natural Jute Twine', 'NGP000831', 185, NULL, '61pBYk5tz4L._AC_UF894,1000_QL80_FMwebp_.webp', 2500.00, 'Yellow', 1),
(6611, 'Hemp cord', 'NGP000832', 185, NULL, 's-l1600 (12).webp', 3000.00, 'Purple', 16),
(6612, 'Fabric paint ', 'NGP000833', 147, NULL, 'metallic-fabric-paint-60ml-bottles-set-of-14_QxGBXAPB.png', 2000.00, 'Pink', 1),
(6613, 'Hair Scrub ', 'NGP000834', 151, NULL, 'MUZPU-Scalp-Scrubber-Cleansing-Brush-Scalp-Massager-Hair-Shampoo-Brush-Soft-Silicone-Head-Dandruff-Brush-Washing-Tool-Women-Men-Pets-Bean-Green_6bcd291f-40a9-4cd2-b9fb-8ed999d71b8b.f972b031794f03eedc814a9dcd82b1be.jpeg', 1000.00, 'Red', 1),
(6614, 'Stocking', 'NGP000835', 92, NULL, 'OLIVIAPREMIMTIGHTS-BLACKcopy.jpg', 1000.00, 'Red', 151),
(6615, 'Stocking ', 'NGP000836', 93, NULL, '633fee030964af76da3a16e5-mukum-8-12-pairs-bow-lace-thigh-high.jpg', 2000.00, 'Pink', 102),
(6616, 'Cotton underwear ', 'NGP000837', 538, NULL, '71l0+-t+f5L._AC_UL600_SR600,600_.jpg', 1000.00, 'Red', 196),
(6617, 'Fido toy ', 'NGP000838', 210, NULL, 's-l1600 (15).jpg', 1000.00, 'Red', 2),
(6618, 'Kids Flashing Bouncing Eye Ball', 'NGP000839', 210, NULL, 's-pdpxl.file.jpg', 500.00, '', 130),
(6619, 'Trolls world tour ', 'NGP000840', 209, NULL, '81PemFrSTrL._AC_UF1000,1000_QL80_FMwebp_.webp', 3000.00, 'Purple', 9),
(6620, 'Trolls world tour monopoly ', 'NGP000841', 209, NULL, '91GftoWClhL._AC_UF350,350_QL80_FMwebp_.webp', 4000.00, 'Navy Blue', 2),
(6621, 'Trolls ', 'NGP000842', 210, NULL, '81ViDaZ6DtL._AC_UF1000,1000_QL80_.jpg', 2500.00, 'Yellow', 2),
(6622, 'Pamsies ', 'NGP000843', 210, NULL, '64f19b50-9b82-404b-a988-be2557acf505_1.e8cb4aa73b91c17e35031cd95987a708.jpeg', 2500.00, 'Yellow', 3),
(6623, 'Tennis bat ', 'NGP000844', 525, NULL, 's-l1200 - 2025-02-24T161036.040.webp', 4000.00, 'Navy Blue', 2),
(6624, 'Watch', 'NGP000845', 68, NULL, 'il_300x300.2732591673_jodw.jpg', 200.00, '', 38),
(6625, 'Erasers ', 'NGP000846', 511, NULL, '61ZRL-sBfML._AC_UF1000,1000_QL80_.jpg', 1000.00, 'Red', 23),
(6626, 'First aid decolorized iodine ', 'NGP000847', 506, NULL, '011822064507 (1).jpg', 500.00, '', 1),
(6627, 'Scented Shimmer Puff ', 'NGP000848', 210, NULL, '61f7YccQajL._AC_UF894,1000_QL80_FMwebp_.webp', 1500.00, 'Green', 17),
(6628, 'Bruise relief', 'NGP000848', 506, NULL, 's-l300.jpg', 2000.00, '', 1),
(6629, 'Health skin', 'NGP000849', 506, NULL, '714Opm4Ql9L._AC_UF1000,1000_QL80_FMwebp_.webp', 2500.00, '', 1),
(6630, 'Double six dominoes ', 'NGP000850', 209, NULL, 'GUEST_898a33fb-63b2-4ca2-baa6-8d578687b4d7.webp', 2500.00, '', 1),
(6631, 'Max light', 'NGP000851', 505, NULL, '50PC-LIGHTER_300x300.jpg', 5000.00, '', 5),
(6632, 'Bumpits', 'NGP000852', 88, NULL, 's-l1200 (61).webp', 2500.00, 'Yellow', 3),
(6633, 'KY liquid classic ', 'NGP000853', 506, NULL, 'RB_KY_Liquid_71ml_RBL2105546_3204166_FRONT_v3_250x.jpg', 2000.00, '', 1),
(6634, 'Led ', 'NGP000854', 505, NULL, 's-l400 (11).jpg', 2000.00, '', 1),
(6635, 'Xtreme glittery', 'NGP000855', 210, NULL, '719AdFswtGL._AC_UF894,1000_QL80_.jpg', 1000.00, 'Red', 9),
(6636, 'Fluffy clouds ', 'NGP000856', 210, NULL, 's-l1200 - 2025-02-24T174033.071.webp', 1500.00, 'Green', 3),
(6637, 'Numbers flash cards', 'NGP000857', 511, NULL, '51b4-NGKfuL._AC_UF1000,1000_QL80_FMwebp_.webp', 1500.00, 'Green', 4),
(6638, 'Plan B one step', 'NGP000858', 506, NULL, 'inbound6233739199387898640.jpg', 2000.00, '', 1),
(6639, 'Lip Gloss ', 'NGP000859', 131, NULL, '81vsGEsWBTL.jpg', 1000.00, 'Red', 3),
(6640, 'Rubber bands ', 'NGP000860', 286, NULL, '912A-vBcCgL.jpg', 600.00, 'Orange', 2),
(6641, 'Bath bomb ', 'NGP000861', 279, NULL, 'Crayola-Color-Twist-Bath-Bomb-Red-Purple_2fdaaf69-be3d-455b-9641-2a7fb3824f41.de72681c3b2e36bad0211d1ac8775a03.jpeg', 600.00, 'Orange', 1),
(6642, 'Dino fizz stegosaurus ', 'NGP000862', 210, NULL, 'IMG-20250225-WA0048.jpg', 600.00, 'Orange', 1),
(6643, 'Bath Crackles ', 'NGP000863', 279, NULL, '81-ann7PFxL._AC_UF894,1000_QL80_.jpg', 1000.00, 'Red', 1),
(6644, 'Water balloon ', 'NGP000864', 503, NULL, '81JjvT4m-XL._AC_SL1500_.jpg', 1000.00, 'Red', 2),
(6645, 'Dream vision', 'NGP000864', 210, NULL, 'inbound2223041143343788367.webp', 5000.00, '', 1),
(6646, 'Mustaches ', 'NGP000865', 189, NULL, 'V563-UMBRELLAMOUSTACHESET-184572-08_1024x1024.jpg', 1000.00, 'Red', 1),
(6647, 'Giant cigar ', 'NGP000866', 210, NULL, '51HlG8ZlJcL._AC_UY1000_.jpg', 1000.00, 'Red', 1),
(6648, 'Crystal Rope ', 'NGP000867', 210, NULL, '71mA5m1nw6L.jpg', 1000.00, 'Red', 1),
(6649, 'Push & pop ', 'NGP000868', 210, NULL, '1_fixed-150.png', 1500.00, 'Green', 1),
(6650, 'Pure bass zero cables', 'NGP000868', 192, NULL, 'inbound2121679986530291863.png', 8000.00, '', 1),
(6651, 'Painting ', 'NGP000869', 210, NULL, 's-l1200 - 2025-02-25T135300.907.webp', 1500.00, 'Green', 1),
(6652, 'Fidget toy ', 'NGP000870', 209, NULL, 'm_6251fd4160fdeda4e109249a.jpg', 3000.00, 'Purple', 1),
(6653, 'Steelseries', 'NGP000869', 192, NULL, 'inbound7896916708740777798.jpg', 6500.00, '', 1),
(6654, 'Directional mic design wireless headphone ', 'NGP000871', 192, NULL, 'inbound883996556575685533.jpg', 4500.00, '', 1),
(6655, 'Sticky pads', 'NGP000871', 208, NULL, 'Scec2dfddf200439297df2e5a820a13a7K.jpg_960x960.jpg', 1500.00, 'Green', 8),
(6656, 'Note pads ', 'NGP000872', 208, NULL, '51Or1+HXw7L._SL500_.jpg', 160.00, '', 22),
(6657, 'Candles ', 'NGP000873', 516, NULL, '61Dg3Re0xfL._AC_UF350,350_QL80_.jpg', 2000.00, 'Pink', 2),
(6658, 'Activity book', 'NGP000874', 208, NULL, '3aavlm15wal__99483.1701347143.490.588.jpg', 200.00, '', 12),
(6659, 'Bath squirter ', 'NGP000875', 279, NULL, '71LhdTwF-ZL._AC_UF1000,1000_QL80_.jpg', 2500.00, 'Yellow', 1),
(6660, 'Sticky pads ', 'NGP000876', 208, NULL, '719GWM8mD8L.jpg', 160.00, '', 8),
(6661, 'Sight words ', 'NGP000877', 210, NULL, 's-l1200 - 2025-02-25T142408.415.webp', 2500.00, 'Yellow', 1),
(6662, ' Phoinkas Q10 Headset ', 'NGP000872', 192, NULL, 'inbound129435540674101203.webp', 8000.00, '', 1),
(6663, 'Wireless Mono headset ', 'NGP000878', 192, NULL, 'inbound3174732722829788180.jpg', 5000.00, '', 2),
(6664, 'MPow Bluetooth headset ', 'NGP000879', 192, NULL, 'inbound2215530766911744283.jpg', 5000.00, '', 1),
(6665, 'Wireless headphone', 'NGP000880', 192, NULL, 'inbound7512257036284585217.jpg', 7500.00, '', 1),
(6666, 'MPow Bluetooth headset ', 'NGP000881', 192, NULL, 'inbound4301121193098900614.webp', 7000.00, '', 1),
(6667, 'Led light ', 'NGP000882', 505, NULL, 'inbound396202377843411044.webp', 3800.00, '', 1),
(6668, 'Anime novel toy', 'NGP000883', 210, NULL, 'S66b08e8fa78d4ab19a96358dd508b0567.jpg_300x300Q70.jpg_.webp', 1000.00, 'Red', 1),
(6669, 'Table tents ', 'NGP000884', 515, NULL, '71Uc3nH7pFL._AC_UF894,1000_QL80_FMwebp_.webp', 600.00, 'Orange', 1),
(6670, 'Chat headset ', 'NGP000883', 192, NULL, 'inbound6859309620918784914.webp', 6500.00, '', 1),
(6671, 'Foldable Headphone', 'NGP000885', 192, NULL, 'inbound2880730342282021376.webp', 4000.00, '', 3),
(6672, 'Pet shop ', 'NGP000885', 189, NULL, 's-l1200 - 2025-02-25T152318.409.webp', 500.00, '', 33),
(6673, 'Dry bags ', 'NGP000886', 511, NULL, '71vdSC1DRBS._AC_UF350,350_QL80_.jpg', 1000.00, 'Red', 5),
(6674, 'Windows fridge ', 'NGP000887', 515, NULL, '2163100S211.jpg', 2500.00, 'Yellow', 1);
INSERT INTO `products` (`product_id`, `product_name`, `sku`, `category_id`, `subcategory_id`, `image`, `price`, `colors`, `stock_quantity`) VALUES
(6675, 'Halloween decor', 'NGP000888', 515, NULL, 'QIAKAA-Scary-Halloween-2024-New-Halloween-Theme-Horror-Bloody-Hand-Single-sided-Paper-Postcard-Party-Decoration-Supplies_aa3fdfa5-5c78-48d1-8b80-cab126c535ce.00367e22c3c65bcfbe5d513f36259565.jpeg', 2500.00, 'Yellow', 1),
(6676, 'Folders ', 'NGP000889', 511, NULL, 'Color-Design-Paper-File-Folder-Customized-Logo-Office-Supplies.webp', 200.00, '', 50),
(6677, 'Bee sheet pattern paper ', 'NGP000890', 511, NULL, 'il_300x300.4751401239_3xy2.jpg', 2000.00, 'Pink', 1),
(6678, 'Building block game ', 'NGP000891', 209, NULL, 's-l1200 - 2025-02-25T154815.874.webp', 2000.00, 'Pink', 1),
(6679, 'Crayons ', 'NGP000892', 511, NULL, '884920102224.4i.jpg', 1000.00, 'Red', 1),
(6680, 'Tie dye ', 'NGP000893', 209, NULL, 'HappyCrafts_Thumbnails_1080x1080_TieDye_720x.jpg', 4000.00, 'Navy Blue', 1),
(6681, 'Oic bags ', 'NGP000894', 84, NULL, 'KDKB266_2.jpg', 1500.00, 'Green', 1),
(6682, 'Eyelash tools ', 'NGP000895', 259, NULL, '41zvSn5fSPL._AC_UF1000,1000_QL80_FMwebp_.webp', 1000.00, 'Red', 1),
(6683, 'Digital Phote Frame ', 'NGP000896', 541, NULL, 's-l1600 (13).webp', 2000.00, 'Pink', 1),
(6684, 'Hair Color ', 'NGP000897', 147, NULL, 'Loreal-Haircolor-Feria-R57-071249241059-Primary-new-min.png', 2000.00, 'Pink', 34),
(6685, 'Learning shapes', 'NGP000898', 511, NULL, '81YMGukyIKL._AC_UL400_.jpg', 1000.00, 'Red', 2),
(6686, 'Root touch up ', 'NGP000898', 327, NULL, 'inbound5628413725162414598.png', 2000.00, '', 18),
(6687, 'Wood role play ', 'NGP000899', 511, NULL, 's-l1200 - 2025-02-25T180753.314.webp', 1000.00, 'Red', 8),
(6688, 'Chalkboard Clocks ', 'NGP000900', 511, NULL, 's-l1200 - 2025-02-25T181020.010.webp', 2000.00, 'Pink', 1),
(6689, 'Munchkin', 'NGP000901', 511, NULL, '61oMxWoiqkL._AC_UF1000,1000_QL80_.jpg', 2000.00, 'Pink', 1),
(6690, 'Pro 4 device audio/Video Switch ', 'NGP000901', 542, NULL, 'inbound6304982229556128130.webp', 5000.00, '', 1),
(6691, 'Stickers', 'NGP000902', 511, NULL, '81A91pdgI0S.jpg', 400.00, '', 1),
(6692, 'Recipes book ', 'NGP000903', 208, NULL, 's-l1200 - 2025-02-25T181405.926.webp', 2500.00, 'Yellow', 3),
(6693, 'Kids Sight Words Magnetic Learning Game', 'NGP000904', 209, NULL, 's-l1200 - 2025-02-25T181513.296.webp', 1500.00, 'Green', 2),
(6694, 'Frozen giant coloring book ', 'NGP000905', 511, NULL, '71cJLS3jjtL._AC_UF894,1000_QL80_.jpg', 2500.00, 'Yellow', 7),
(6695, 'Rain coat ', 'NGP000906', 530, NULL, 's-l1200 - 2025-02-25T182701.918.webp', 600.00, 'Orange', 10),
(6696, 'Microfiber ', 'NGP000907', 287, NULL, 'H83ed59c1fafc4147aa829a848befb52bq.jpg_720x720q50.jpg', 2000.00, 'Pink', 2),
(6697, 'Movie', 'NGP000908', 208, NULL, 's-l1600 (14).webp', 2000.00, 'Pink', 1),
(6698, 'Body building book ', 'NGP000909', 208, NULL, 'section-1-Bz019XaG.jpeg', 6000.00, '', 1),
(6699, 'Story books ', 'NGP000910', 208, NULL, 'section-1-Bz019XaG.jpeg', 2000.00, 'Pink', 1),
(6700, 'Story books ', 'NGP000911', 208, NULL, 'section-1-Bz019XaG.jpeg', 1500.00, 'Green', 2),
(6701, 'Story books ', 'NGP000912', 208, NULL, 'section-1-Bz019XaG.jpeg', 600.00, 'Orange', 4),
(6702, 'Teddy bear', 'NGP000913', 544, NULL, 'Fly-Guy-Soft-Plush-Stuffed-Beanbag-MerryMakers.webp', 1500.00, 'Green', 16),
(6703, 'Taddy bear', 'NGP000914', 544, NULL, '81IwGDY+jnL.jpg', 2000.00, '', 2),
(6704, 'Taddy bear', 'NGP000915', 544, NULL, 'IMG-20250228-WA0014.jpeg', 1000.00, '', 13),
(6705, 'Taddy bear', 'NGP000916', 544, NULL, 's-l1200 - 2025-02-28T104736.085.webp', 1200.00, '', 18),
(6706, 'Wood car', 'NGP000917', 210, NULL, 's-l1200 - 2025-02-28T110309.118.webp', 1500.00, '', 5),
(6707, 'In the city metallic puzzle  ', 'NGP000918', 209, NULL, 'F243836-In-The-City-Metallic-Puzzle-1.jpg', 1500.00, '', 3),
(6708, '4in a row', 'NGP000919', 209, NULL, 's-l1200 - 2025-02-28T111121.603.webp', 2500.00, '', 1),
(6709, 'Slimy fun', 'NGP000920', 210, NULL, 's-l1200 - 2025-02-28T105717.547.webp', 2000.00, '', 5),
(6710, 'Includes website secret code', 'NGP000921', 210, NULL, 'IMG-20250228-WA0018.jpeg', 2000.00, '', 4),
(6711, 'Jigsaw puzzle ', 'NGP000922', 209, NULL, '4895145427722.6.jpg', 2000.00, '', 2),
(6712, 'Dolly', 'NGP000923', 210, NULL, 'Ty-Girlz-Classy-Carla-13-Plush-Doll.webp', 2000.00, '', 1),
(6713, 'New Glam goo ', 'NGP000924', 551, NULL, 's-l1200 - 2025-02-28T114232.986.webp', 3000.00, '', 3),
(6714, 'Wooden building blocks ', 'NGP000925', 210, NULL, 's-l1200 - 2025-02-28T114707.267.webp', 2500.00, '', 9),
(6715, 'Trolls world tour ', 'NGP000926', 131, NULL, 's-l1200 - 2025-02-28T115010.334.webp', 1500.00, '', 3),
(6716, 'Kindi fun shopping cart ', 'NGP000927', 551, NULL, 'kindi-kids-shopping-cart-624.jpg', 3000.00, '', 5),
(6717, 'Children\\\'s face masks ', 'NGP000928', 104, NULL, 's-l1200 - 2025-02-28T120504.156.webp', 2000.00, '', 3),
(6718, 'Adjustable mask youth ', 'NGP000929', 104, NULL, 'm_wp_66a56c2ab9db3a9786aafffa.webp', 1500.00, '', 1),
(6719, 'Inflatable spider ', 'NGP000930', 501, NULL, '20250228_124042.jpg', 1000.00, '', 2),
(6720, 'Bath toys', 'NGP000931', 551, NULL, '71bHJBzWKTL.jpg', 3800.00, '', 1),
(6721, 'Sun squad ', 'NGP000932', 210, NULL, 's-l1200 - 2025-02-28T125701.867.webp', 4500.00, '', 3),
(6722, 'Smackers', 'NGP000933', 131, NULL, 's-l1200 - 2025-02-28T130749.254.webp', 1000.00, '', 124),
(6723, 'Folding fans', 'NGP000934', 552, NULL, 's-l1200 - 2025-02-28T130027.315.webp', 500.00, '', 67),
(6724, 'Thermostat', 'NGP000935', 542, NULL, 'HoneyWell-Home-Manual-Thermostat-Round-Heat-Only-CT87K1004-Small-Thermostat-Cover-LCD-Cleaner_8efc4bbf-f279-4738-8d66-26d214d60d5f.1b4acddfe8971d2a216936c4047ee4b2.jpeg', 5000.00, '', 1),
(6725, 'Ash tray', 'NGP000936', 550, NULL, 'jagdamba-cutlery-pvt-ltd-bar-tool-10-cm-ashtray-round-stainless-steel-6460916596782.jpg', 2000.00, '', 2),
(6726, 'Face shield ', 'NGP000937', 104, NULL, '1706403365feb7970063161935e770fbfa0baea80a_thumbnail_720x.jpg', 2000.00, '', 22),
(6727, 'Navy ceramic vase', 'NGP000938', 547, NULL, 'Navy-ceramic-vase (1).jpg', 5000.00, '', 6),
(6728, 'Ceramic Vase ', 'NGP000939', 547, NULL, '20230922_135136.jpg', 3000.00, '', 8),
(6729, 'Spice bandage ', 'NGP000940', 516, NULL, 's-l1200 - 2025-02-28T154705.452.webp', 1000.00, '', 5),
(6730, 'Room glitter light ', 'NGP000941', 505, NULL, '61b+itOKH3L._AC_UF1000,1000_QL80_FMwebp_.webp', 5000.00, '', 1),
(6731, 'Vase ', 'NGP000942', 547, NULL, 'IMG_174077110661F.jpg', 3600.00, '', 1),
(6732, 'Vase ', 'NGP000943', 547, NULL, 'IMG_174077279938F.jpg', 2800.00, '', 1),
(6733, 'Vase  filler', 'NGP000944', 550, NULL, 's-l1200 - 2025-02-28T155137.683.webp', 2500.00, '', 4),
(6734, 'Vase ', 'NGP000945', 547, NULL, 'il_fullxfull.1536246988_beiz.jpg', 4000.00, '', 4),
(6735, 'Vase ', 'NGP000946', 547, NULL, 'IMG_174077332259F.jpg', 1500.00, '', 2),
(6736, 'Vase ', 'NGP000947', 547, NULL, 'IMG_174077338606F.jpg', 3800.00, '', 1),
(6737, 'Vase ', 'NGP000948', 547, NULL, 'IMG_174077353310F.jpg', 6000.00, '', 1),
(6738, 'Vase ', 'NGP000949', 547, NULL, 'IMG_174077361740F.jpg', 1000.00, '', 1),
(6739, 'Harold Import ', 'NGP000950', 232, NULL, '71HC3xuKtRL.jpg', 3000.00, '', 3),
(6740, 'Vase ', 'NGP000951', 547, NULL, '71YTOQtkNML._AC_UL400_.jpg', 2000.00, '', 2),
(6741, 'Vase ', 'NGP000952', 547, NULL, '61aKZCKXZtL.jpg', 1000.00, '', 2),
(6742, 'Vase ', 'NGP000953', 547, NULL, 's-l1200 - 2025-02-28T175859.164.webp', 2500.00, '', 1),
(6743, 'Vase ', 'NGP000954', 547, NULL, 'WGV-International-Handblown-Clear-Glass-Square-Cube-Vase-Candle-Holder-1-Piece-5-x-5-x-5_efde0117-b910-4732-82de-0130a1931d7c.a00d6bd905d8b12e713f44effd7e9e51.jpeg', 1500.00, '', 1),
(6744, ' Glass Jeannette set ', 'NGP000955', 549, NULL, 'il_794xN.4239976988_kzqd.jpg', 4500.00, '', 1),
(6745, 'Colorwave set', 'NGP000956', 549, NULL, 'clay-noritake-dinner-plates-5101-406d-64_600.jpg', 6900.00, '', 1),
(6746, 'Candle Holder ', 'NGP000957', 516, NULL, '91K0Me3C7IL._AC_UF894,1000_QL80_.jpg', 800.00, '', 5),
(6747, 'Old Ceramic Apple Themed Candle', 'NGP000958', 516, NULL, 's-l1200 - 2025-03-01T125255.224.webp', 1500.00, '', 1),
(6748, 'Let it snow candle Holder ', 'NGP000959', 516, NULL, 's_61be73e53cda88319ff125bc.jpg', 3000.00, '', 1),
(6749, ' Candle Holder ', 'NGP000960', 516, NULL, '19e3ba89-627e-4384-af90-4f272c28c12c.fc1e5d97d1359686c0ad96e3d3afb688.jpeg', 3000.00, '', 2),
(6750, 'Candle dish ', 'NGP000961', 516, NULL, '5dbc4339b3ae4bf8d4372264ae2fdf5d.jpg', 1500.00, '', 1),
(6751, 'Candle Holder ', 'NGP000962', 516, NULL, 'Screenshot_20250301_132945_Google.jpg', 1000.00, '', 4),
(6752, 'Star shaped candle Holder ', 'NGP000963', 516, NULL, 'Screenshot_20250301_133240_Google.jpg', 1000.00, '', 2),
(6753, 'Candle Holder ', 'NGP000964', 516, NULL, 'il_794xN.4942464118_etgl.jpg', 800.00, '', 2),
(6754, 'Crystal bowl ', 'NGP000965', 549, NULL, 'm_61f6fe2c163df4ff196a6bb4.jpg', 2500.00, '', 1),
(6755, ' CRYSTAL BOHEMIAN', 'NGP000966', 549, NULL, 's-l1200 - 2025-03-01T134144.972.webp', 800.00, '', 5),
(6756, 'Period wine Glass ', 'NGP000967', 549, NULL, '1341903-main-664e28ea6229b.jpg', 2600.00, '', 1),
(6757, 'Glass Fruit Serving Bowl ', 'NGP000968', 549, NULL, 's-l1200 - 2025-03-01T141122.198.webp', 2000.00, '', 1),
(6758, 'Vintage ARCOROC ', 'NGP000969', 549, NULL, 's-l1200 - 2025-03-01T141303.005.webp', 2000.00, '', 1),
(6759, 'Glass bowl', 'NGP000970', 549, NULL, 'INN2lvOrEeqTgyg_KpdfFw-Nf9qmtkxEe2lJGTYZLjKyA__30674.1681488548.jpg', 1000.00, '', 4),
(6760, 'Elise bowl', 'NGP000971', 549, NULL, '585264-01_20_ProductImageExtra-2bb16e587a.png', 2500.00, '', 1),
(6761, 'Vase ', 'NGP000972', 547, NULL, 'il_300x300.6339606779_qhkw.jpg', 1000.00, '', 1),
(6762, 'Queen Mary Clear Round 3 Part Relish by ANCHOR HOCKING ', 'NGP000973', 549, NULL, 'il_570xN.5979806412_1bxt.jpg', 2800.00, '', 1),
(6763, 'Libbey Glassware ', 'NGP000974', 549, NULL, '2370934 (1).webp', 3500.00, '', 1),
(6764, 'Jar-Kig Malaysia Glass  ', 'NGP000975', 549, NULL, 'il_570xN.4990290431_1ywl.jpg', 3000.00, '', 1),
(6765, 'Homco Clear Glass ', 'NGP000976', 549, NULL, 's-l1200 - 2025-03-01T164235.757.webp', 3000.00, '', 1),
(6766, 'VINTAGE KOEZE\\\'S glass ', 'NGP000977', 549, NULL, 's-l1200 - 2025-03-01T164409.600.webp', 3000.00, '', 1),
(6767, 'Soap', 'NGP000978', 262, NULL, '71cRQdvLcJL._AC_UF894,1000_QL80_.jpg', 2000.00, '', 1),
(6768, 'Vintage Candy Dish Bowl', 'NGP000979', 516, NULL, 'il_300x300.6475738626_k4gq.jpg', 3500.00, '', 1),
(6769, 'Square Glass Serving Bowl', 'NGP000980', 549, NULL, 'DSC_0064.jpg', 4000.00, '', 2),
(6770, 'Vintage Anchor Hocking ', 'NGP000981', 549, NULL, 's-l1600 (3).jpg', 5000.00, '', 1),
(6771, 'Divider Clear Glass Tray with Frosted ', 'NGP000982', 549, NULL, 's-l1200 - 2025-03-01T171245.158.webp', 3500.00, '', 1),
(6772, 'ANCHOR HOCKING Glass ', 'NGP000983', 549, NULL, 's-l1200 - 2025-03-01T171358.969.webp', 4000.00, '', 4),
(6773, 'Pedestal candle Holder ', 'NGP000984', 516, NULL, 's-l1200 - 2025-03-01T171554.144.webp', 2500.00, '', 1),
(6774, ' Glass Votive Candle Holder  ', 'NGP000985', 516, NULL, 's-l1200 - 2025-03-01T171707.281.webp', 1200.00, '', 1),
(6775, 'Glass cup', 'NGP000986', 549, NULL, 'il_794xN.6220986292_ipbl.jpg', 1500.00, '', 1),
(6776, 'Vintage Star  glass cup ', 'NGP000987', 549, NULL, 's-l1200 - 2025-03-02T104639.559.webp', 1500.00, '', 1),
(6777, 'Candles ', 'NGP000988', 516, NULL, 'Screenshot_20250302_105705_Google.jpg', 2500.00, '', 2),
(6779, 'Heart Shaped Serving Plate Tray Clear Glass ', 'NGP000989', 549, NULL, 's-l1200 - 2025-03-02T110156.733.webp', 3500.00, '', 1),
(6780, 'Christmas Tree Glass Round Serving Tray ', 'NGP000990', 549, NULL, 's-l1200 - 2025-03-02T110436.677.webp', 4000.00, '', 1),
(6781, 'Apple Blossom Luncheon Plate', 'NGP000991', 549, NULL, 'il_570xN.3706800673_mhf8.jpg', 4000.00, '', 1),
(6782, 'Vintage Pressed Glass Dinnerware', 'NGP000992', 549, NULL, 'IMG-20250302-WA0005.jpg', 3200.00, '', 1),
(6783, 'Vintage Starburst', 'NGP000993', 549, NULL, '8in+DIVIDED+CRYSTAL+BOWL.jpg', 2000.00, '', 3),
(6784, 'Pasari Indonesia Crystal Bowl', 'NGP000994', 549, NULL, 'IMG_1659.jpeg', 2000.00, '', 1),
(6785, 'Vintage Star Pattern ', 'NGP000995', 549, NULL, 's-l1200 - 2025-03-02T115505.109.webp', 1800.00, '', 1),
(6786, 'Vintage glass bowl ', 'NGP000996', 549, NULL, 'Screenshot_20250302_115830_Google.jpg', 4500.00, '', 1),
(6787, 'Federal Glass', 'NGP000997', 549, NULL, 'il_fullxfull.5364913831_f1rl.jpg', 1000.00, '', 2),
(6788, 'Glass whiskey bottle', 'NGP000998', 549, NULL, 'Screenshot_20250302_123609_Google.jpg', 2800.00, '', 1),
(6789, ' Peohud 2 Pack Acrylic ', 'NGP000999', 549, NULL, '71DedaWgshL._AC_UF1000,1000_QL80_FMwebp_.webp', 2500.00, '', 1),
(6790, 'Rock Sharpe Ice Tea Blossom Cut Glass ', 'NGP001000', 549, NULL, 's-l1200 - 2025-03-02T124059.245.webp', 4800.00, '', 1),
(6791, 'Clear Glass Wine Glasses ', 'NGP001001', 549, NULL, 's-l1200 - 2025-03-02T125425.363.webp', 4000.00, '', 1),
(6792, 'Tarnow Poland Stemmed Crystal Beer Pilsner Glass ', 'NGP001002', 549, NULL, 's-l1200 - 2025-03-02T125558.757.webp', 1800.00, '', 1),
(6793, 'Vintage Milk Shake Sundae Glass', 'NGP001003', 549, NULL, 's-l1200 - 2025-03-02T125844.887.webp', 1200.00, '', 1),
(6794, 'Crystal Cocktail Champagne Martini Glasses', 'NGP001004', 549, NULL, 's-l1200 - 2025-03-02T130555.567.webp', 1000.00, '', 3),
(6795, 'Water Goblets Set Hand Blown Clear Bubble Tall Drinking Glasses', 'NGP001005', 549, NULL, 's-l1200 - 2025-03-02T131246.649.webp', 4000.00, '', 1),
(6796, 'Square glass ', 'NGP001006', 549, NULL, 'pngtree-jar-reflection-candy-png-image_11261488.png', 2500.00, '', 1),
(6797, 'Vintage Glass Bulbous Ice Lip Water ', 'NGP001007', 549, NULL, 's-l1200 - 2025-03-02T131623.295.webp', 3500.00, '', 1),
(6798, 'Ice cream cup ', 'NGP001008', 549, NULL, '9oz-270ml-ice-cream-cup-shaped-like-a-torch52584574592.jpg', 600.00, '', 1),
(6799, 'Pans', 'NGP001009', 545, NULL, 'IMG-20250305-WA0000.jpg', 2500.00, '', 138),
(6800, 'Cookie Cutter ', 'NGP001010', 548, NULL, 'IMG-20250305-WA0001.jpg', 2000.00, '', 15),
(6801, 'Metalla', 'NGP001011', 232, NULL, 's-l960.jpg', 3000.00, '', 1),
(6802, 'French fry Cutter ', 'NGP001012', 232, NULL, '-NqYsneNM5n_lGUhs8hx.jpg', 7000.00, '', 1),
(6803, 'Crock pot', 'NGP001013', 232, NULL, '91xbBGF3sTL._AC_UF1000,1000_QL80_.jpg', 3000.00, '', 1),
(6804, 'Cheese board ', 'NGP001014', 232, NULL, 's-l1200 - 2025-03-05T092536.097.webp', 3000.00, '', 1),
(6805, 'Fruit and Vegetable Washing Machine', 'NGP001015', 232, NULL, 'XMMSWDLA-Fruit-Vegetable-Washing-Machine-Purifier-Machine-Portable-Purification-Technology-Cleaning-Fruit-Vegetable-Rice-Tableware_7e3ade62-d755-4fb4-832c-e006dd1e28d5.b7741b99addbba73ae6f20c0061d1484.jpeg', 5000.00, '', 1),
(6806, 'Wine lover', 'NGP001016', 232, NULL, 's-l1600 (16).jpg', 2500.00, '', 1),
(6807, 'Meeto Watermelon Slicer Cutter Knife With Melon Baller Scoop Set, Fruit Scooper', 'NGP001017', 232, NULL, '61575fac-f460-4c34-8f24-d5135d8913b7.__CR0,0,970,600_PT0_SX970_V1___.jpg', 2500.00, '', 1),
(6808, 'Six Clear Plates', 'NGP001018', 549, NULL, 'img (1).jpeg', 12000.00, '', 1),
(6809, 'Wedding Bridal  Candles', 'NGP001019', 516, NULL, 's-l1200 - 2025-03-05T174737.220.webp', 1000.00, '', 2),
(6810, 'Vintage Hallmark metal candle holders ', 'NGP001020', 516, NULL, 's-l1200 - 2025-03-05T175020.110.webp', 1200.00, '', 1),
(6811, 'Leaf Design Serving Dish ', 'NGP001021', 232, NULL, 'leaf6_81ba70d5-e218-4e4f-8570-f76c2b89c502_grande.png', 2500.00, '', 1),
(6812, 'Beautyrest bottle', 'NGP001022', 517, NULL, '61WMTu6+CpL._AC_UF1000,1000_QL80_.jpg', 1800.00, '', 6),
(6813, 'Steel Wire Egg Whisk, Spring Coil Whisk', 'NGP001023', 232, NULL, '61C35GSMhlL._AC_UL400_.jpg', 1000.00, '', 20),
(6814, 'Kaprolife Ltd Measuring Spoons Set of 8 Stainless Steel Stackable Reversible Teaspoons Spoons for Measuring Dry and Liquid Ingredients', 'NGP001024', 232, NULL, 'Kaprolife-Ltd-Measuring-Spoons-Set-of-8-Stainless-Steel-Stackable-Reversible-Teaspoons-Spoons-for-Measuring-Dry-and-Liquid-Ingredients_35e496cd-664b-4a7d-bc21-d5e028563142.4199c6f248b2982385b114cf1aa3461a.jpeg', 2000.00, '', 1),
(6815, 'Wedding Centerpiece Flowers, Arrangement', 'NGP001025', 500, NULL, 'il_794xN.2822416376_rpit.jpg', 3000.00, '', 2),
(6816, 'Silk Floral Arrangement Pink Flowers and Green Succulent', 'NGP001026', 500, NULL, 's-l1200 - 2025-03-06T113307.643.webp', 2000.00, '', 6),
(6817, 'Car holder ', 'NGP001027', 553, NULL, 'C26-600x600.jpg', 4000.00, '', 1),
(6818, 'Wireless Smart Sports Stereo Earbuds ', 'NGP001028', 553, NULL, 'wireless-smart-sports-stereo-earbuds-headphones-audio-dailysale-425706.jpg', 2500.00, '', 1),
(6819, 'KSR Controls Infrared motion', 'NGP001029', 553, NULL, 's-l1200 - 2025-03-06T150656.163.webp', 2500.00, '', 1),
(6820, 'PIR based  motion detector ', 'NGP001030', 553, NULL, 's-l1200 - 2025-03-06T150656.163.webp', 2500.00, '', 1),
(6821, 'Watch onn', 'NGP001031', 542, NULL, '7iu649pnk65b1.jpg', 4000.00, '', 1),
(6822, 'Full HD Webcam ', 'NGP001032', 336, NULL, 'Screenshot_20250306_153022_Google.jpg', 6000.00, '', 1),
(6823, 'Fire tv stick ', 'NGP001033', 553, NULL, 'FB_IMG_1741295601102.jpg', 10000.00, '', 1),
(6825, 'Charge mini', 'NGP001035', 542, NULL, 'Screenshot_20250306_171937_Chrome.jpg', 4000.00, '', 2),
(6826, 'Power charger  all you need', 'NGP001036', 553, NULL, '64a520df60ccc9121a213e96-usb-c-phone-car-charger-black.jpg', 2000.00, '', 1),
(6827, 'Nest connect', 'NGP001037', 542, NULL, 'Nest_x_Yale_Lock_Image_8.jpg', 2000.00, '', 1),
(6828, 'Braun series 7', 'NGP001038', 542, NULL, '81Slew-TfRL._AC_UL600_SR600,600_.jpg', 20000.00, '', 1),
(6829, 'Digital HD TV antenna', 'NGP001039', 553, NULL, '21618109_MzAwLTQwMC1hNTk2OGJhOWI1.jpg', 3000.00, '', 1),
(6830, 'iJoy ILUMIN 4-in-1 Bluetooth Speaker ', 'NGP001040', 553, NULL, 's-l1200 - 2025-03-06T174424.360.webp', 5000.00, '', 1),
(6831, 'Dee Banna Electric Razor Electric Shaver Quick USB ', 'NGP001041', 542, NULL, '71i-2cYbGkL._AC_UF1000,1000_QL80_FMwebp_.webp', 12000.00, '', 1),
(6832, 'Color vibez', 'NGP001042', 505, NULL, 's-l1600_3e4958f3-262b-4655-9f25-bc88fcab74dd.jpg', 4000.00, '', 1),
(6833, 'BUZIFU Facial Hair Remover ', 'NGP001043', 278, NULL, 'Screenshot_20250306_175504_Google.jpg', 30000.00, '', 1),
(6834, 'Panasonic ', 'NGP001044', 542, NULL, 's-l1600 (15).webp', 20000.00, '', 1),
(6835, ' Guard Winter Rear Window Cover Fits ', 'NGP001045', 554, NULL, 's-l1600 (16).webp', 2000.00, '', 1),
(6836, 'Motorola Wireless', 'NGP001046', 542, NULL, 's-l1600 (17).jpg', 5000.00, '', 1),
(6837, 'Honeycomb Vacuum cleaner ', 'NGP001047', 542, NULL, '615x8RArs8L._AC_UF350,350_QL80_FMwebp_.webp', 6000.00, '', 1),
(6838, 'Hot Air Brush ', 'NGP001048', 539, NULL, '813Xl0UOIKL._AC_UF350,350_QL80_.jpg', 18000.00, '', 1),
(6839, 'Hot Tools ', 'NGP001049', 539, NULL, '616Z1OkSjML._AC_UF894,1000_QL80_FMwebp_.webp', 13000.00, '', 1),
(6840, 'Hot Tools ', 'NGP001050', 539, NULL, '6000201425912.jpg', 10000.00, '', 3),
(6841, 'Hot Tools ', 'NGP001051', 539, NULL, 'Screenshot_20250306_181633_Google.jpg', 12000.00, '', 1),
(6842, 'Remington Pro Professional Curling Wand', 'NGP001052', 539, NULL, '71lNGmx0D-L._AC_UF1000,1000_QL80_.jpg', 7000.00, '', 1),
(6843, 'Foxybae', 'NGP001053', 539, NULL, 'm_65dcccb98634cb88c8e3b485.jpg', 5000.00, '', 1),
(6844, 'Conair', 'NGP001054', 539, NULL, 'Conair-Cbd123r-You-Curl-Xl-Styler_be99462e-91cf-4d3f-8840-9c7926b34641_1.8c6553f0c75ff43ec7fd18b75a909c41.png', 4000.00, '', 1),
(6845, 'Remington ', 'NGP001055', 539, NULL, 'Screenshot_20250307_103900_Google.jpg', 5500.00, '', 1),
(6846, 'Conair', 'NGP001056', 539, NULL, 's-l1200 - 2025-03-07T110501.628.webp', 6000.00, '', 1),
(6847, 'CONAIR ', 'NGP001057', 539, NULL, 's-l1200 - 2025-03-07T150206.595.webp', 5000.00, '', 2),
(6848, 'Vintage  rare hasonic hair dryer', 'NGP001058', 539, NULL, 'Screenshot_20250307_153601_Google.jpg', 2800.00, '', 1),
(6849, 'Conair ', 'NGP001059', 539, NULL, 'Screenshot_20250307_153831_Amazon Shopping.jpg', 7000.00, '', 1),
(6850, 'Conair Double ', 'NGP001060', 539, NULL, '5fa98754-53c1-48fe-830a-8a363843eb21_1.0cb8be1cb4e880eb956b6116caff8608.jpeg', 7800.00, '', 1),
(6851, 'Hot Tools Ht1111 Hair Curling Iron', 'NGP001061', 539, NULL, '61Ul4H-rJHL._AC_UF1000,1000_QL80_FMwebp_.webp', 10000.00, '', 1),
(6852, 'Windmere Curling Iron', 'NGP001062', 539, NULL, 's-l1200 - 2025-03-07T160547.255.webp', 4000.00, '', 1),
(6853, 'The baby Brush crush ', 'NGP001063', 539, NULL, 'm58885187215_1.jpg', 10000.00, '', 2),
(6854, 'Conair You Curl', 'NGP001064', 539, NULL, 's-l1200 - 2025-03-07T161657.688.webp', 4000.00, '', 2),
(6855, 'Revlon Curling Iron ', 'NGP001065', 539, NULL, 's-l1200 - 2025-03-07T164040.189.webp', 4000.00, '', 1),
(6856, 'NuMe Classic Curling Wand', 'NGP001066', 539, NULL, 'Screenshot_20250307_164218_Amazon Shopping.jpg', 12000.00, '', 1),
(6857, 'LGLQN brush ', 'NGP001067', 539, NULL, '71+KibxiaTL.jpg', 1500.00, '', 1),
(6858, 'Hot Brush', 'NGP001068', 539, NULL, 'BC37NC_1.jpg', 4000.00, '', 1),
(6859, 'REVLON Compact Hair Dryer ', 'NGP001069', 539, NULL, 's-l1200 - 2025-03-07T165004.320.webp', 6000.00, '', 1),
(6860, 'Conair Infiniti ', 'NGP001070', 539, NULL, '41q8TtDsFaL.jpg', 5500.00, '', 1),
(6861, 'Lure soft curlers just roll & twist', 'NGP001071', 539, NULL, 's-l1200 - 2025-03-07T165400.574.webp', 2500.00, '', 1),
(6862, 'USHA Metallic  Hair Styler Machine Brush', 'NGP001072', 539, NULL, '41v6IZJjeNL._AC_UF894,1000_QL80_ (1).jpg', 10000.00, '', 1),
(6863, 'Cool air styler', 'NGP001073', 539, NULL, 's-l1600 (19).jpg', 10000.00, '', 1),
(6864, 'Infiniti Pro Conair 1 1/4\\\" Tourmaline', 'NGP001074', 539, NULL, 's-l1200 - 2025-03-07T170033.217.webp', 15000.00, '', 1),
(6866, 'Classic Revlon Ceramic Hair Straightener Flat Iron', 'NGP001075', 539, NULL, '20231106-183157.jpg', 5000.00, '', 1),
(6867, 'Hair brush ', 'NGP001076', 539, NULL, 'Screenshot_20250307_171022_Amazon Shopping.jpg', 10000.00, '', 1),
(6868, 'TIGI Bed Head Wave Artist Hair', 'NGP001077', 539, NULL, 's-l1200 - 2025-03-07T171342.943.webp', 7500.00, '', 1),
(6869, 'Hair braider', 'NGP001078', 539, NULL, '41I1yPxNj2L.jpg', 5000.00, '', 1),
(6870, 'HOT TOOLS 24K Gold Professional', 'NGP001079', 539, NULL, 's-l1200 - 2025-03-07T171934.359.webp', 12000.00, '', 1),
(6871, 'Hair brush ', 'NGP001080', 539, NULL, '81qtN7NkEiL.jpg', 18000.00, '', 1),
(6872, 'Conair Fashion ', 'NGP001081', 539, NULL, 'Screenshot_20250307_172243_Chrome.jpg', 5000.00, '', 1),
(6873, 'Instyler Curling Iron Rotating Spin Brush Hot ', 'NGP001082', 539, NULL, 'IMG-20250307-WA0129.jpg', 6500.00, '', 1),
(6874, 'Health and beauty ', 'NGP001083', 539, NULL, '00V0V_3WJEb8kccPt_0CI0t2_600x450.jpg', 3000.00, '', 1),
(6875, 'Kit hair care', 'NGP001084', 539, NULL, 'm43894421746_1.jpg', 8000.00, '', 1),
(6876, 'Helen of Troy Professional Salon', 'NGP001085', 539, NULL, 's-l1200 - 2025-03-09T100037.136.webp', 2500.00, '', 1),
(6877, 'Vidal Sassoon Travel Hair Dryer', 'NGP001086', 539, NULL, 's-l1200 - 2025-03-09T100156.863.webp', 3500.00, '', 1),
(6878, 'Hair curler', 'NGP001087', 539, NULL, '610MWh-+1tL._AC_UF894,1000_QL80_.jpg', 15000.00, '', 2),
(6879, 'Serving set ', 'NGP001088', 549, NULL, 'FB_IMG_1741529578555.jpg', 4800.00, '', 1),
(6880, 'wares set', 'NGP001089', 539, NULL, 's-l1200 - 2025-03-09T102244.273.webp', 13400.00, '', 1),
(6881, 'wares set', 'NGP001090', 549, NULL, 'FB_IMG_1741530876656.jpg', 8000.00, '', 1),
(6882, 'Egg serving plates ', 'NGP001091', 232, NULL, '81TKvh1ziGL._AC_UF894,1000_QL80_.jpg', 800.00, '', 31),
(6883, ' Nesting Mixing Bowl set', 'NGP001092', 549, NULL, 's-l1200 - 2025-03-09T104517.967.webp', 5800.00, '', 1),
(6884, 'Flower ', 'NGP001093', 500, NULL, 'blackflowerpot-homehatchpk_cc823d91-12fa-4553-895d-ed87958252d0.jpg', 2000.00, '', 1),
(6885, 'Planter pots', 'NGP001094', 500, NULL, 's-l1200 - 2025-03-09T105848.372.webp', 2200.00, '', 1),
(6886, 'Flower $1000', 'NGP001095', 500, NULL, 'blackflowerpot-homehatchpk_cc823d91-12fa-4553-895d-ed87958252d0.jpg', 1000.00, '', 4),
(6887, 'Flower $1200', 'NGP001096', 500, NULL, 'blackflowerpot-homehatchpk_cc823d91-12fa-4553-895d-ed87958252d0.jpg', 1200.00, '', 3),
(6888, 'Glass Screen Protectors', 'NGP001097', 261, NULL, 'm45633505764_4.jpg', 1000.00, '', 376),
(6889, 'Charger $2000', 'NGP001098', 260, NULL, 'uperfect-usb-3.1-type-c-pds-020_2048x2048.png', 2000.00, '', 75),
(6890, 'Charger $1000', 'NGP001099', 260, NULL, 'uperfect-usb-3.1-type-c-pds-020_2048x2048.png', 1000.00, '', 5),
(6891, 'Charger $2500', 'NGP001100', 260, NULL, 'uperfect-usb-3.1-type-c-pds-020_2048x2048.png', 2500.00, '', 18),
(6892, 'Charger $1500', 'NGP001101', 260, NULL, 'uperfect-usb-3.1-type-c-pds-020_2048x2048.png', 1500.00, '', 216),
(6893, 'Charger $2600', 'NGP001102', 260, NULL, 'uperfect-usb-3.1-type-c-pds-020_2048x2048.png', 2600.00, '', 3),
(6894, 'Pop sockets ', 'NGP001103', 553, NULL, 's-l1200 - 2025-03-11T112039.583.webp', 1500.00, '', 2),
(6895, 'Your one stop sales resource', 'NGP001104', 553, NULL, '669114ebf569240f4152751f-smart-wristband-digital-business-card.jpg', 2000.00, '', 2),
(6896, 'PHONE CASE $2000', 'NGP001105', 558, NULL, 'download.jpeg', 2000.00, 'Pink', 861),
(6898, 'PHONE CASE $3000', 'NGP001106', 250, NULL, 'download.jpeg', 3000.00, 'Purple', 47),
(6899, 'PHONE CASE $1000', 'NGP001107', 180, NULL, 'images.jpeg', 1000.00, 'Red', 134),
(6900, 'Total home', 'NGP001108', 557, NULL, 'IMG-20250308-WA0108.jpg', 2000.00, '', 5),
(6901, 'Total home', 'NGP001109', 557, NULL, 'IMG-20250308-WA0110.jpg', 3000.00, '', 9),
(6902, 'Total home', 'NGP001110', 557, NULL, 'IMG-20250308-WA0112.jpg', 4000.00, '', 2),
(6903, 'Total home', 'NGP001111', 557, NULL, 'IMG-20250308-WA0106.jpg', 2000.00, '', 8),
(6904, 'Total home', 'NGP001112', 557, NULL, 'IMG-20250308-WA0102.jpg', 2000.00, '', 6),
(6905, 'Total home', 'NGP001113', 557, NULL, 'IMG-20250308-WA0112.jpg', 4000.00, '', 9),
(6906, 'Bulbs ', 'NGP001114', 557, NULL, 'FB_IMG_1741815911758.jpg', 1000.00, '', 12);

-- --------------------------------------------------------

--
-- Table structure for table `purchase_invoices`
--

CREATE TABLE `purchase_invoices` (
  `invoice_id` int NOT NULL,
  `vendor_name` varchar(255) CHARACTER SET utf8mb4 COLLATE utf8mb4_0900_ai_ci DEFAULT NULL,
  `mobile` varchar(15) DEFAULT NULL,
  `address` text,
  `invoice_date` timestamp NULL DEFAULT CURRENT_TIMESTAMP,
  `total_amount` varchar(255) DEFAULT NULL
) ENGINE=InnoDB DEFAULT CHARSET=utf8mb4 COLLATE=utf8mb4_0900_ai_ci;

-- --------------------------------------------------------

--
-- Table structure for table `purchase_items`
--

CREATE TABLE `purchase_items` (
  `item_id` int NOT NULL,
  `invoice_id` int DEFAULT NULL,
  `product_id` int DEFAULT NULL,
  `quantity` int DEFAULT NULL,
  `total_price` decimal(10,2) DEFAULT NULL
) ENGINE=InnoDB DEFAULT CHARSET=utf8mb4 COLLATE=utf8mb4_0900_ai_ci;

--
-- Dumping data for table `purchase_items`
--

INSERT INTO `purchase_items` (`item_id`, `invoice_id`, `product_id`, `quantity`, `total_price`) VALUES
(2, 2, 5523, 5, 2500.00);

-- --------------------------------------------------------

--
-- Table structure for table `sales_invoices`
--

CREATE TABLE `sales_invoices` (
  `invoice_id` int NOT NULL,
  `customer_name` varchar(255) DEFAULT NULL,
  `mobile` varchar(15) DEFAULT NULL,
  `address` text,
  `invoice_date` timestamp NULL DEFAULT CURRENT_TIMESTAMP,
  `total_amount` varchar(255) DEFAULT NULL
) ENGINE=InnoDB DEFAULT CHARSET=utf8mb4 COLLATE=utf8mb4_0900_ai_ci;

--
-- Dumping data for table `sales_invoices`
--

INSERT INTO `sales_invoices` (`invoice_id`, `customer_name`, `mobile`, `address`, `invoice_date`, `total_amount`) VALUES
(5, 'MISS ROSE', '6941965', '', '2025-02-10 22:48:03', '2000'),
(6, 'DONITA ', '671-1299', '', '2025-02-13 20:44:08', '2000'),
(8, 'NEW CUSTOMER ', '0000000', '', '2025-02-15 18:26:27', '3000'),
(9, 'CHRISTINA ', '7061583', '', '2025-02-15 19:44:03', '2000'),
(10, 'NO NAME CUSTOMER ', '000-0000', '', '2025-02-16 19:33:48', '8000'),
(11, 'GOVIN', '615-9724', '', '2025-02-16 21:55:42', '5000'),
(12, 'NEW CUSTOMER ', '0000000', '', '2025-02-16 21:57:29', '2000'),
(14, 'JARED ', '601-0854', '', '2025-02-17 19:17:46', '1000'),
(15, 'R PAUL ', '707-1159', '', '2025-02-17 19:20:24', '1000'),
(16, 'NEW CUSTOMER', '0000000', '', '2025-02-17 19:23:55', '1000'),
(17, 'SEON ', '672-4932', '', '2025-02-17 21:35:41', '36000'),
(18, '', '', '', '2025-02-17 22:38:19', '7000'),
(19, 'SHANTA', '327-7455', '', '2025-02-18 23:01:25', '1000'),
(20, 'NIKKI', '6977978', '', '2025-02-18 23:06:42', '5000'),
(21, 'ANDREW ', '697-3894', '', '2025-02-18 23:17:38', '13000'),
(23, 'ANELA', '669-6994', '', '2025-02-18 23:26:55', '15000'),
(24, 'KAVITA ', '628-7991', '', '2025-02-19 22:38:56', '2500'),
(25, 'NO NAME CUSTOMER', '0000000', '', '2025-02-19 22:40:24', '2000'),
(27, 'KAVITA', '6287991', '', '2025-02-19 22:49:06', '2000'),
(30, 'SOUDIE', '672-2309', '', '2025-02-19 23:02:04', '8000'),
(31, 'SOUDIE', '672-2309', '', '2025-02-19 23:04:26', '8000'),
(35, 'SEAN ', '692-5863', '', '2025-02-19 23:07:28', '1000'),
(40, 'BOY', '621-5271', '', '2025-02-19 23:12:11', '7000'),
(41, 'JENNIFER', '705-8338', '', '2025-02-20 18:02:58', '6000'),
(44, 'JENNIFER', '705-8338', '', '2025-02-20 19:47:43', '9000'),
(45, 'CANDEIC', ' 619-0815', '', '2025-02-20 21:59:58', '4000'),
(46, 'NADIA ALLYSHA JACOPS', '2342282883', '', '2025-02-22 22:40:34', '70500'),
(47, 'jimmy', '621-3264', '', '2025-02-22 22:43:53', '4000'),
(49, 'MICHEAL ', '724-1045', '', '2025-02-24 21:31:38', '1000'),
(50, 'ALEXIS', '604-9006', '', '2025-02-24 21:37:25', '2000'),
(51, 'DIAN', '656-7000', '', '2025-02-24 21:38:46', '6000'),
(52, 'SHEROL', '639-7361', '', '2025-02-24 21:40:15', '2000'),
(53, 'JASMINE', '722-7678', '', '2025-02-24 21:43:07', '2000'),
(55, 'CAMILLE', '658-0051', '', '2025-02-24 21:46:04', '8000'),
(57, 'SLOW', '683-8344', '', '2025-02-24 22:10:08', '24600'),
(58, 'NARESHO ', '646-8179', '', '2025-02-24 22:12:50', '1000'),
(59, 'JOYCELYN ', '671-4645', '', '2025-02-24 22:14:38', '2000'),
(61, 'LATIFAN', '327-7705', '', '2025-02-24 22:16:44', '2000'),
(63, 'RICHLYN ', '704-4337', '', '2025-02-24 22:17:41', '1000'),
(64, 'V SHIGH ', '326-0715', '', '2025-02-24 22:26:56', '6000'),
(65, 'JUNE', '665-1772', '', '2025-03-08 19:40:05', '3000'),
(66, 'KISHAN', '697-3895', '', '2025-03-08 19:52:08', '9000'),
(67, 'CAROL TRIM ', '600-8605', '', '2025-03-08 20:07:10', '82200'),
(68, 'SHAVANIE ', '691-2572', '', '2025-03-08 20:22:10', '5800'),
(69, 'CAROL ', '687-3541', '', '2025-03-08 20:28:35', '8000'),
(70, '', '', '', '2025-03-08 21:20:23', '86000'),
(71, 'DAVIS ', '638-3810', '', '2025-03-08 21:42:32', '38000'),
(72, '', '', '', '2025-03-08 22:09:13', '40000'),
(73, 'DIANA ', '656-7000', '', '2025-03-08 22:23:43', '14000');

-- --------------------------------------------------------

--
-- Table structure for table `sales_items`
--

CREATE TABLE `sales_items` (
  `item_id` int NOT NULL,
  `invoice_id` int DEFAULT NULL,
  `product_id` int DEFAULT NULL,
  `quantity` int DEFAULT NULL,
  `total_price` decimal(10,2) DEFAULT NULL
) ENGINE=InnoDB DEFAULT CHARSET=utf8mb4 COLLATE=utf8mb4_0900_ai_ci;

--
-- Dumping data for table `sales_items`
--

INSERT INTO `sales_items` (`item_id`, `invoice_id`, `product_id`, `quantity`, `total_price`) VALUES
(4, 6, 5825, 1, 2000.00),
(6, 8, 5663, 1, 1000.00),
(7, 8, 6157, 1, 2000.00),
(8, 9, 6002, 1, 2000.00),
(9, 10, 6002, 3, 6000.00),
(10, 10, 5944, 1, 2000.00),
(11, 11, 6195, 5, 5000.00),
(12, 12, 5788, 1, 2000.00),
(14, 14, 6026, 1, 1000.00),
(15, 15, 6152, 1, 1000.00),
(16, 16, 5994, 1, 1000.00),
(17, 17, 6002, 15, 30000.00),
(18, 17, 6256, 3, 6000.00),
(19, 18, 6193, 1, 1000.00),
(20, 18, 6002, 1, 2000.00),
(21, 18, 6251, 2, 4000.00),
(22, 19, 6179, 1, 1000.00),
(23, 20, 6179, 2, 2000.00),
(24, 20, 6256, 1, 2000.00),
(25, 20, 6247, 1, 1000.00),
(26, 21, 6169, 1, 5000.00),
(27, 21, 6238, 3, 6000.00),
(28, 21, 6117, 1, 2000.00),
(33, 23, 6235, 9, 9000.00),
(34, 23, 6198, 2, 2000.00),
(35, 23, 6197, 2, 2000.00),
(36, 23, 6254, 1, 2000.00),
(37, 24, 6228, 1, 2500.00),
(38, 25, 6381, 1, 2000.00),
(40, 27, 6198, 2, 2000.00),
(41, 30, 6198, 2, 2000.00),
(42, 30, 6117, 3, 6000.00),
(43, 31, 6117, 3, 6000.00),
(44, 31, 6198, 2, 2000.00),
(49, 35, 6152, 1, 1000.00),
(54, 40, 6152, 1, 1000.00),
(55, 40, 6238, 3, 6000.00),
(56, 41, 6316, 3, 6000.00),
(59, 44, 5991, 1, 1000.00),
(60, 44, 5944, 1, 2000.00),
(61, 44, 6263, 1, 2000.00),
(62, 44, 6334, 2, 2000.00),
(63, 44, 5752, 1, 2000.00),
(64, 45, 6213, 1, 1000.00),
(65, 45, 6194, 1, 1000.00),
(66, 45, 6251, 1, 2000.00),
(67, 46, 6002, 11, 22000.00),
(68, 46, 6157, 1, 2000.00),
(69, 46, 6200, 2, 2000.00),
(70, 46, 6256, 6, 12000.00),
(71, 46, 6251, 6, 12000.00),
(72, 46, 6382, 1, 1000.00),
(73, 46, 6334, 3, 3000.00),
(74, 46, 6213, 2, 2000.00),
(75, 46, 6241, 1, 2000.00),
(76, 46, 6224, 1, 2500.00),
(77, 46, 6198, 2, 2000.00),
(78, 46, 6262, 2, 4000.00),
(79, 46, 6221, 2, 2000.00),
(80, 46, 6220, 1, 2000.00),
(81, 47, 6196, 2, 2000.00),
(82, 47, 6193, 2, 2000.00),
(85, 49, 6196, 1, 1000.00),
(86, 50, 6174, 1, 2000.00),
(87, 51, 6254, 3, 6000.00),
(88, 52, 6201, 1, 2000.00),
(89, 53, 6002, 1, 2000.00),
(92, 55, 6172, 1, 3000.00),
(93, 55, 6213, 5, 5000.00),
(101, 57, 6329, 1, 5000.00),
(102, 57, 6251, 5, 10000.00),
(103, 57, 6254, 2, 4000.00),
(104, 57, 6179, 2, 2000.00),
(105, 57, 6213, 2, 2000.00),
(106, 57, 6361, 1, 600.00),
(107, 57, 6382, 1, 1000.00),
(108, 58, 6038, 1, 1000.00),
(109, 59, 6381, 1, 2000.00),
(111, 61, 6183, 1, 2000.00),
(113, 63, 6360, 1, 1000.00),
(114, 64, 6179, 1, 1000.00),
(115, 64, 6218, 1, 2000.00),
(116, 64, 6254, 1, 2000.00),
(117, 64, 6213, 1, 1000.00),
(118, 65, 6193, 2, 2000.00),
(119, 65, 6213, 1, 1000.00),
(120, 66, 6179, 3, 3000.00),
(121, 66, 6256, 3, 6000.00),
(122, 67, 6705, 1, 1200.00),
(123, 67, 6002, 20, 40000.00),
(124, 67, 6117, 2, 4000.00),
(125, 67, 6233, 3, 3000.00),
(126, 67, 6220, 12, 24000.00),
(127, 67, 6198, 4, 4000.00),
(128, 67, 5694, 3, 6000.00),
(129, 68, 6211, 3, 1800.00),
(130, 68, 6205, 2, 2000.00),
(131, 68, 6207, 2, 2000.00),
(132, 69, 6183, 1, 2000.00),
(133, 69, 6200, 1, 1000.00),
(134, 69, 6244, 1, 2000.00),
(135, 69, 6616, 1, 1000.00),
(136, 69, 6218, 1, 2000.00),
(137, 70, 6231, 10, 6000.00),
(138, 70, 6197, 3, 3000.00),
(139, 70, 6216, 1, 1000.00),
(140, 70, 6230, 3, 7500.00),
(141, 70, 6171, 1, 4000.00),
(142, 70, 6616, 6, 6000.00),
(143, 70, 6182, 12, 12000.00),
(144, 70, 6274, 1, 2000.00),
(145, 70, 6238, 3, 6000.00),
(146, 70, 6196, 1, 1000.00),
(147, 70, 6233, 2, 2000.00),
(148, 70, 6234, 1, 1500.00),
(149, 70, 6256, 7, 14000.00),
(150, 70, 5678, 1, 4000.00),
(151, 70, 6181, 1, 2000.00),
(152, 71, 6174, 1, 2000.00),
(153, 71, 6226, 1, 2500.00),
(154, 71, 6228, 1, 2500.00),
(155, 71, 6214, 1, 2000.00),
(156, 71, 6207, 1, 1000.00),
(157, 71, 6247, 1, 1000.00),
(158, 71, 6362, 1, 1000.00),
(159, 71, 6251, 1, 2000.00),
(160, 71, 6198, 2, 2000.00),
(161, 71, 6334, 5, 5000.00),
(162, 71, 6335, 1, 2000.00),
(163, 71, 6799, 6, 15000.00),
(164, 72, 6382, 2, 2000.00),
(165, 72, 6217, 2, 2000.00),
(166, 72, 6254, 4, 8000.00),
(167, 72, 6183, 5, 10000.00),
(168, 72, 6251, 3, 6000.00),
(169, 72, 6316, 3, 6000.00),
(170, 72, 6567, 3, 3000.00),
(171, 72, 6220, 1, 2000.00),
(172, 72, 6152, 1, 1000.00),
(173, 73, 6552, 2, 2400.00),
(174, 73, 6198, 1, 1000.00),
(175, 73, 6181, 1, 2000.00),
(176, 73, 6204, 1, 600.00),
(177, 73, 6324, 1, 6000.00),
(178, 73, 6179, 2, 2000.00);

-- --------------------------------------------------------

--
-- Table structure for table `tbl_loginactivity`
--

CREATE TABLE `tbl_loginactivity` (
  `la_id` int NOT NULL,
  `u_id` int DEFAULT NULL,
  `login_time` timestamp NULL DEFAULT CURRENT_TIMESTAMP,
  `ip_address` varchar(45) DEFAULT NULL
) ENGINE=InnoDB DEFAULT CHARSET=utf8mb4 COLLATE=utf8mb4_0900_ai_ci;

--
-- Dumping data for table `tbl_loginactivity`
--

INSERT INTO `tbl_loginactivity` (`la_id`, `u_id`, `login_time`, `ip_address`) VALUES
(1, 4, '2024-03-12 03:15:49', NULL),
(2, 4, '2024-03-12 03:23:38', NULL),
(3, 4, '2024-03-12 04:05:21', NULL),
(4, 4, '2024-03-12 05:25:02', '42.104.219.70'),
(5, 4, '2024-03-12 06:02:01', '42.104.221.205'),
(6, 4, '2024-03-12 07:33:52', '42.104.218.250'),
(7, 4, '2024-03-12 14:45:15', '42.104.220.59'),
(8, 4, '2024-03-12 14:45:16', '103.206.100.26'),
(9, 5, '2024-03-13 02:13:15', '103.121.70.16'),
(10, 4, '2024-03-13 02:49:39', '103.121.70.16'),
(11, 4, '2024-03-13 02:57:36', '103.121.70.16'),
(12, 4, '2024-03-13 02:57:47', '103.121.70.16'),
(13, 4, '2024-03-13 03:12:16', '42.104.223.249'),
(14, 11, '2024-03-13 03:37:44', '42.104.223.249'),
(15, 11, '2024-03-13 03:38:32', '42.104.223.249'),
(16, 11, '2024-03-13 04:50:56', '42.104.223.249'),
(17, 4, '2024-03-13 05:30:16', '42.104.223.249'),
(18, 4, '2024-03-13 07:34:22', '42.104.223.231'),
(19, 4, '2024-03-13 12:36:23', '42.104.228.136'),
(20, 12, '2024-03-13 12:36:46', '103.206.102.178'),
(21, 4, '2024-03-13 17:17:25', '42.104.220.10'),
(22, 4, '2024-03-13 18:23:58', '42.104.220.10'),
(23, 4, '2024-03-14 03:07:45', '42.104.223.151'),
(24, 4, '2024-03-14 03:25:24', '42.104.223.151'),
(25, 4, '2024-03-14 06:16:11', '42.104.223.151'),
(26, 12, '2024-03-15 03:54:53', '103.206.100.13'),
(27, 12, '2024-03-15 04:12:40', '103.206.100.13'),
(28, 12, '2024-03-15 04:21:47', '103.206.100.13'),
(29, 12, '2024-03-15 04:22:41', '103.206.100.13'),
(30, 12, '2024-03-15 04:25:03', '103.206.100.13'),
(31, 12, '2024-03-15 04:26:07', '103.206.100.13'),
(32, 14, '2024-03-15 04:30:17', '103.206.100.13'),
(33, 14, '2024-03-15 05:02:51', '103.121.70.58'),
(34, 14, '2024-03-15 05:12:30', '103.206.100.13'),
(35, 14, '2024-03-15 06:04:43', '103.113.98.25'),
(36, 16, '2024-03-15 06:04:44', '42.104.221.114'),
(37, 14, '2024-03-15 06:08:27', '103.206.100.13'),
(38, 14, '2024-03-15 06:09:10', '103.113.98.25'),
(39, 14, '2024-03-15 06:09:45', '103.206.100.13'),
(40, 14, '2024-03-15 06:44:05', '103.206.100.13'),
(41, 16, '2024-03-15 07:23:18', '42.104.225.233'),
(42, 14, '2024-03-21 09:08:57', '103.113.98.25'),
(43, 14, '2024-03-28 06:52:03', '49.35.208.243'),
(44, 14, '2024-03-28 07:02:30', '14.102.189.64'),
(45, 14, '2024-03-28 07:08:42', '49.35.208.243');

--
-- Indexes for table `categories`
--
ALTER TABLE `categories`
  ADD PRIMARY KEY (`category_id`);

--
-- Indexes for table `expenses`
--
ALTER TABLE `expenses`
  ADD PRIMARY KEY (`expense_id`);

--
-- Indexes for table `products`
--
ALTER TABLE `products`
  ADD PRIMARY KEY (`product_id`),
  ADD KEY `category_id` (`category_id`),
  ADD KEY `subcategory_id` (`subcategory_id`);

--
-- Indexes for table `purchase_invoices`
--
ALTER TABLE `purchase_invoices`
  ADD PRIMARY KEY (`invoice_id`);

--
-- Indexes for table `purchase_items`
--
ALTER TABLE `purchase_items`
  ADD PRIMARY KEY (`item_id`);

--
-- Indexes for table `sales_invoices`
--
ALTER TABLE `sales_invoices`
  ADD PRIMARY KEY (`invoice_id`);

--
-- Indexes for table `sales_items`
--
ALTER TABLE `sales_items`
  ADD PRIMARY KEY (`item_id`),
  ADD KEY `invoice_id` (`invoice_id`),
  ADD KEY `product_id` (`product_id`);

--
-- Indexes for table `tbl_loginactivity`
--
ALTER TABLE `tbl_loginactivity`
  ADD PRIMARY KEY (`la_id`);

--
-- AUTO_INCREMENT for table `categories`
--
ALTER TABLE `categories`
  MODIFY `category_id` int NOT NULL AUTO_INCREMENT, AUTO_INCREMENT=560;

--
-- AUTO_INCREMENT for table `expenses`
--
ALTER TABLE `expenses`
  MODIFY `expense_id` int NOT NULL AUTO_INCREMENT, AUTO_INCREMENT=4;

--
-- AUTO_INCREMENT for table `products`
--
ALTER TABLE `products`
  MODIFY `product_id` int NOT NULL AUTO_INCREMENT, AUTO_INCREMENT=6907;

--
-- AUTO_INCREMENT for table `purchase_invoices`
--
ALTER TABLE `purchase_invoices`
  MODIFY `invoice_id` int NOT NULL AUTO_INCREMENT, AUTO_INCREMENT=5;

--
-- AUTO_INCREMENT for table `purchase_items`
--
ALTER TABLE `purchase_items`
  MODIFY `item_id` int NOT NULL AUTO_INCREMENT, AUTO_INCREMENT=4;

--
-- AUTO_INCREMENT for table `sales_invoices`
--
ALTER TABLE `sales_invoices`
  MODIFY `invoice_id` int NOT NULL AUTO_INCREMENT, AUTO_INCREMENT=74;

--
-- AUTO_INCREMENT for table `sales_items`
--
ALTER TABLE `sales_items`
  MODIFY `item_id` int NOT NULL AUTO_INCREMENT, AUTO_INCREMENT=179;

--
-- AUTO_INCREMENT for table `tbl_loginactivity`
--
ALTER TABLE `tbl_loginactivity`
  MODIFY `la_id` int NOT NULL AUTO_INCREMENT, AUTO_INCREMENT=46;

--
-- Constraints for dumped tables
--

--
-- Constraints for table `products`
--
ALTER TABLE `products`
  ADD CONSTRAINT `products_ibfk_1` FOREIGN KEY (`category_id`) REFERENCES `categories` (`category_id`) ON DELETE CASCADE,
  ADD CONSTRAINT `products_ibfk_2` FOREIGN KEY (`subcategory_id`) REFERENCES `subcategories` (`subcategory_id`) ON DELETE SET NULL;

--
-- Constraints for table `sales_items`
--
ALTER TABLE `sales_items`
  ADD CONSTRAINT `sales_items_ibfk_1` FOREIGN KEY (`invoice_id`) REFERENCES `sales_invoices` (`invoice_id`),
  ADD CONSTRAINT `sales_items_ibfk_2` FOREIGN KEY (`product_id`) REFERENCES `products` (`product_id`);
COMMIT;

